{"id":22331,"date":"2025-06-20T20:33:56","date_gmt":"2025-06-21T00:33:56","guid":{"rendered":"http:\/\/www.multicasa.com.br\/cuiaba\/?post_type=product&#038;p=22331"},"modified":"2026-04-18T10:30:15","modified_gmt":"2026-04-18T14:30:15","slug":"base-registro-de-gaveta-3-4-deca","status":"publish","type":"product","link":"https:\/\/www.multicasa.com.br\/cuiaba\/produto\/base-registro-de-gaveta-3-4-deca\/","title":{"rendered":"Base Registro De Gaveta 3\/4 Deca<br>SKU: 65714"},"content":{"rendered":"<p>A base de registro de gaveta Deca \u00e9 utilizado para interromper todo fluxo de \u00e1gua quando formos realizar alguma manunten\u00e7\u00e3o, ou seja, ele funciona aberto ou fechado. Garantia de qualidade que seu banheiro merece com 10 anos de garantia.  <\/p>\n","protected":false},"excerpt":{"rendered":"<h4 style=\"margin: 0px;padding: 0px 0px 16px;font-family: Lato, sans-serif;font-weight: bold;line-height: 3rem;color: var(--dark-grey3);font-size: 22px;font-style: normal;letter-spacing: normal;text-align: start;text-indent: 0px;text-transform: none\">Informa\u00e7\u00f5es t\u00e9cnicas<\/h4>\n<p><span style=\"margin: 0px;padding: 0px;font-weight: 450;font-size: 14px;line-height: 21px;color: var(--dark-grey2);font-family: Lato, sans-serif;font-style: normal;letter-spacing: normal;text-align: start;text-indent: 0px;text-transform: none\">Produto: BASE REGISTRO GAVETA 3\/4                                                                                                                                                                                                                                                                                    Marca: Deca                                                                                                                                                                                                                                                                                                                            Material: Liga de Cobre (bronze e lat\u00e3o),Pl\u00e1sticos de Engenharia,Elast\u00f4meros                                                                                                                                                                                                                   Cor: Bruto                                                                                                                                                                                                                                                                                                                      Caracter\u00edsticas: Interrompe tudo fluxo de \u00e1gua quando for realizar alguma manunten\u00e7\u00e3o                                                                                                                                                                                Dimens\u00f5es: Altura: 44mm Comprimento: 115mm Largura: 44mm                                                                                                                                                                                                                                      Peso L\u00edquido: 0.294                                                                                                                                                                                                                                                                                                                        Peso Bruto: 0.304                                                                                                                                                                                                                                                                                                                         Bitola de entrada de \u00e1gua: 3\/4&#8243;                                                                                                                                                                                                                                                                                             Press\u00e3o m\u00edn funcionamento mca: 2                                                                                                                                                                                                                                                                                      Press\u00e3o max funcionamento mca: 40                                                              <\/span><\/p>\n","protected":false},"featured_media":24675,"template":"","meta":{"_joinchat":[]},"product_brand":[],"product_cat":[66],"product_tag":[],"class_list":{"0":"post-22331","1":"product","2":"type-product","3":"status-publish","4":"has-post-thumbnail","6":"product_cat-metais-basicos","8":"first","9":"instock","10":"shipping-taxable","11":"purchasable","12":"product-type-simple"},"_links":{"self":[{"href":"https:\/\/www.multicasa.com.br\/cuiaba\/wp-json\/wp\/v2\/product\/22331","targetHints":{"allow":["GET"]}}],"collection":[{"href":"https:\/\/www.multicasa.com.br\/cuiaba\/wp-json\/wp\/v2\/product"}],"about":[{"href":"https:\/\/www.multicasa.com.br\/cuiaba\/wp-json\/wp\/v2\/types\/product"}],"wp:featuredmedia":[{"embeddable":true,"href":"https:\/\/www.multicasa.com.br\/cuiaba\/wp-json\/wp\/v2\/media\/24675"}],"wp:attachment":[{"href":"https:\/\/www.multicasa.com.br\/cuiaba\/wp-json\/wp\/v2\/media?parent=22331"}],"wp:term":[{"taxonomy":"product_brand","embeddable":true,"href":"https:\/\/www.multicasa.com.br\/cuiaba\/wp-json\/wp\/v2\/product_brand?post=22331"},{"taxonomy":"product_cat","embeddable":true,"href":"https:\/\/www.multicasa.com.br\/cuiaba\/wp-json\/wp\/v2\/product_cat?post=22331"},{"taxonomy":"product_tag","embeddable":true,"href":"https:\/\/www.multicasa.com.br\/cuiaba\/wp-json\/wp\/v2\/product_tag?post=22331"}],"curies":[{"name":"wp","href":"https:\/\/api.w.org\/{rel}","templated":true}]}}