{"id":22333,"date":"2025-06-20T20:33:57","date_gmt":"2025-06-21T00:33:57","guid":{"rendered":"http:\/\/www.multicasa.com.br\/cuiaba\/?post_type=product&#038;p=22333"},"modified":"2026-04-24T15:50:19","modified_gmt":"2026-04-24T19:50:19","slug":"base-registro-de-pressao-3-4-deca","status":"publish","type":"product","link":"https:\/\/www.multicasa.com.br\/cuiaba\/produto\/base-registro-de-pressao-3-4-deca\/","title":{"rendered":"Base Registro De Press\u00e3o 3\/4 Deca<br>SKU: 66516"},"content":{"rendered":"<p>A base de registro de press\u00e3o Deca nada mais \u00e9 do que o dispositivo que abre e fecha um chuveiro e permite-se controlar o fluxo da \u00e1gua. Garantia de qualidade que seu banheiro merece com 10 anos de garantia.<\/p>\n","protected":false},"excerpt":{"rendered":"<h4 style=\"margin: 0px;padding: 0px 0px 16px;font-family: Lato, sans-serif;font-weight: bold;line-height: 3rem;color: var(--dark-grey3);font-size: 22px;font-style: normal;letter-spacing: normal;text-align: start;text-indent: 0px;text-transform: none\">Informa\u00e7\u00f5es t\u00e9cnicas<\/h4>\n<p><span style=\"margin: 0px;padding: 0px;font-weight: 450;font-size: 14px;line-height: 21px;color: var(--dark-grey2);font-family: Lato, sans-serif;font-style: normal;letter-spacing: normal;text-align: start;text-indent: 0px;text-transform: none\">Produto: BASE REGISTRO PRESSAO 3\/4                                                                                                                                                                                                                                                                                   Marca: Deca                                                                                                                                                                                                                                                                                                                                  Material: Liga de Cobre (bronze e lat\u00e3o),Pl\u00e1sticos de Engenharia,Elast\u00f4meros                                                                                                                                                                                                                           Cor: Bruto                                                                                                                                                                                                                                                                                                                            Caracter\u00edsticas: dispositivo que abre e fecha o chuveiro permitindo controlar o fluxo de \u00e1gua                                                                                                                                                                                   Dimens\u00f5es:                                                                                                                                                                                                                                                                                                                     Altura: 112mm<br \/>\nComprimento: 44mm<br \/>\nLargura: 56mm                                                                                                                                                                                                                                                                                                                        Peso liquido: 0.259<br \/>\nPeso Bruto: 0.27                                                                                                                                                                                                                                                                                                                            Tipo de Normatiza\u00e7\u00e3o: Volunt\u00e1ria<br \/>\nN\u00famero Norma \/ Decreto: NBR15704-1<br \/>\nBitola de entrada de \u00e1gua: 3\/4&#8243;<br \/>\nPress\u00e3o m\u00edn funcionamento mca: 2<br \/>\nPress\u00e3o max funcionamento mca: 40              <\/span><\/p>\n","protected":false},"featured_media":24676,"template":"","meta":{"_joinchat":[]},"product_brand":[],"product_cat":[66],"product_tag":[],"class_list":{"0":"post-22333","1":"product","2":"type-product","3":"status-publish","4":"has-post-thumbnail","6":"product_cat-metais-basicos","8":"first","9":"instock","10":"shipping-taxable","11":"purchasable","12":"product-type-simple"},"_links":{"self":[{"href":"https:\/\/www.multicasa.com.br\/cuiaba\/wp-json\/wp\/v2\/product\/22333","targetHints":{"allow":["GET"]}}],"collection":[{"href":"https:\/\/www.multicasa.com.br\/cuiaba\/wp-json\/wp\/v2\/product"}],"about":[{"href":"https:\/\/www.multicasa.com.br\/cuiaba\/wp-json\/wp\/v2\/types\/product"}],"wp:featuredmedia":[{"embeddable":true,"href":"https:\/\/www.multicasa.com.br\/cuiaba\/wp-json\/wp\/v2\/media\/24676"}],"wp:attachment":[{"href":"https:\/\/www.multicasa.com.br\/cuiaba\/wp-json\/wp\/v2\/media?parent=22333"}],"wp:term":[{"taxonomy":"product_brand","embeddable":true,"href":"https:\/\/www.multicasa.com.br\/cuiaba\/wp-json\/wp\/v2\/product_brand?post=22333"},{"taxonomy":"product_cat","embeddable":true,"href":"https:\/\/www.multicasa.com.br\/cuiaba\/wp-json\/wp\/v2\/product_cat?post=22333"},{"taxonomy":"product_tag","embeddable":true,"href":"https:\/\/www.multicasa.com.br\/cuiaba\/wp-json\/wp\/v2\/product_tag?post=22333"}],"curies":[{"name":"wp","href":"https:\/\/api.w.org\/{rel}","templated":true}]}}