{"id":22335,"date":"2025-06-20T20:33:57","date_gmt":"2025-06-21T00:33:57","guid":{"rendered":"http:\/\/www.multicasa.com.br\/cuiaba\/?post_type=product&#038;p=22335"},"modified":"2026-03-23T17:00:21","modified_gmt":"2026-03-23T21:00:21","slug":"boia-p-caixa-dagua-metal-3-4-deca","status":"publish","type":"product","link":"https:\/\/www.multicasa.com.br\/cuiaba\/produto\/boia-p-caixa-dagua-metal-3-4-deca\/","title":{"rendered":"Boia P\/ Caixa Dagua Metal 3\/4 Deca<br>SKU: 72818"},"content":{"rendered":"<p>A Boia para caixa d\u00e1gua metal 3\/4 Deca t\u00eam garantia e qualidade da marca. Servem para fechar a entrada do reservat\u00f3rio quando a caixa j\u00e1 est\u00e1 cheia. Quando o reservat\u00f3rio enche, a \u00e1gua empurra a boia para cima ao m\u00e1ximo, fechando a entrada para a \u00e1gua que vem do cano de alimenta\u00e7\u00e3o. <\/p>\n","protected":false},"excerpt":{"rendered":"<h4 style=\"margin: 0px;padding: 0px 0px 16px;font-family: Lato, sans-serif;font-weight: bold;line-height: 3rem;color: var(--dark-grey3);font-size: 22px;font-style: normal;letter-spacing: normal;text-align: start;text-indent: 0px;text-transform: none\">Informa\u00e7\u00f5es t\u00e9cnicas<\/h4>\n<p><span style=\"margin: 0px;padding: 0px;font-weight: 450;font-size: 14px;line-height: 21px;color: var(--dark-grey2);font-family: Lato, sans-serif;font-style: normal;letter-spacing: normal;text-align: start;text-indent: 0px;text-transform: none\">Produto: BOIA CAIXA DAGUA METAL 3\/4                                                                                                                                                                                                                                     Marca: Deca                                                                                                                                                                                                                                                                                       Material: Liga de Cobre (bronze e lat\u00e3o),Pl\u00e1sticos de Engenharia,Elast\u00f4meros                                                                                                                                                                    Cor: Bruto                                                                                                                                                                                                                                                                                           Caracter\u00edsticas: serve para fechar a entrada do reservatorio quando a caixa ja esta cheia                                                                                                                                                 Dimens\u00f5es:                                                                                                                                                                                                                                                                           Altura: 202mm<br \/>\nComprimento: 122mm<br \/>\nLargura: 367mm                                                                                                                                                                                                                                                                 Peso L\u00edquido: 0.283<br \/>\nPeso Bruto: 0.342                                                                                                                                                                                                                                                                            Tipo de Normatiza\u00e7\u00e3o: Volunt\u00e1ria<br \/>\nN\u00famero Norma \/ Decreto: NBR14534<br \/>\nBitola de entrada de \u00e1gua: 3\/4&#8243; &#8211; DN20<br \/>\nPress\u00e3o m\u00edn funcionamento mca: 2<br \/>\nPress\u00e3o max funcionamento mca: 150                           <\/span><\/p>\n","protected":false},"featured_media":24693,"template":"","meta":{"_joinchat":[]},"product_brand":[],"product_cat":[66],"product_tag":[],"class_list":{"0":"post-22335","1":"product","2":"type-product","3":"status-publish","4":"has-post-thumbnail","6":"product_cat-metais-basicos","8":"first","9":"instock","10":"shipping-taxable","11":"purchasable","12":"product-type-simple"},"_links":{"self":[{"href":"https:\/\/www.multicasa.com.br\/cuiaba\/wp-json\/wp\/v2\/product\/22335","targetHints":{"allow":["GET"]}}],"collection":[{"href":"https:\/\/www.multicasa.com.br\/cuiaba\/wp-json\/wp\/v2\/product"}],"about":[{"href":"https:\/\/www.multicasa.com.br\/cuiaba\/wp-json\/wp\/v2\/types\/product"}],"wp:featuredmedia":[{"embeddable":true,"href":"https:\/\/www.multicasa.com.br\/cuiaba\/wp-json\/wp\/v2\/media\/24693"}],"wp:attachment":[{"href":"https:\/\/www.multicasa.com.br\/cuiaba\/wp-json\/wp\/v2\/media?parent=22335"}],"wp:term":[{"taxonomy":"product_brand","embeddable":true,"href":"https:\/\/www.multicasa.com.br\/cuiaba\/wp-json\/wp\/v2\/product_brand?post=22335"},{"taxonomy":"product_cat","embeddable":true,"href":"https:\/\/www.multicasa.com.br\/cuiaba\/wp-json\/wp\/v2\/product_cat?post=22335"},{"taxonomy":"product_tag","embeddable":true,"href":"https:\/\/www.multicasa.com.br\/cuiaba\/wp-json\/wp\/v2\/product_tag?post=22335"}],"curies":[{"name":"wp","href":"https:\/\/api.w.org\/{rel}","templated":true}]}}