{"id":28130,"date":"2025-09-17T16:32:11","date_gmt":"2025-09-17T20:32:11","guid":{"rendered":"https:\/\/www.multicasa.com.br\/cuiaba\/produto\/boia-3-4-para-caixa-dagua-com-haste-tbl10-astra\/"},"modified":"2026-04-10T09:30:38","modified_gmt":"2026-04-10T13:30:38","slug":"boia-3-4-para-caixa-dagua-com-haste-tbl10-astra","status":"publish","type":"product","link":"https:\/\/www.multicasa.com.br\/cuiaba\/produto\/boia-3-4-para-caixa-dagua-com-haste-tbl10-astra\/","title":{"rendered":"Boia 3\/4&#8243; para Caixa D\u00c1gua com Haste TBL10 Astra<br>SKU: 3294501"},"content":{"rendered":"<p>As Boias 3\/4 Astra s\u00e3o fabricadas em alum\u00ednio ou lat\u00e3o e controlam automaticamente o enchimento de reservat\u00f3rios como caixas d?\u00e1gua, fechando a alimenta\u00e7\u00e3o de \u00e1gua ap\u00f3s atingir o n\u00edvel do tanque, garantindo economia e n\u00e3o desperd\u00edcio de \u00e1gua.<\/p>\n","protected":false},"excerpt":{"rendered":"<h4 style=\"margin: 0px;padding: 0px 0px 16px;font-family: Lato, sans-serif;font-weight: bold;line-height: 3rem;color: var(--dark-grey3);font-size: 22px;font-style: normal;letter-spacing: normal;text-align: start;text-indent: 0px;text-transform: none\">Informa\u00e7\u00f5es t\u00e9cnicas<\/h4>\n<p><span style=\"margin: 0px;padding: 0px;font-weight: 450;font-size: 14px;line-height: 21px;color: var(--dark-grey2);font-family: Lato, sans-serif;font-style: normal;letter-spacing: normal;text-align: start;text-indent: 0px;text-transform: none\">Produto: Boia 3\/4 para Caixa D\u00c1gua<br \/>\nMarca: Astra<br \/>\nCor: Branca;<br \/>\nHaste fabricada em alum\u00ednio ou lat\u00e3o;<br \/>\nPress\u00e3o de trabalho: 2 a 100m.c.a. e 2 a 40m.c.a.;<br \/>\nEntradas de: 1\/2&#8243; e 3\/4&#8243;;<br \/>\nComprimento da haste: 25 cm (haste de lat\u00e3o) e 19 cm (haste de alum\u00ednio);<br \/>\nPress\u00e3o de 2 kgf\/cm\u00b2;<br \/>\nC\u00f3digo: TB1234<br \/>\n<\/span><\/p>\n","protected":false},"featured_media":0,"template":"","meta":{"_joinchat":[]},"product_brand":[],"product_cat":[66],"product_tag":[],"class_list":{"0":"post-28130","1":"product","2":"type-product","3":"status-publish","5":"product_cat-metais-basicos","7":"first","8":"instock","9":"shipping-taxable","10":"purchasable","11":"product-type-simple"},"_links":{"self":[{"href":"https:\/\/www.multicasa.com.br\/cuiaba\/wp-json\/wp\/v2\/product\/28130","targetHints":{"allow":["GET"]}}],"collection":[{"href":"https:\/\/www.multicasa.com.br\/cuiaba\/wp-json\/wp\/v2\/product"}],"about":[{"href":"https:\/\/www.multicasa.com.br\/cuiaba\/wp-json\/wp\/v2\/types\/product"}],"wp:attachment":[{"href":"https:\/\/www.multicasa.com.br\/cuiaba\/wp-json\/wp\/v2\/media?parent=28130"}],"wp:term":[{"taxonomy":"product_brand","embeddable":true,"href":"https:\/\/www.multicasa.com.br\/cuiaba\/wp-json\/wp\/v2\/product_brand?post=28130"},{"taxonomy":"product_cat","embeddable":true,"href":"https:\/\/www.multicasa.com.br\/cuiaba\/wp-json\/wp\/v2\/product_cat?post=28130"},{"taxonomy":"product_tag","embeddable":true,"href":"https:\/\/www.multicasa.com.br\/cuiaba\/wp-json\/wp\/v2\/product_tag?post=28130"}],"curies":[{"name":"wp","href":"https:\/\/api.w.org\/{rel}","templated":true}]}}