{"id":28616,"date":"2025-11-05T10:17:14","date_gmt":"2025-11-05T14:17:14","guid":{"rendered":"https:\/\/www.multicasa.com.br\/cuiaba\/produto\/fita-viaflex-pro-5cmx10m-viapol\/"},"modified":"2026-03-24T11:51:09","modified_gmt":"2026-03-24T15:51:09","slug":"fita-viaflex-pro-5cmx10m-viapol","status":"publish","type":"product","link":"https:\/\/www.multicasa.com.br\/cuiaba\/produto\/fita-viaflex-pro-5cmx10m-viapol\/","title":{"rendered":"Fita Viaflex Pro 5CMX10M Viapol<br>SKU: 3594645"},"content":{"rendered":"<p>A Fita Viaflex Pro 5cmx10m da Viapol \u00e9 uma fita imperme\u00e1vel autoadesiva multiuso utilizada para a veda\u00e7\u00e3o e reparo imediato de goteiras e infiltra\u00e7\u00f5es em diversas superf\u00edcies. \u00c9 composta por uma camada de adesivo asf\u00e1ltico com alto teor de elast\u00f4meros e recoberta com uma l\u00e2mina de alum\u00ednio flex\u00edvel<\/p>\n","protected":false},"excerpt":{"rendered":"<h4 style=\"margin: 0px;padding: 0px 0px 16px;font-family: Lato, sans-serif;font-weight: bold;line-height: 3rem;color: var(--dark-grey3);font-size: 22px;font-style: normal;letter-spacing: normal;text-align: start;text-indent: 0px;text-transform: none\">Informa\u00e7\u00f5es t\u00e9cnicas<\/h4>\n<p><span style=\"margin: 0px;padding: 0px;font-weight: 450;font-size: 14px;line-height: 21px;color: var(--dark-grey2);font-family: Lato, sans-serif;font-style: normal;letter-spacing: normal;text-align: start;text-indent: 0px;text-transform: none\">Aplica\u00e7\u00e3o F\u00e1cil e R\u00e1pida: O material \u00e9 de f\u00e1cil manuseio e n\u00e3o requer ferramentas especiais, proporcionando uma solu\u00e7\u00e3o imediata para problemas de infiltra\u00e7\u00e3o.<br \/>\nAdesividade Permanente: Devido ao seu alto teor de elast\u00f4meros, a fita oferece ades\u00e3o permanente \u00e0 superf\u00edcie aplicada.<br \/>\nImpermeabilidade e Resist\u00eancia: \u00c9 totalmente imperme\u00e1vel e resistente \u00e0 \u00e1gua, al\u00e9m de possuir boa resist\u00eancia aos raios solares.<br \/>\nFlexibilidade: A fita \u00e9 flex\u00edvel e mold\u00e1vel, adaptando-se a diferentes contornos e superf\u00edcies.<br \/>\nMultiuso: Adere \u00e0 maioria dos materiais de constru\u00e7\u00e3o civil, como concreto, argamassa, tijolos, telhas (met\u00e1licas, de fibrocimento e concreto), alum\u00ednio, entre outros. <\/span><\/p>\n","protected":false},"featured_media":0,"template":"","meta":{"_joinchat":[]},"product_brand":[],"product_cat":[162],"product_tag":[],"class_list":{"0":"post-28616","1":"product","2":"type-product","3":"status-publish","5":"product_cat-colas-e-cia","7":"first","8":"instock","9":"shipping-taxable","10":"purchasable","11":"product-type-simple"},"_links":{"self":[{"href":"https:\/\/www.multicasa.com.br\/cuiaba\/wp-json\/wp\/v2\/product\/28616","targetHints":{"allow":["GET"]}}],"collection":[{"href":"https:\/\/www.multicasa.com.br\/cuiaba\/wp-json\/wp\/v2\/product"}],"about":[{"href":"https:\/\/www.multicasa.com.br\/cuiaba\/wp-json\/wp\/v2\/types\/product"}],"wp:attachment":[{"href":"https:\/\/www.multicasa.com.br\/cuiaba\/wp-json\/wp\/v2\/media?parent=28616"}],"wp:term":[{"taxonomy":"product_brand","embeddable":true,"href":"https:\/\/www.multicasa.com.br\/cuiaba\/wp-json\/wp\/v2\/product_brand?post=28616"},{"taxonomy":"product_cat","embeddable":true,"href":"https:\/\/www.multicasa.com.br\/cuiaba\/wp-json\/wp\/v2\/product_cat?post=28616"},{"taxonomy":"product_tag","embeddable":true,"href":"https:\/\/www.multicasa.com.br\/cuiaba\/wp-json\/wp\/v2\/product_tag?post=28616"}],"curies":[{"name":"wp","href":"https:\/\/api.w.org\/{rel}","templated":true}]}}