{"id":8221,"date":"2025-06-20T17:30:39","date_gmt":"2025-06-20T21:30:39","guid":{"rendered":"http:\/\/www.multicasa.com.br\/cuiaba\/?post_type=product&#038;p=8221"},"modified":"2026-04-16T12:30:47","modified_gmt":"2026-04-16T16:30:47","slug":"emenda-para-mangueira-1-2-tramontina","status":"publish","type":"product","link":"https:\/\/www.multicasa.com.br\/cuiaba\/produto\/emenda-para-mangueira-1-2-tramontina\/","title":{"rendered":"Emenda para Mangueira 1\/2 Tramontina<br>SKU: 3717038"},"content":{"rendered":"<p>Agora voc\u00ea pode unir duas mangueiras usando a emenda para mangueiras 1\/2?? da Tramontina. Produzida com materiais de alta qualidade, garante uma irriga\u00e7\u00e3o precisa e confi\u00e1vel para voc\u00ea lavar o quintal e ter agilidade nas tarefas de limpeza. Com sistema rosque\u00e1vel, dispensa o uso de ferramentas na montagem. Dispon\u00edvel na cor laranja com verde, mede 50 cm de comprimento.<\/p>\n","protected":false},"excerpt":{"rendered":"<h4 style=\"margin: 0px;padding: 0px 0px 16px;font-family: Lato, sans-serif;font-weight: bold;line-height: 3rem;color: var(--dark-grey3);font-size: 22px;font-style: normal;letter-spacing: normal;text-align: start;text-indent: 0px;text-transform: none\">Informa\u00e7\u00f5es t\u00e9cnicas<\/h4>\n<p><span style=\"margin: 0px;padding: 0px;font-weight: 450;font-size: 14px;line-height: 21px;color: var(--dark-grey2);font-family: Lato, sans-serif;font-style: normal;letter-spacing: normal;text-align: start;text-indent: 0px;text-transform: none\">Produto: Emenda para Mangueira<br \/>\nMarca: Tramontina<br \/>\nModelo: 78510\/500<br \/>\nMaterial: Pl\u00e1stico<br \/>\nCor: Verde, laranja<br \/>\nCaracter\u00edsticas: Compat\u00edvel com mangueiras de 1\/2<br \/>\nSistema rosque\u00e1vel<br \/>\nItens Inclusos: 1 Emenda para Mangueira<br \/>\nMedidas em polegadas: 1\/2&#8243;<br \/>\nDimens\u00f5es do produto (C): 5cm<br \/>\nPeso do produto: 25g<br \/>\n<\/span><\/p>\n","protected":false},"featured_media":8276,"template":"","meta":{"_joinchat":[]},"product_brand":[],"product_cat":[76],"product_tag":[],"class_list":{"0":"post-8221","1":"product","2":"type-product","3":"status-publish","4":"has-post-thumbnail","6":"product_cat-jardinagem","8":"first","9":"instock","10":"shipping-taxable","11":"purchasable","12":"product-type-simple"},"_links":{"self":[{"href":"https:\/\/www.multicasa.com.br\/cuiaba\/wp-json\/wp\/v2\/product\/8221","targetHints":{"allow":["GET"]}}],"collection":[{"href":"https:\/\/www.multicasa.com.br\/cuiaba\/wp-json\/wp\/v2\/product"}],"about":[{"href":"https:\/\/www.multicasa.com.br\/cuiaba\/wp-json\/wp\/v2\/types\/product"}],"wp:featuredmedia":[{"embeddable":true,"href":"https:\/\/www.multicasa.com.br\/cuiaba\/wp-json\/wp\/v2\/media\/8276"}],"wp:attachment":[{"href":"https:\/\/www.multicasa.com.br\/cuiaba\/wp-json\/wp\/v2\/media?parent=8221"}],"wp:term":[{"taxonomy":"product_brand","embeddable":true,"href":"https:\/\/www.multicasa.com.br\/cuiaba\/wp-json\/wp\/v2\/product_brand?post=8221"},{"taxonomy":"product_cat","embeddable":true,"href":"https:\/\/www.multicasa.com.br\/cuiaba\/wp-json\/wp\/v2\/product_cat?post=8221"},{"taxonomy":"product_tag","embeddable":true,"href":"https:\/\/www.multicasa.com.br\/cuiaba\/wp-json\/wp\/v2\/product_tag?post=8221"}],"curies":[{"name":"wp","href":"https:\/\/api.w.org\/{rel}","templated":true}]}}