{"id":8354,"date":"2025-06-20T17:32:11","date_gmt":"2025-06-20T21:32:11","guid":{"rendered":"http:\/\/www.multicasa.com.br\/cuiaba\/?post_type=product&#038;p=8354"},"modified":"2026-04-20T15:30:17","modified_gmt":"2026-04-20T19:30:17","slug":"interruptor-meio-cordao-branco-lorenzetti-2a","status":"publish","type":"product","link":"https:\/\/www.multicasa.com.br\/cuiaba\/produto\/interruptor-meio-cordao-branco-lorenzetti-2a\/","title":{"rendered":"Interruptor Meio Cord\u00e3o Branco Lorenzetti 2A<br>SKU: 1023578"},"content":{"rendered":"<p>O Interruptor Meio Cord\u00e3o Lorenzetti tem pot\u00eancia de 2A e tens\u00e3o m\u00e1xima de 250v, produzido em termopl\u00e1stico na cor branca. Ideal para ser utilizado em abajures, lumin\u00e1rias e outras instala\u00e7\u00f5es el\u00e9tricas.<\/p>\n","protected":false},"excerpt":{"rendered":"<h4 style=\"margin: 0px;padding: 0px 0px 16px;font-family: Lato, sans-serif;font-weight: bold;line-height: 3rem;color: var(--dark-grey3);font-size: 22px;font-style: normal;letter-spacing: normal;text-align: start;text-indent: 0px;text-transform: none\">Informa\u00e7\u00f5es t\u00e9cnicas<\/h4>\n<p><span style=\"margin: 0px;padding: 0px;font-weight: 450;font-size: 14px;line-height: 21px;color: var(--dark-grey2);font-family: Lato, sans-serif;font-style: normal;letter-spacing: normal;text-align: start;text-indent: 0px;text-transform: none\">Produto: Interruptor Meio Cord\u00e3o<br \/>\nMarca: Lorenzetti<br \/>\nMaterial: Termopl\u00e1stico<br \/>\nCor: Branco<br \/>\nUso indicado: Abajur e lumin\u00e1rias<br \/>\nCaracter\u00edsticas: Tens\u00e3o m\u00e1xima de 250v<br \/>\nPara correntes de 2A<br \/>\nItens inclusos: 1 Interruptor Meio Cord\u00e3o<br \/>\n<\/span><\/p>\n","protected":false},"featured_media":8408,"template":"","meta":{"_joinchat":[]},"product_brand":[],"product_cat":[144],"product_tag":[],"class_list":{"0":"post-8354","1":"product","2":"type-product","3":"status-publish","4":"has-post-thumbnail","6":"product_cat-tomadas-e-cia","8":"first","9":"instock","10":"shipping-taxable","11":"purchasable","12":"product-type-simple"},"_links":{"self":[{"href":"https:\/\/www.multicasa.com.br\/cuiaba\/wp-json\/wp\/v2\/product\/8354","targetHints":{"allow":["GET"]}}],"collection":[{"href":"https:\/\/www.multicasa.com.br\/cuiaba\/wp-json\/wp\/v2\/product"}],"about":[{"href":"https:\/\/www.multicasa.com.br\/cuiaba\/wp-json\/wp\/v2\/types\/product"}],"wp:featuredmedia":[{"embeddable":true,"href":"https:\/\/www.multicasa.com.br\/cuiaba\/wp-json\/wp\/v2\/media\/8408"}],"wp:attachment":[{"href":"https:\/\/www.multicasa.com.br\/cuiaba\/wp-json\/wp\/v2\/media?parent=8354"}],"wp:term":[{"taxonomy":"product_brand","embeddable":true,"href":"https:\/\/www.multicasa.com.br\/cuiaba\/wp-json\/wp\/v2\/product_brand?post=8354"},{"taxonomy":"product_cat","embeddable":true,"href":"https:\/\/www.multicasa.com.br\/cuiaba\/wp-json\/wp\/v2\/product_cat?post=8354"},{"taxonomy":"product_tag","embeddable":true,"href":"https:\/\/www.multicasa.com.br\/cuiaba\/wp-json\/wp\/v2\/product_tag?post=8354"}],"curies":[{"name":"wp","href":"https:\/\/api.w.org\/{rel}","templated":true}]}}