{"id":8364,"date":"2025-06-20T17:32:12","date_gmt":"2025-06-20T21:32:12","guid":{"rendered":"http:\/\/www.multicasa.com.br\/cuiaba\/?post_type=product&#038;p=8364"},"modified":"2026-03-30T11:20:37","modified_gmt":"2026-03-30T15:20:37","slug":"juncao-te-soldavel-com-bucha-de-latao-azul-tigre-20mmx1-2","status":"publish","type":"product","link":"https:\/\/www.multicasa.com.br\/cuiaba\/produto\/juncao-te-soldavel-com-bucha-de-latao-azul-tigre-20mmx1-2\/","title":{"rendered":"Jun\u00e7\u00e3o T\u00ea Sold\u00e1vel Com Bucha de Lat\u00e3o Azul Tigre 20mmx1\/2&#8243;<br>SKU: 1142011"},"content":{"rendered":"<p>A Jun\u00e7\u00e3o T\u00ea Sold\u00e1vel Com Bucha de Lat\u00e3o Tigre tem como fun\u00e7\u00e3o fazer a transi\u00e7\u00e3o entre tubula\u00e7\u00f5es pl\u00e1sticas de rosca f\u00eamea e pe\u00e7as met\u00e1licas de rosca macho. Produzida em PVC azul com bitola de 20 mm com 1\/2?.<\/p>\n","protected":false},"excerpt":{"rendered":"<h4 style=\"margin: 0px;padding: 0px 0px 16px;font-family: Lato, sans-serif;font-weight: bold;line-height: 3rem;color: var(--dark-grey3);font-size: 22px;font-style: normal;letter-spacing: normal;text-align: start;text-indent: 0px;text-transform: none\">Informa\u00e7\u00f5es t\u00e9cnicas<\/h4>\n<p><span style=\"margin: 0px;padding: 0px;font-weight: 450;font-size: 14px;line-height: 21px;color: var(--dark-grey2);font-family: Lato, sans-serif;font-style: normal;letter-spacing: normal;text-align: start;text-indent: 0px;text-transform: none\">Produto: Jun\u00e7\u00e3o T\u00ea<br \/>\nMarca: Tigre<br \/>\nMaterial: PVC<br \/>\nBucha de lat\u00e3o<br \/>\nCor: Azul<br \/>\nCaracter\u00edsticas: Sold\u00e1vel<br \/>\nDuas sa\u00eddas<br \/>\nItens inclusos: 1 Jun\u00e7\u00e3o T\u00ea<br \/>\nDi\u00e2metro do produto: 1\/2&#8243; (20mm)<br \/>\n<\/span><\/p>\n","protected":false},"featured_media":8419,"template":"","meta":{"_joinchat":[]},"product_brand":[],"product_cat":[73],"product_tag":[],"class_list":{"0":"post-8364","1":"product","2":"type-product","3":"status-publish","4":"has-post-thumbnail","6":"product_cat-tubos-e-conexoes","8":"first","9":"instock","10":"shipping-taxable","11":"purchasable","12":"product-type-simple"},"_links":{"self":[{"href":"https:\/\/www.multicasa.com.br\/cuiaba\/wp-json\/wp\/v2\/product\/8364","targetHints":{"allow":["GET"]}}],"collection":[{"href":"https:\/\/www.multicasa.com.br\/cuiaba\/wp-json\/wp\/v2\/product"}],"about":[{"href":"https:\/\/www.multicasa.com.br\/cuiaba\/wp-json\/wp\/v2\/types\/product"}],"wp:featuredmedia":[{"embeddable":true,"href":"https:\/\/www.multicasa.com.br\/cuiaba\/wp-json\/wp\/v2\/media\/8419"}],"wp:attachment":[{"href":"https:\/\/www.multicasa.com.br\/cuiaba\/wp-json\/wp\/v2\/media?parent=8364"}],"wp:term":[{"taxonomy":"product_brand","embeddable":true,"href":"https:\/\/www.multicasa.com.br\/cuiaba\/wp-json\/wp\/v2\/product_brand?post=8364"},{"taxonomy":"product_cat","embeddable":true,"href":"https:\/\/www.multicasa.com.br\/cuiaba\/wp-json\/wp\/v2\/product_cat?post=8364"},{"taxonomy":"product_tag","embeddable":true,"href":"https:\/\/www.multicasa.com.br\/cuiaba\/wp-json\/wp\/v2\/product_tag?post=8364"}],"curies":[{"name":"wp","href":"https:\/\/api.w.org\/{rel}","templated":true}]}}