{"id":8534,"date":"2025-06-20T17:34:05","date_gmt":"2025-06-20T21:34:05","guid":{"rendered":"http:\/\/www.multicasa.com.br\/cuiaba\/?post_type=product&#038;p=8534"},"modified":"2026-03-31T10:50:38","modified_gmt":"2026-03-31T14:50:38","slug":"luva-soldavel-em-pvc-com-bucha-de-latao-azul-tigre-25mmx3-4","status":"publish","type":"product","link":"https:\/\/www.multicasa.com.br\/cuiaba\/produto\/luva-soldavel-em-pvc-com-bucha-de-latao-azul-tigre-25mmx3-4\/","title":{"rendered":"Luva Sold\u00e1vel em PVC com Bucha de Lat\u00e3o Azul Tigre 25mmX3\/4<br>SKU: 469114"},"content":{"rendered":"<p>A Luva Sold\u00e1vel Tigre \u00e9 f\u00e1cil de instalar, leve e resistente, utilizada na uni\u00e3o entre tubos e conex\u00f5es. Produzida em PVC azul com bitola de 25 mm x 3\/4?, de f\u00e1cil instala\u00e7\u00e3o sendo soldada a frio, dispensando o uso de ferramentas e equipamentos. Com bucha met\u00e1lica de lat\u00e3o, \u00e9 resistente a produtos qu\u00edmicos, n\u00e3o sofrendo corros\u00e3o oferecendo um eficiente desempenho hidr\u00e1ulico.<\/p>\n","protected":false},"excerpt":{"rendered":"<h4 style=\"margin: 0px;padding: 0px 0px 16px;font-family: Lato, sans-serif;font-weight: bold;line-height: 3rem;color: var(--dark-grey3);font-size: 22px;font-style: normal;letter-spacing: normal;text-align: start;text-indent: 0px;text-transform: none\">Informa\u00e7\u00f5es t\u00e9cnicas<\/h4>\n<p><span style=\"margin: 0px;padding: 0px;font-weight: 450;font-size: 14px;line-height: 21px;color: var(--dark-grey2);font-family: Lato, sans-serif;font-style: normal;letter-spacing: normal;text-align: start;text-indent: 0px;text-transform: none\">Produto: Luva Sold\u00e1vel<br \/>\nMarca: Tigre<br \/>\nMaterial: PVC<br \/>\nBucha de lat\u00e3o<br \/>\nCor: Azul<br \/>\nCaracter\u00edsticas: Press\u00e3o de servi\u00e7o (a 20\u00b0) 7,5 KGF\/CM\u00b2 (75m.C.A.)<br \/>\nAnticorrosivo<br \/>\nSoldadas a frio<br \/>\nNormatizada NBR5648<br \/>\nItens inclusos: 1 Luva Sold\u00e1vel<br \/>\nDi\u00e2metro do produto: 3\/4&#8243; (25mm)<br \/>\n<\/span><\/p>\n","protected":false},"featured_media":25508,"template":"","meta":{"_joinchat":[]},"product_brand":[],"product_cat":[73],"product_tag":[],"class_list":{"0":"post-8534","1":"product","2":"type-product","3":"status-publish","4":"has-post-thumbnail","6":"product_cat-tubos-e-conexoes","8":"first","9":"instock","10":"shipping-taxable","11":"purchasable","12":"product-type-simple"},"_links":{"self":[{"href":"https:\/\/www.multicasa.com.br\/cuiaba\/wp-json\/wp\/v2\/product\/8534","targetHints":{"allow":["GET"]}}],"collection":[{"href":"https:\/\/www.multicasa.com.br\/cuiaba\/wp-json\/wp\/v2\/product"}],"about":[{"href":"https:\/\/www.multicasa.com.br\/cuiaba\/wp-json\/wp\/v2\/types\/product"}],"wp:featuredmedia":[{"embeddable":true,"href":"https:\/\/www.multicasa.com.br\/cuiaba\/wp-json\/wp\/v2\/media\/25508"}],"wp:attachment":[{"href":"https:\/\/www.multicasa.com.br\/cuiaba\/wp-json\/wp\/v2\/media?parent=8534"}],"wp:term":[{"taxonomy":"product_brand","embeddable":true,"href":"https:\/\/www.multicasa.com.br\/cuiaba\/wp-json\/wp\/v2\/product_brand?post=8534"},{"taxonomy":"product_cat","embeddable":true,"href":"https:\/\/www.multicasa.com.br\/cuiaba\/wp-json\/wp\/v2\/product_cat?post=8534"},{"taxonomy":"product_tag","embeddable":true,"href":"https:\/\/www.multicasa.com.br\/cuiaba\/wp-json\/wp\/v2\/product_tag?post=8534"}],"curies":[{"name":"wp","href":"https:\/\/api.w.org\/{rel}","templated":true}]}}