{"id":8813,"date":"2025-06-20T17:37:06","date_gmt":"2025-06-20T21:37:06","guid":{"rendered":"http:\/\/www.multicasa.com.br\/cuiaba\/?post_type=product&#038;p=8813"},"modified":"2026-04-18T09:30:40","modified_gmt":"2026-04-18T13:30:40","slug":"sifao-tubo-flexivel-universal-branco-blukit","status":"publish","type":"product","link":"https:\/\/www.multicasa.com.br\/cuiaba\/produto\/sifao-tubo-flexivel-universal-branco-blukit\/","title":{"rendered":"Sif\u00e3o Tubo Flex\u00edvel Universal Branco Blukit<br>SKU: 4565223"},"content":{"rendered":"<p>O Sif\u00e3o Tubo Flex\u00edvel Universal Branco Blukit \u00e9 fabricado em pl\u00e1stico de engenharia e elast\u00f4meros super resistentes que suportam temperatura de at\u00e9 90\u00b0C. Universal, \u00e9 compat\u00edvel com qualquer tipo de padr\u00e3o, sendo perfeito para o escoamento de \u00e1gua em baixas e altas press\u00f5es. Seu uso correto assegura um ambiente livre dos maus odores do esgoto.<\/p>\n","protected":false},"excerpt":{"rendered":"<h4 style=\"margin: 0px;padding: 0px 0px 16px;font-family: Lato, sans-serif;font-weight: bold;line-height: 3rem;color: var(--dark-grey3);font-size: 22px;font-style: normal;letter-spacing: normal;text-align: start;text-indent: 0px;text-transform: none\">Informa\u00e7\u00f5es t\u00e9cnicas<\/h4>\n<p><span style=\"margin: 0px;padding: 0px;font-weight: 450;font-size: 14px;line-height: 21px;color: var(--dark-grey2);font-family: Lato, sans-serif;font-style: normal;letter-spacing: normal;text-align: start;text-indent: 0px;text-transform: none\">Produto: Sif\u00e3o<br \/>\nMarca: Blukit<br \/>\nMaterial: Pl\u00e1sticos de engenharia<br \/>\nElast\u00f4meros<br \/>\nCor: Branco<br \/>\nCaracter\u00edsticas: Flex\u00edvel<br \/>\nUniversal<br \/>\nBucha de redu\u00e7\u00e3o 1 1\/4&#8243; x 7\/8&#8243;<br \/>\nPorca 1 1\/2&#8243;<br \/>\nTemperatura m\u00e1xima de 90\u00b0C<br \/>\nNormatizado pela ABNT 14162<br \/>\nItens Inclusos: 1 Sif\u00e3o<br \/>\nDi\u00e2metro de sa\u00edda: DN38 X DN40 X DN48 X DN50<br \/>\nDimens\u00f5es do produto (C): 330 \u00e0 720mm<br \/>\nGarantia: 1 ano pelo fabricante<br \/>\n<\/span><\/p>\n","protected":false},"featured_media":8867,"template":"","meta":{"_joinchat":[]},"product_brand":[],"product_cat":[74],"product_tag":[],"class_list":{"0":"post-8813","1":"product","2":"type-product","3":"status-publish","4":"has-post-thumbnail","6":"product_cat-reparos-hidraulicos","8":"first","9":"instock","10":"shipping-taxable","11":"purchasable","12":"product-type-simple"},"_links":{"self":[{"href":"https:\/\/www.multicasa.com.br\/cuiaba\/wp-json\/wp\/v2\/product\/8813","targetHints":{"allow":["GET"]}}],"collection":[{"href":"https:\/\/www.multicasa.com.br\/cuiaba\/wp-json\/wp\/v2\/product"}],"about":[{"href":"https:\/\/www.multicasa.com.br\/cuiaba\/wp-json\/wp\/v2\/types\/product"}],"wp:featuredmedia":[{"embeddable":true,"href":"https:\/\/www.multicasa.com.br\/cuiaba\/wp-json\/wp\/v2\/media\/8867"}],"wp:attachment":[{"href":"https:\/\/www.multicasa.com.br\/cuiaba\/wp-json\/wp\/v2\/media?parent=8813"}],"wp:term":[{"taxonomy":"product_brand","embeddable":true,"href":"https:\/\/www.multicasa.com.br\/cuiaba\/wp-json\/wp\/v2\/product_brand?post=8813"},{"taxonomy":"product_cat","embeddable":true,"href":"https:\/\/www.multicasa.com.br\/cuiaba\/wp-json\/wp\/v2\/product_cat?post=8813"},{"taxonomy":"product_tag","embeddable":true,"href":"https:\/\/www.multicasa.com.br\/cuiaba\/wp-json\/wp\/v2\/product_tag?post=8813"}],"curies":[{"name":"wp","href":"https:\/\/api.w.org\/{rel}","templated":true}]}}