{"id":9784,"date":"2025-06-20T17:47:51","date_gmt":"2025-06-20T21:47:51","guid":{"rendered":"http:\/\/www.multicasa.com.br\/cuiaba\/?post_type=product&#038;p=9784"},"modified":"2026-03-25T15:50:37","modified_gmt":"2026-03-25T19:50:37","slug":"escova-de-unha-skova","status":"publish","type":"product","link":"https:\/\/www.multicasa.com.br\/cuiaba\/produto\/escova-de-unha-skova\/","title":{"rendered":"Escova de Unha Skova<br>SKU: 2132010"},"content":{"rendered":"<p>Deixe suas unhas sempre higienizadas e limpinhas usando a escova de unha Skova. Suas cerdas macias proporcionam excelente limpeza, sem agredir ou machucar a unha e os dedos. Remove a sujeira por baixo das unhas com delicadeza, facilidade e efici\u00eancia.<\/p>\n","protected":false},"excerpt":{"rendered":"<h4 style=\"margin: 0px;padding: 0px 0px 16px;font-family: Lato, sans-serif;font-weight: bold;line-height: 3rem;color: var(--dark-grey3);font-size: 22px;font-style: normal;letter-spacing: normal;text-align: start;text-indent: 0px;text-transform: none\">Informa\u00e7\u00f5es t\u00e9cnicas<\/h4>\n<p><span style=\"margin: 0px;padding: 0px;font-weight: 450;font-size: 14px;line-height: 21px;color: var(--dark-grey2);font-family: Lato, sans-serif;font-style: normal;letter-spacing: normal;text-align: start;text-indent: 0px;text-transform: none\">Produto: Escova de unha<br \/>\nMarca: Bettanin<br \/>\nMaterial: Cabo de pl\u00e1stico<br \/>\nCerdas em polipropileno macias<br \/>\nCor: sortidas<br \/>\nCaracter\u00edsticas: Cerdas macias<br \/>\nItens inclusos: 1 Escova de unha<br \/>\nDimens\u00f5es do produto (A X L X P): 4,5 x 9,5 x 2,5cm<br \/>\n<\/span><\/p>\n","protected":false},"featured_media":9837,"template":"","meta":{"_joinchat":[]},"product_brand":[],"product_cat":[101],"product_tag":[],"class_list":{"0":"post-9784","1":"product","2":"type-product","3":"status-publish","4":"has-post-thumbnail","6":"product_cat-cuidados-pessoais","8":"first","9":"instock","10":"shipping-taxable","11":"purchasable","12":"product-type-simple"},"_links":{"self":[{"href":"https:\/\/www.multicasa.com.br\/cuiaba\/wp-json\/wp\/v2\/product\/9784","targetHints":{"allow":["GET"]}}],"collection":[{"href":"https:\/\/www.multicasa.com.br\/cuiaba\/wp-json\/wp\/v2\/product"}],"about":[{"href":"https:\/\/www.multicasa.com.br\/cuiaba\/wp-json\/wp\/v2\/types\/product"}],"wp:featuredmedia":[{"embeddable":true,"href":"https:\/\/www.multicasa.com.br\/cuiaba\/wp-json\/wp\/v2\/media\/9837"}],"wp:attachment":[{"href":"https:\/\/www.multicasa.com.br\/cuiaba\/wp-json\/wp\/v2\/media?parent=9784"}],"wp:term":[{"taxonomy":"product_brand","embeddable":true,"href":"https:\/\/www.multicasa.com.br\/cuiaba\/wp-json\/wp\/v2\/product_brand?post=9784"},{"taxonomy":"product_cat","embeddable":true,"href":"https:\/\/www.multicasa.com.br\/cuiaba\/wp-json\/wp\/v2\/product_cat?post=9784"},{"taxonomy":"product_tag","embeddable":true,"href":"https:\/\/www.multicasa.com.br\/cuiaba\/wp-json\/wp\/v2\/product_tag?post=9784"}],"curies":[{"name":"wp","href":"https:\/\/api.w.org\/{rel}","templated":true}]}}