{"id":9962,"date":"2025-06-20T17:49:51","date_gmt":"2025-06-20T21:49:51","guid":{"rendered":"http:\/\/www.multicasa.com.br\/cuiaba\/?post_type=product&#038;p=9962"},"modified":"2026-03-26T14:50:49","modified_gmt":"2026-03-26T18:50:49","slug":"organizador-de-fios-e-cabos-1-2-frontec-2m-branco","status":"publish","type":"product","link":"https:\/\/www.multicasa.com.br\/cuiaba\/produto\/organizador-de-fios-e-cabos-1-2-frontec-2m-branco\/","title":{"rendered":"Organizador de Fios e Cabos 1\/2 Frontec 2m Branco<br>SKU: 2148806"},"content":{"rendered":"<p>O Organizador de Fios e Cabos da Frontec vem na cor branco em formato espiral de 1\/2 polegada com 2 metros de comprimento. Possui alta flexibilidade, com padr\u00e3o de espessura de parede e corte para um f\u00e1cil manuseio. Indicado para amarra\u00e7\u00e3o e acomoda\u00e7\u00e3o de chicotes de fios e cabos.<\/p>\n","protected":false},"excerpt":{"rendered":"<h4 style=\"margin: 0px;padding: 0px 0px 16px;font-family: Lato, sans-serif;font-weight: bold;line-height: 3rem;color: var(--dark-grey3);font-size: 22px;font-style: normal;letter-spacing: normal;text-align: start;text-indent: 0px;text-transform: none\">Informa\u00e7\u00f5es t\u00e9cnicas<\/h4>\n<p><span style=\"margin: 0px;padding: 0px;font-weight: 450;font-size: 14px;line-height: 21px;color: var(--dark-grey2);font-family: Lato, sans-serif;font-style: normal;letter-spacing: normal;text-align: start;text-indent: 0px;text-transform: none\">Produto: Organizador de fio<br \/>\nMarca: Frontec<br \/>\nCor: Branco<br \/>\nCaracter\u00edsticas: Possui espessura de 1\/2&#8243;, formato espiral, flex\u00edvel<br \/>\nItens Inclusos: 1 organizador de fio<br \/>\nDimens\u00f5es do produto (L x C): 1\/2&#8243; x 2m                                                                                                            Dimens\u00f5es da embalagem (A x L x P): 25 x 18 x 5cm                                                                                                  Peso: 0,08kg<\/span><\/p>\n","protected":false},"featured_media":10042,"template":"","meta":{"_joinchat":[]},"product_brand":[],"product_cat":[98],"product_tag":[],"class_list":{"0":"post-9962","1":"product","2":"type-product","3":"status-publish","4":"has-post-thumbnail","6":"product_cat-organizadores","8":"first","9":"instock","10":"shipping-taxable","11":"purchasable","12":"product-type-simple"},"_links":{"self":[{"href":"https:\/\/www.multicasa.com.br\/cuiaba\/wp-json\/wp\/v2\/product\/9962","targetHints":{"allow":["GET"]}}],"collection":[{"href":"https:\/\/www.multicasa.com.br\/cuiaba\/wp-json\/wp\/v2\/product"}],"about":[{"href":"https:\/\/www.multicasa.com.br\/cuiaba\/wp-json\/wp\/v2\/types\/product"}],"wp:featuredmedia":[{"embeddable":true,"href":"https:\/\/www.multicasa.com.br\/cuiaba\/wp-json\/wp\/v2\/media\/10042"}],"wp:attachment":[{"href":"https:\/\/www.multicasa.com.br\/cuiaba\/wp-json\/wp\/v2\/media?parent=9962"}],"wp:term":[{"taxonomy":"product_brand","embeddable":true,"href":"https:\/\/www.multicasa.com.br\/cuiaba\/wp-json\/wp\/v2\/product_brand?post=9962"},{"taxonomy":"product_cat","embeddable":true,"href":"https:\/\/www.multicasa.com.br\/cuiaba\/wp-json\/wp\/v2\/product_cat?post=9962"},{"taxonomy":"product_tag","embeddable":true,"href":"https:\/\/www.multicasa.com.br\/cuiaba\/wp-json\/wp\/v2\/product_tag?post=9962"}],"curies":[{"name":"wp","href":"https:\/\/api.w.org\/{rel}","templated":true}]}}