{"id":10198,"date":"2025-06-20T17:52:37","date_gmt":"2025-06-20T21:52:37","guid":{"rendered":"https:\/\/www.multicasa.com.br\/inicio\/?post_type=product&#038;p=10198"},"modified":"2025-08-16T18:17:04","modified_gmt":"2025-08-16T22:17:04","slug":"silicone-neutro-para-metais-e-pedras-cascola-50g","status":"publish","type":"product","link":"https:\/\/www.multicasa.com.br\/inicio\/produto\/silicone-neutro-para-metais-e-pedras-cascola-50g\/","title":{"rendered":"Silicone Neutro para Metais e Pedras Cascola 50g"},"content":{"rendered":"<p>Silicone Neutro Cascola 50g, ideal para metais e pedras, \u00e9 um selante a base de silicone de cura neutra que veda e isola uma grande variedade de materiais, mantendo suas propriedades f\u00edsicas inalteradas ao tempo e a agentes clim\u00e1ticos. Por ser de cura neutra, \u00e9 especialmente recomendado para uso em materiais porosos e n\u00e3o porosos, como veda\u00e7\u00e3o de pedras (como m\u00e1rmores e granitos) e de portas e janelas. Produzido em 100% silicone, tem odor suave, n\u00e3o encolhe, n\u00e3o fissura com o tempo e cont\u00e9m fungicida. Possui tamb\u00e9m resist\u00eancia mec\u00e2nica, ou seja, \u00e9 dif\u00edcil de ser danificado ou removido manualmente.<br \/>\nN\u00e3o adere materiais a base de polietileno, polipropileno e ptfe (resina antiaderente). Este item n\u00e3o \u00e9 indicado para aplica\u00e7\u00e3o em aqu\u00e1rio, colagens de espelhos e vidra\u00e7as estruturais.<\/p>\n","protected":false},"excerpt":{"rendered":"<h4 style=\"margin: 0px;padding: 0px 0px 16px;font-family: Lato, sans-serif;font-weight: bold;line-height: 3rem;color: var(--dark-grey3);font-size: 22px;font-style: normal;letter-spacing: normal;text-align: start;text-indent: 0px;text-transform: none\">Informa\u00e7\u00f5es t\u00e9cnicas<\/h4>\n<p><span style=\"margin: 0px;padding: 0px;font-weight: 450;font-size: 14px;line-height: 21px;color: var(--dark-grey2);font-family: Lato, sans-serif;font-style: normal;letter-spacing: normal;text-align: start;text-indent: 0px;text-transform: none\">Produto: Silicone Neutro<br \/>\nMarca: Cascola<br \/>\nComposi\u00e7\u00e3o: 100% silicone<br \/>\nConte\u00fado: 50g<br \/>\nCaracter\u00edsticas: N\u00e3o encolhe<br \/>\nN\u00e3o fissura com o tempo<br \/>\nCont\u00e9m fungicida<br \/>\nOdor suave<br \/>\nResistente<br \/>\nItens Inclusos: 1 Silicone Neutro<\/span><\/p>\n","protected":false},"featured_media":10257,"template":"","meta":{"_joinchat":[]},"product_brand":[],"product_cat":[147],"product_tag":[],"class_list":{"0":"post-10198","1":"product","2":"type-product","3":"status-publish","4":"has-post-thumbnail","6":"product_cat-basicos","8":"first","9":"outofstock","10":"shipping-taxable","11":"product-type-simple"},"_links":{"self":[{"href":"https:\/\/www.multicasa.com.br\/inicio\/wp-json\/wp\/v2\/product\/10198","targetHints":{"allow":["GET"]}}],"collection":[{"href":"https:\/\/www.multicasa.com.br\/inicio\/wp-json\/wp\/v2\/product"}],"about":[{"href":"https:\/\/www.multicasa.com.br\/inicio\/wp-json\/wp\/v2\/types\/product"}],"wp:featuredmedia":[{"embeddable":true,"href":"https:\/\/www.multicasa.com.br\/inicio\/wp-json\/wp\/v2\/media\/10257"}],"wp:attachment":[{"href":"https:\/\/www.multicasa.com.br\/inicio\/wp-json\/wp\/v2\/media?parent=10198"}],"wp:term":[{"taxonomy":"product_brand","embeddable":true,"href":"https:\/\/www.multicasa.com.br\/inicio\/wp-json\/wp\/v2\/product_brand?post=10198"},{"taxonomy":"product_cat","embeddable":true,"href":"https:\/\/www.multicasa.com.br\/inicio\/wp-json\/wp\/v2\/product_cat?post=10198"},{"taxonomy":"product_tag","embeddable":true,"href":"https:\/\/www.multicasa.com.br\/inicio\/wp-json\/wp\/v2\/product_tag?post=10198"}],"curies":[{"name":"wp","href":"https:\/\/api.w.org\/{rel}","templated":true}]}}