{"id":10202,"date":"2025-06-20T17:52:37","date_gmt":"2025-06-20T21:52:37","guid":{"rendered":"https:\/\/www.multicasa.com.br\/inicio\/?post_type=product&#038;p=10202"},"modified":"2025-08-18T03:03:28","modified_gmt":"2025-08-18T07:03:28","slug":"abracadeira-de-plastico-para-varal-de-teto-secalux-4-unidades","status":"publish","type":"product","link":"https:\/\/www.multicasa.com.br\/inicio\/produto\/abracadeira-de-plastico-para-varal-de-teto-secalux-4-unidades\/","title":{"rendered":"Abra\u00e7adeira de Pl\u00e1stico para Varal de Teto Secalux 4 Unidades"},"content":{"rendered":"<p>Use a Abra\u00e7adeira de Pl\u00e1stico para Varal de Teto da Secalux e pendure suas roupas com seguran\u00e7a. Ideal para deixar seu varal mais leve, basta encaix\u00e1-las \u00e0s buchas para que o peso seja dividido quando o varal de teto estiver ocupado.<\/p>\n","protected":false},"excerpt":{"rendered":"<h4 style=\"margin: 0px;padding: 0px 0px 16px;font-family: Lato, sans-serif;font-weight: bold;line-height: 3rem;color: var(--dark-grey3);font-size: 22px;font-style: normal;letter-spacing: normal;text-align: start;text-indent: 0px;text-transform: none\">Informa\u00e7\u00f5es t\u00e9cnicas<\/h4>\n<p><span style=\"margin: 0px;padding: 0px;font-weight: 450;font-size: 14px;line-height: 21px;color: var(--dark-grey2);font-family: Lato, sans-serif;font-style: normal;letter-spacing: normal;text-align: start;text-indent: 0px;text-transform: none\">Produto: Abra\u00e7adeira<br \/>\nMarca: Secalux<br \/>\nMaterial: Pl\u00e1stico<br \/>\nCor: Branco<br \/>\nUso indicado: Para pendurar varal de teto<br \/>\nItens Inclusos: 4 Abra\u00e7adeiras<br \/>\nDi\u00e2metro do produto: 1,6 cm<br \/>\nDimens\u00f5es do produto (A x L x P): Externo &#8211; 2 x 3,2cm<br \/>\nInterno &#8211; 0,16 x 0,10 x 0,02mm<\/span><\/p>\n","protected":false},"featured_media":10275,"template":"","meta":{"_joinchat":[]},"product_brand":[],"product_cat":[95],"product_tag":[],"class_list":{"0":"post-10202","1":"product","2":"type-product","3":"status-publish","4":"has-post-thumbnail","6":"product_cat-lavanderia","8":"first","9":"instock","10":"shipping-taxable","11":"purchasable","12":"product-type-simple"},"_links":{"self":[{"href":"https:\/\/www.multicasa.com.br\/inicio\/wp-json\/wp\/v2\/product\/10202","targetHints":{"allow":["GET"]}}],"collection":[{"href":"https:\/\/www.multicasa.com.br\/inicio\/wp-json\/wp\/v2\/product"}],"about":[{"href":"https:\/\/www.multicasa.com.br\/inicio\/wp-json\/wp\/v2\/types\/product"}],"wp:featuredmedia":[{"embeddable":true,"href":"https:\/\/www.multicasa.com.br\/inicio\/wp-json\/wp\/v2\/media\/10275"}],"wp:attachment":[{"href":"https:\/\/www.multicasa.com.br\/inicio\/wp-json\/wp\/v2\/media?parent=10202"}],"wp:term":[{"taxonomy":"product_brand","embeddable":true,"href":"https:\/\/www.multicasa.com.br\/inicio\/wp-json\/wp\/v2\/product_brand?post=10202"},{"taxonomy":"product_cat","embeddable":true,"href":"https:\/\/www.multicasa.com.br\/inicio\/wp-json\/wp\/v2\/product_cat?post=10202"},{"taxonomy":"product_tag","embeddable":true,"href":"https:\/\/www.multicasa.com.br\/inicio\/wp-json\/wp\/v2\/product_tag?post=10202"}],"curies":[{"name":"wp","href":"https:\/\/api.w.org\/{rel}","templated":true}]}}

Abraçadeira de Plástico para Varal de Teto Secalux 4 Unidades

<p>Use a Abraçadeira de Plástico para Varal de Teto da Secalux e pendure suas roupas com segurança. Ideal para deixar seu varal mais leve, basta encaixá-las às buchas para que o peso seja dividido quando o varal de teto estiver ocupado.</p>

<h4 style="margin: 0px;padding: 0px 0px 16px;font-family: Lato, sans-serif;font-weight: bold;line-height: 3rem;color: var(--dark-grey3);font-size: 22px;font-style: normal;letter-spacing: normal;text-align: start;text-indent: 0px;text-transform: none">Informações técnicas</h4>
<p><span style="margin: 0px;padding: 0px;font-weight: 450;font-size: 14px;line-height: 21px;color: var(--dark-grey2);font-family: Lato, sans-serif;font-style: normal;letter-spacing: normal;text-align: start;text-indent: 0px;text-transform: none">Produto: Abraçadeira<br />
Marca: Secalux<br />
Material: Plástico<br />
Cor: Branco<br />
Uso indicado: Para pendurar varal de teto<br />
Itens Inclusos: 4 Abraçadeiras<br />
Diâmetro do produto: 1,6 cm<br />
Dimensões do produto (A x L x P): Externo &#8211; 2 x 3,2cm<br />
Interno &#8211; 0,16 x 0,10 x 0,02mm</span></p>
