{"id":10263,"date":"2025-06-20T17:53:22","date_gmt":"2025-06-20T21:53:22","guid":{"rendered":"https:\/\/www.multicasa.com.br\/inicio\/?post_type=product&#038;p=10263"},"modified":"2025-06-20T17:53:59","modified_gmt":"2025-06-20T21:53:59","slug":"kit-barman-em-inox-euro-home-3-pecas","status":"publish","type":"product","link":"https:\/\/www.multicasa.com.br\/inicio\/produto\/kit-barman-em-inox-euro-home-3-pecas\/","title":{"rendered":"Kit Barman em Inox Euro Home 3 Pe\u00e7as"},"content":{"rendered":"<p>O Kit Barman em Inox Euro Home traz praticidade para sua cozinha na hora de preparar seus drinks. O jogo conta com 3 pe\u00e7as em a\u00e7o inox: 1 coqueteleira de 750ml, 1 balde de gelo e 1 pin\u00e7a de gelo. N\u00e3o solta nenhum res\u00edduo nos alimentos e \u00e9 f\u00e1cil de limpar, podendo ir a lava lou\u00e7as, al\u00e9m de ser altamente dur\u00e1vel, higi\u00eanico e de f\u00e1cil limpeza. Se sinta um verdadeiro barman e crie drinks \u00fanicos.<\/p>\n","protected":false},"excerpt":{"rendered":"<h4 style=\"margin: 0px;padding: 0px 0px 16px;font-family: Lato, sans-serif;font-weight: bold;line-height: 3rem;color: var(--dark-grey3);font-size: 22px;font-style: normal;letter-spacing: normal;text-align: start;text-indent: 0px;text-transform: none\">Informa\u00e7\u00f5es t\u00e9cnicas<\/h4>\n<p><span style=\"margin: 0px;padding: 0px;font-weight: 450;font-size: 14px;line-height: 21px;color: var(--dark-grey2);font-family: Lato, sans-serif;font-style: normal;letter-spacing: normal;text-align: start;text-indent: 0px;text-transform: none\">Produto: Kit Barman<br \/>\nMarca: Euro Home<br \/>\nMaterial: A\u00e7o Inox<br \/>\nCor: Prata<br \/>\nCaracter\u00edsticas: Pode ir a lava lou\u00e7as<br \/>\nQuantidade de pe\u00e7as: 3<br \/>\nItens Inclusos: 1 coqueteleira 750ml<br \/>\n1 balde de gelo 1,5L<br \/>\n1 pin\u00e7a de gelo<br \/>\nDimens\u00f5es do produto (A X L): 29 x 14 x 28cm<\/span><\/p>\n","protected":false},"featured_media":10319,"template":"","meta":{"_joinchat":[]},"product_brand":[],"product_cat":[138],"product_tag":[],"class_list":{"0":"post-10263","1":"product","2":"type-product","3":"status-publish","4":"has-post-thumbnail","6":"product_cat-telefones-e-cia","8":"first","9":"outofstock","10":"shipping-taxable","11":"product-type-simple"},"_links":{"self":[{"href":"https:\/\/www.multicasa.com.br\/inicio\/wp-json\/wp\/v2\/product\/10263","targetHints":{"allow":["GET"]}}],"collection":[{"href":"https:\/\/www.multicasa.com.br\/inicio\/wp-json\/wp\/v2\/product"}],"about":[{"href":"https:\/\/www.multicasa.com.br\/inicio\/wp-json\/wp\/v2\/types\/product"}],"wp:featuredmedia":[{"embeddable":true,"href":"https:\/\/www.multicasa.com.br\/inicio\/wp-json\/wp\/v2\/media\/10319"}],"wp:attachment":[{"href":"https:\/\/www.multicasa.com.br\/inicio\/wp-json\/wp\/v2\/media?parent=10263"}],"wp:term":[{"taxonomy":"product_brand","embeddable":true,"href":"https:\/\/www.multicasa.com.br\/inicio\/wp-json\/wp\/v2\/product_brand?post=10263"},{"taxonomy":"product_cat","embeddable":true,"href":"https:\/\/www.multicasa.com.br\/inicio\/wp-json\/wp\/v2\/product_cat?post=10263"},{"taxonomy":"product_tag","embeddable":true,"href":"https:\/\/www.multicasa.com.br\/inicio\/wp-json\/wp\/v2\/product_tag?post=10263"}],"curies":[{"name":"wp","href":"https:\/\/api.w.org\/{rel}","templated":true}]}}