{"id":10267,"date":"2025-06-20T17:53:22","date_gmt":"2025-06-20T21:53:22","guid":{"rendered":"https:\/\/www.multicasa.com.br\/inicio\/?post_type=product&#038;p=10267"},"modified":"2026-04-09T16:20:34","modified_gmt":"2026-04-09T20:20:34","slug":"escada-de-aluminio-mor-6-degraus","status":"publish","type":"product","link":"https:\/\/www.multicasa.com.br\/inicio\/produto\/escada-de-aluminio-mor-6-degraus\/","title":{"rendered":"Escada de Alum\u00ednio Mor 6 Degraus"},"content":{"rendered":"<p>Ideal para pequenos consertos, a Escada de Alum\u00ednio Mor tem 4 degraus com estrutura e chapas em alum\u00ednio e pe\u00e7as pl\u00e1sticas em polipropileno azul de alta resist\u00eancia. Atinge altura de 1,78m e suporta at\u00e9 120kg, sendo que os p\u00e9s s\u00e3o antiderrapantes e o travamento autom\u00e1tico da plataforma superior garante maior estabilidade e seguran\u00e7a durante seu uso. Item indispens\u00e1vel na sua casa.<\/p>\n","protected":false},"excerpt":{"rendered":"<h4 style=\"margin: 0px;padding: 0px 0px 16px;font-family: Lato, sans-serif;font-weight: bold;line-height: 3rem;color: var(--dark-grey3);font-size: 22px;font-style: normal;letter-spacing: normal;text-align: start;text-indent: 0px;text-transform: none\">Informa\u00e7\u00f5es t\u00e9cnicas<\/h4>\n<p><span style=\"margin: 0px;padding: 0px;font-weight: 450;font-size: 14px;line-height: 21px;color: var(--dark-grey2);font-family: Lato, sans-serif;font-style: normal;letter-spacing: normal;text-align: start;text-indent: 0px;text-transform: none\">Produto: Escada de Alum\u00ednio<br \/>\nMarca: Mor<br \/>\nMaterial: Alum\u00ednio; polipropileno<br \/>\nCor: Prata; Azul<br \/>\nCaracter\u00edsticas: 6 degraus; dobr\u00e1vel ; capacidade de peso de 120kg<br \/>\nItens Inclusos: 1 Escada<br \/>\nDimens\u00f5es do produto (A x L x P): 1,78m x 46 x 88cm<\/span><\/p>\n","protected":false},"featured_media":25119,"template":"","meta":{"_joinchat":[]},"product_brand":[],"product_cat":[156],"product_tag":[],"class_list":{"0":"post-10267","1":"product","2":"type-product","3":"status-publish","4":"has-post-thumbnail","6":"product_cat-escadas","8":"first","9":"outofstock","10":"shipping-taxable","11":"purchasable","12":"product-type-simple"},"_links":{"self":[{"href":"https:\/\/www.multicasa.com.br\/inicio\/wp-json\/wp\/v2\/product\/10267","targetHints":{"allow":["GET"]}}],"collection":[{"href":"https:\/\/www.multicasa.com.br\/inicio\/wp-json\/wp\/v2\/product"}],"about":[{"href":"https:\/\/www.multicasa.com.br\/inicio\/wp-json\/wp\/v2\/types\/product"}],"wp:featuredmedia":[{"embeddable":true,"href":"https:\/\/www.multicasa.com.br\/inicio\/wp-json\/wp\/v2\/media\/25119"}],"wp:attachment":[{"href":"https:\/\/www.multicasa.com.br\/inicio\/wp-json\/wp\/v2\/media?parent=10267"}],"wp:term":[{"taxonomy":"product_brand","embeddable":true,"href":"https:\/\/www.multicasa.com.br\/inicio\/wp-json\/wp\/v2\/product_brand?post=10267"},{"taxonomy":"product_cat","embeddable":true,"href":"https:\/\/www.multicasa.com.br\/inicio\/wp-json\/wp\/v2\/product_cat?post=10267"},{"taxonomy":"product_tag","embeddable":true,"href":"https:\/\/www.multicasa.com.br\/inicio\/wp-json\/wp\/v2\/product_tag?post=10267"}],"curies":[{"name":"wp","href":"https:\/\/api.w.org\/{rel}","templated":true}]}}