{"id":10469,"date":"2025-06-20T17:55:42","date_gmt":"2025-06-20T21:55:42","guid":{"rendered":"https:\/\/www.multicasa.com.br\/inicio\/?post_type=product&#038;p=10469"},"modified":"2025-06-20T17:56:32","modified_gmt":"2025-06-20T21:56:32","slug":"organizador-de-comprimidos-semanal-transparente-plasutil","status":"publish","type":"product","link":"https:\/\/www.multicasa.com.br\/inicio\/produto\/organizador-de-comprimidos-semanal-transparente-plasutil\/","title":{"rendered":"Organizador de Comprimidos Semanal Transparente Plas\u00fatil"},"content":{"rendered":"<p>Organizador de Comprimidos Semanal Plas\u00fatil, confeccionado em pl\u00e1stico transparente, armazena os comprimidos e c\u00e1psulas. Organiza os medicamentos por dias da semana para ajudar na administra\u00e7\u00e3o do consumo dos rem\u00e9dios e evitar que esque\u00e7a de tom\u00e1-los.<br \/>\nTraga praticidade para o seu dia a dia e organize seus medicamentos com facilidade!<\/p>\n","protected":false},"excerpt":{"rendered":"<h4 style=\"margin: 0px;padding: 0px 0px 16px;font-family: Lato, sans-serif;font-weight: bold;line-height: 3rem;color: var(--dark-grey3);font-size: 22px;font-style: normal;letter-spacing: normal;text-align: start;text-indent: 0px;text-transform: none\">Informa\u00e7\u00f5es t\u00e9cnicas<\/h4>\n<p><span style=\"margin: 0px;padding: 0px;font-weight: 450;font-size: 14px;line-height: 21px;color: var(--dark-grey2);font-family: Lato, sans-serif;font-style: normal;letter-spacing: normal;text-align: start;text-indent: 0px;text-transform: none\">Produto: Porta comprimidos<br \/>\nMarca: Plas\u00fatil<br \/>\nMaterial: Pl\u00e1stico<br \/>\nCaracter\u00edsticas: Transparente<br \/>\nDividido em dias da semana<br \/>\nItens Inclusos: 1 porta comprimidos<br \/>\nDi\u00e2metro do produto: 7,5cm<br \/>\n<\/span><\/p>\n","protected":false},"featured_media":10542,"template":"","meta":{"_joinchat":[]},"product_brand":[],"product_cat":[98],"product_tag":[],"class_list":{"0":"post-10469","1":"product","2":"type-product","3":"status-publish","4":"has-post-thumbnail","6":"product_cat-organizadores","8":"first","9":"outofstock","10":"shipping-taxable","11":"product-type-simple"},"_links":{"self":[{"href":"https:\/\/www.multicasa.com.br\/inicio\/wp-json\/wp\/v2\/product\/10469","targetHints":{"allow":["GET"]}}],"collection":[{"href":"https:\/\/www.multicasa.com.br\/inicio\/wp-json\/wp\/v2\/product"}],"about":[{"href":"https:\/\/www.multicasa.com.br\/inicio\/wp-json\/wp\/v2\/types\/product"}],"wp:featuredmedia":[{"embeddable":true,"href":"https:\/\/www.multicasa.com.br\/inicio\/wp-json\/wp\/v2\/media\/10542"}],"wp:attachment":[{"href":"https:\/\/www.multicasa.com.br\/inicio\/wp-json\/wp\/v2\/media?parent=10469"}],"wp:term":[{"taxonomy":"product_brand","embeddable":true,"href":"https:\/\/www.multicasa.com.br\/inicio\/wp-json\/wp\/v2\/product_brand?post=10469"},{"taxonomy":"product_cat","embeddable":true,"href":"https:\/\/www.multicasa.com.br\/inicio\/wp-json\/wp\/v2\/product_cat?post=10469"},{"taxonomy":"product_tag","embeddable":true,"href":"https:\/\/www.multicasa.com.br\/inicio\/wp-json\/wp\/v2\/product_tag?post=10469"}],"curies":[{"name":"wp","href":"https:\/\/api.w.org\/{rel}","templated":true}]}}

Organizador de Comprimidos Semanal Transparente Plasútil

<p>Organizador de Comprimidos Semanal Plasútil, confeccionado em plástico transparente, armazena os comprimidos e cápsulas. Organiza os medicamentos por dias da semana para ajudar na administração do consumo dos remédios e evitar que esqueça de tomá-los.<br />
Traga praticidade para o seu dia a dia e organize seus medicamentos com facilidade!</p>

<h4 style="margin: 0px;padding: 0px 0px 16px;font-family: Lato, sans-serif;font-weight: bold;line-height: 3rem;color: var(--dark-grey3);font-size: 22px;font-style: normal;letter-spacing: normal;text-align: start;text-indent: 0px;text-transform: none">Informações técnicas</h4>
<p><span style="margin: 0px;padding: 0px;font-weight: 450;font-size: 14px;line-height: 21px;color: var(--dark-grey2);font-family: Lato, sans-serif;font-style: normal;letter-spacing: normal;text-align: start;text-indent: 0px;text-transform: none">Produto: Porta comprimidos<br />
Marca: Plasútil<br />
Material: Plástico<br />
Características: Transparente<br />
Dividido em dias da semana<br />
Itens Inclusos: 1 porta comprimidos<br />
Diâmetro do produto: 7,5cm<br />
</span></p>
