{"id":10501,"date":"2025-06-20T17:56:06","date_gmt":"2025-06-20T21:56:06","guid":{"rendered":"https:\/\/www.multicasa.com.br\/inicio\/?post_type=product&#038;p=10501"},"modified":"2025-06-20T17:56:51","modified_gmt":"2025-06-20T21:56:51","slug":"telefone-com-fio-com-identificador-de-chamadas-tcf3000-preto-elgin","status":"publish","type":"product","link":"https:\/\/www.multicasa.com.br\/inicio\/produto\/telefone-com-fio-com-identificador-de-chamadas-tcf3000-preto-elgin\/","title":{"rendered":"Telefone com Fio com Identificador de Chamadas TCF3000 Preto Elgin"},"content":{"rendered":"<p>Praticidade e discri\u00e7\u00e3o \u00e9 o que oferece este telefone com fio TC3000 preto da Elgin. O telefone com fio \u00e9 uma op\u00e7\u00e3o complete com identificador de chamadas, viva voz, mem\u00f3ria para 12 n\u00fameros, display iluminado de 16 d\u00edgitos, bloqueio digital ou por chave, rediscagem, flash, mute, hold, discagem pulso, ajustes de toques, contrastes e muito mais. Ele pode ser facilmente montado na parede, ocupando menos espa\u00e7o na sua mesa e h\u00e1 ainda, a op\u00e7\u00e3o de ativar m\u00fasica para a espera, bem como despertador. Um \u00fanico aparelho, in\u00fameras solu\u00e7\u00f5es.<\/p>\n","protected":false},"excerpt":{"rendered":"<h4 style=\"margin: 0px;padding: 0px 0px 16px;font-family: Lato, sans-serif;font-weight: bold;line-height: 3rem;color: var(--dark-grey3);font-size: 22px;font-style: normal;letter-spacing: normal;text-align: start;text-indent: 0px;text-transform: none\">Informa\u00e7\u00f5es t\u00e9cnicas<\/h4>\n<p><span style=\"margin: 0px;padding: 0px;font-weight: 450;font-size: 14px;line-height: 21px;color: var(--dark-grey2);font-family: Lato, sans-serif;font-style: normal;letter-spacing: normal;text-align: start;text-indent: 0px;text-transform: none\">Produto: Telefone com Fio<br \/>\nMarca: Elgin<br \/>\nModelo: TCF3000<br \/>\nCor: Preto<br \/>\nCaracter\u00edsticas: Com identificador de chamadas (contrata\u00e7\u00e3o com a operadora)<br \/>\nAgenda para 12 n\u00fameros<br \/>\n8 tipos de campainha<br \/>\nEspera com m\u00fasica<br \/>\n5 tipos de alarme (despertador)<br \/>\nDisplay hora e data<br \/>\nCalculadora 8 d\u00edgitos<br \/>\nDiscagem por pulse e tom<br \/>\nArmazena tempo de conversa\u00e7\u00e3o das chamadas<br \/>\nDuas teclas de discagem r\u00e1pida e pr\u00e9-programada<br \/>\nArmazena at\u00e9 os 72 \u00faltimos n\u00fameros recebidos e os 16 \u00faltimos n\u00fameros discados<br \/>\nFun\u00e7\u00e3o redial, flash e mute<br \/>\nViva voz<br \/>\nTeclado luminoso<br \/>\nQuantidade de pe\u00e7as: 6<br \/>\nItens inclusos: 1 Telefone com Fio<br \/>\n1 monofone (handset)<br \/>\n1 Cabo telef\u00f4nico de conex\u00e3o com linha<br \/>\n1 Cabo espiral de conex\u00e3o handset<br \/>\n2 Chaves para bloqueio<br \/>\nDimens\u00f5es do produto (A X L X P): 5 x 15 x 20cm<br \/>\n<\/span><\/p>\n","protected":false},"featured_media":10559,"template":"","meta":{"_joinchat":[]},"product_brand":[],"product_cat":[138],"product_tag":[],"class_list":{"0":"post-10501","1":"product","2":"type-product","3":"status-publish","4":"has-post-thumbnail","6":"product_cat-telefones-e-cia","8":"first","9":"outofstock","10":"shipping-taxable","11":"product-type-simple"},"_links":{"self":[{"href":"https:\/\/www.multicasa.com.br\/inicio\/wp-json\/wp\/v2\/product\/10501","targetHints":{"allow":["GET"]}}],"collection":[{"href":"https:\/\/www.multicasa.com.br\/inicio\/wp-json\/wp\/v2\/product"}],"about":[{"href":"https:\/\/www.multicasa.com.br\/inicio\/wp-json\/wp\/v2\/types\/product"}],"wp:featuredmedia":[{"embeddable":true,"href":"https:\/\/www.multicasa.com.br\/inicio\/wp-json\/wp\/v2\/media\/10559"}],"wp:attachment":[{"href":"https:\/\/www.multicasa.com.br\/inicio\/wp-json\/wp\/v2\/media?parent=10501"}],"wp:term":[{"taxonomy":"product_brand","embeddable":true,"href":"https:\/\/www.multicasa.com.br\/inicio\/wp-json\/wp\/v2\/product_brand?post=10501"},{"taxonomy":"product_cat","embeddable":true,"href":"https:\/\/www.multicasa.com.br\/inicio\/wp-json\/wp\/v2\/product_cat?post=10501"},{"taxonomy":"product_tag","embeddable":true,"href":"https:\/\/www.multicasa.com.br\/inicio\/wp-json\/wp\/v2\/product_tag?post=10501"}],"curies":[{"name":"wp","href":"https:\/\/api.w.org\/{rel}","templated":true}]}}