{"id":10571,"date":"2025-06-20T17:56:52","date_gmt":"2025-06-20T21:56:52","guid":{"rendered":"https:\/\/www.multicasa.com.br\/inicio\/?post_type=product&#038;p=10571"},"modified":"2025-12-16T19:16:32","modified_gmt":"2025-12-16T23:16:32","slug":"numero-residencial-3-em-plastico-prata-bemfixa","status":"publish","type":"product","link":"https:\/\/www.multicasa.com.br\/inicio\/produto\/numero-residencial-3-em-plastico-prata-bemfixa\/","title":{"rendered":"N\u00famero Residencial 3 em Pl\u00e1stico Prata Bemfixa"},"content":{"rendered":"<p>Identifique sua casa para receber encomendas e visitas utilizando o n\u00famero residencial 3 de pl\u00e1stico cromado Bemfixa. Autocolante, mede 39 mm e pode ser fixado em portas e port\u00f5es com a fita dupla face que acompanha o algarismo. Fabricado com mat\u00e9ria-prima de qualidade, foi submetido aos controles que garantem durabilidade.<\/p>\n","protected":false},"excerpt":{"rendered":"<h4 style=\"margin: 0px;padding: 0px 0px 16px;font-family: Lato, sans-serif;font-weight: bold;line-height: 3rem;color: var(--dark-grey3);font-size: 22px;font-style: normal;letter-spacing: normal;text-align: start;text-indent: 0px;text-transform: none\">Informa\u00e7\u00f5es t\u00e9cnicas<\/h4>\n<p><span style=\"margin: 0px;padding: 0px;font-weight: 450;font-size: 14px;line-height: 21px;color: var(--dark-grey2);font-family: Lato, sans-serif;font-style: normal;letter-spacing: normal;text-align: start;text-indent: 0px;text-transform: none\"><br \/>\nProduto: N\u00famero Residencial<br \/>\nMarca: Bemfixa<br \/>\nMaterial: Pl\u00e1stico abs<br \/>\nCor: Prata<br \/>\nCaracter\u00edsticas: n\u00ba 3<br \/>\nAdesivo dupla face<br \/>\nItens inclusos: 1 N\u00famero Residencial<br \/>\nDimens\u00f5es do produto (A): 39mm<br \/>\n<\/span><\/p>\n","protected":false},"featured_media":25619,"template":"","meta":{"_joinchat":[]},"product_brand":[],"product_cat":[141],"product_tag":[],"class_list":{"0":"post-10571","1":"product","2":"type-product","3":"status-publish","4":"has-post-thumbnail","6":"product_cat-marcenaria","8":"first","9":"outofstock","10":"shipping-taxable","11":"product-type-simple"},"_links":{"self":[{"href":"https:\/\/www.multicasa.com.br\/inicio\/wp-json\/wp\/v2\/product\/10571","targetHints":{"allow":["GET"]}}],"collection":[{"href":"https:\/\/www.multicasa.com.br\/inicio\/wp-json\/wp\/v2\/product"}],"about":[{"href":"https:\/\/www.multicasa.com.br\/inicio\/wp-json\/wp\/v2\/types\/product"}],"wp:featuredmedia":[{"embeddable":true,"href":"https:\/\/www.multicasa.com.br\/inicio\/wp-json\/wp\/v2\/media\/25619"}],"wp:attachment":[{"href":"https:\/\/www.multicasa.com.br\/inicio\/wp-json\/wp\/v2\/media?parent=10571"}],"wp:term":[{"taxonomy":"product_brand","embeddable":true,"href":"https:\/\/www.multicasa.com.br\/inicio\/wp-json\/wp\/v2\/product_brand?post=10571"},{"taxonomy":"product_cat","embeddable":true,"href":"https:\/\/www.multicasa.com.br\/inicio\/wp-json\/wp\/v2\/product_cat?post=10571"},{"taxonomy":"product_tag","embeddable":true,"href":"https:\/\/www.multicasa.com.br\/inicio\/wp-json\/wp\/v2\/product_tag?post=10571"}],"curies":[{"name":"wp","href":"https:\/\/api.w.org\/{rel}","templated":true}]}}

Número Residencial 3 em Plástico Prata Bemfixa

<p>Identifique sua casa para receber encomendas e visitas utilizando o número residencial 3 de plástico cromado Bemfixa. Autocolante, mede 39 mm e pode ser fixado em portas e portões com a fita dupla face que acompanha o algarismo. Fabricado com matéria-prima de qualidade, foi submetido aos controles que garantem durabilidade.</p>

<h4 style="margin: 0px;padding: 0px 0px 16px;font-family: Lato, sans-serif;font-weight: bold;line-height: 3rem;color: var(--dark-grey3);font-size: 22px;font-style: normal;letter-spacing: normal;text-align: start;text-indent: 0px;text-transform: none">Informações técnicas</h4>
<p><span style="margin: 0px;padding: 0px;font-weight: 450;font-size: 14px;line-height: 21px;color: var(--dark-grey2);font-family: Lato, sans-serif;font-style: normal;letter-spacing: normal;text-align: start;text-indent: 0px;text-transform: none"><br />
Produto: Número Residencial<br />
Marca: Bemfixa<br />
Material: Plástico abs<br />
Cor: Prata<br />
Características: nº 3<br />
Adesivo dupla face<br />
Itens inclusos: 1 Número Residencial<br />
Dimensões do produto (A): 39mm<br />
</span></p>
