{"id":10649,"date":"2025-06-20T17:57:39","date_gmt":"2025-06-20T21:57:39","guid":{"rendered":"https:\/\/www.multicasa.com.br\/inicio\/?post_type=product&#038;p=10649"},"modified":"2025-06-20T17:58:48","modified_gmt":"2025-06-20T21:58:48","slug":"inseticida-eletrico-liquido-raid-com-refil","status":"publish","type":"product","link":"https:\/\/www.multicasa.com.br\/inicio\/produto\/inseticida-eletrico-liquido-raid-com-refil\/","title":{"rendered":"Inseticida El\u00e9trico L\u00edquido Raid com Refil"},"content":{"rendered":"<p>O Inseticida El\u00e9trico L\u00edquido Raid com Refil repele os pernilongos por at\u00e9 45 noites, com abrang\u00eancia de at\u00e9 10 metros quadrados, seja o seu quarto ou sala. Ele n\u00e3o emite fuma\u00e7a, n\u00e3o agride as plantas ou prejudica a sa\u00fade das pessoas e animais. O seu diferencial \u00e9 o uso de refil, podendo ent\u00e3o s\u00f3 mudar este, preservando o aparelho.<br \/>\n\u00c9 ideal para evitar mosquitos que possam trazer doen\u00e7as como dengue e zika. O aparelho \u00e9 bivolt e durante o uso, o l\u00edquido passa a ter uma cor mais forte, sem perder suas caracter\u00edsticas iniciais.<br \/>\nO aparelho s\u00f3 pode ser usado com o refil indicado, o uso de outras subs\u00e2ncias pode aumentar os riscos de libera\u00e7\u00e3o de subst\u00e2ncias t\u00f3xicas ou de inc\u00eandio.<\/p>\n","protected":false},"excerpt":{"rendered":"<h4 style=\"margin: 0px;padding: 0px 0px 16px;font-family: Lato, sans-serif;font-weight: bold;line-height: 3rem;color: var(--dark-grey3);font-size: 22px;font-style: normal;letter-spacing: normal;text-align: start;text-indent: 0px;text-transform: none\">Informa\u00e7\u00f5es t\u00e9cnicas<\/h4>\n<p><span style=\"margin: 0px;padding: 0px;font-weight: 450;font-size: 14px;line-height: 21px;color: var(--dark-grey2);font-family: Lato, sans-serif;font-style: normal;letter-spacing: normal;text-align: start;text-indent: 0px;text-transform: none\">Produto: Inseticida Eletr\u00f4nico<br \/>\nMarca: Raid<br \/>\nCor: Branco<br \/>\nCaracter\u00edsticas: Possui dura\u00e7\u00e3o de at\u00e9 45 noite<br \/>\nS\u00f3 pode ser usado com refil indicado<br \/>\nN\u00e3o deixa cheiro<br \/>\nRaio de 10m\u00b2<br \/>\nQuantidade de pe\u00e7as: 2<br \/>\nItens Inclusos: 1 Inseticida Eletr\u00f4nico<br \/>\n1 refil de 32,9ml<\/span><\/p>\n","protected":false},"featured_media":10739,"template":"","meta":{"_joinchat":[]},"product_brand":[],"product_cat":[132],"product_tag":[],"class_list":{"0":"post-10649","1":"product","2":"type-product","3":"status-publish","4":"has-post-thumbnail","6":"product_cat-inseticidas","8":"first","9":"outofstock","10":"shipping-taxable","11":"product-type-simple"},"_links":{"self":[{"href":"https:\/\/www.multicasa.com.br\/inicio\/wp-json\/wp\/v2\/product\/10649","targetHints":{"allow":["GET"]}}],"collection":[{"href":"https:\/\/www.multicasa.com.br\/inicio\/wp-json\/wp\/v2\/product"}],"about":[{"href":"https:\/\/www.multicasa.com.br\/inicio\/wp-json\/wp\/v2\/types\/product"}],"wp:featuredmedia":[{"embeddable":true,"href":"https:\/\/www.multicasa.com.br\/inicio\/wp-json\/wp\/v2\/media\/10739"}],"wp:attachment":[{"href":"https:\/\/www.multicasa.com.br\/inicio\/wp-json\/wp\/v2\/media?parent=10649"}],"wp:term":[{"taxonomy":"product_brand","embeddable":true,"href":"https:\/\/www.multicasa.com.br\/inicio\/wp-json\/wp\/v2\/product_brand?post=10649"},{"taxonomy":"product_cat","embeddable":true,"href":"https:\/\/www.multicasa.com.br\/inicio\/wp-json\/wp\/v2\/product_cat?post=10649"},{"taxonomy":"product_tag","embeddable":true,"href":"https:\/\/www.multicasa.com.br\/inicio\/wp-json\/wp\/v2\/product_tag?post=10649"}],"curies":[{"name":"wp","href":"https:\/\/api.w.org\/{rel}","templated":true}]}}