{"id":10651,"date":"2025-06-20T17:57:40","date_gmt":"2025-06-20T21:57:40","guid":{"rendered":"https:\/\/www.multicasa.com.br\/inicio\/?post_type=product&#038;p=10651"},"modified":"2025-12-16T18:07:55","modified_gmt":"2025-12-16T22:07:55","slug":"carregador-universal-para-notebook-cb007-multilaser-90w","status":"publish","type":"product","link":"https:\/\/www.multicasa.com.br\/inicio\/produto\/carregador-universal-para-notebook-cb007-multilaser-90w\/","title":{"rendered":"Carregador Universal para Notebook CB007 Multilaser 90W"},"content":{"rendered":"<p>Chega de dificuldades na hora de encontrar o carregagador certo para seu notebook ou ultrabook. Use o carregador universal CB007 da Multilaser e resolva qualquer problema. Com 9 conectores, suas entradas s\u00e3o compat\u00edveis com Dell Inspiron 15, HP Compac 612BR, 611BR, Pavilion DV4, Pavilion DM3, Pavilion DV5, Presario V6210B, CQ40, Acer, Compaq, Fujitsu, HP, IBM, Sony, Toshiba, Hitachi, Asus, Epson e Positivo. Com pot\u00eancia de 90w, tem baixo consumo de energia, bivolt autom\u00e1tico e prote\u00e7\u00e3o contra curto-circuito, superaquecimento e sobrecarga. Al\u00e9m disso, h\u00e1 2 entradas USB extras para carregamento de qualquer outro equipamento. Port\u00e1til e com cabo de 1,2m, pode facilmente ser carregado em bolsas e mochilas.<\/p>\n","protected":false},"excerpt":{"rendered":"<h4 style=\"margin: 0px;padding: 0px 0px 16px;font-family: Lato, sans-serif;font-weight: bold;line-height: 3rem;color: var(--dark-grey3);font-size: 22px;font-style: normal;letter-spacing: normal;text-align: start;text-indent: 0px;text-transform: none\">Informa\u00e7\u00f5es t\u00e9cnicas<\/h4>\n<p><span style=\"margin: 0px;padding: 0px;font-weight: 450;font-size: 14px;line-height: 21px;color: var(--dark-grey2);font-family: Lato, sans-serif;font-style: normal;letter-spacing: normal;text-align: start;text-indent: 0px;text-transform: none\">Produto: Carregador Universal para Notebook<br \/>\nMarca: Multilaser<br \/>\nModelo: CB007<br \/>\nCor: Preto<br \/>\nUso indicado: Atende \u00e0s marcas mais usadas no mercado DELL Inspiron 15, HP Compac 612BR, 611BR, Pavilion DV4, Pavilion DM3, Pavilion DV5, Presario V6210B, CQ40, Acer, Compaq, Fujitsu, HP, IBM, Sony, Toshiba, Hitachi, Asus, Epson e Positivo<br \/>\nPot\u00eancia: 90w<br \/>\nTens\u00e3o el\u00e9trica: Bivolt<br \/>\nCaracter\u00edsticas: Voltagem de entrada 100V 240V AC<br \/>\nVoltagem de sa\u00edda 12V 15V 16V 18V19V 20V 45A MAX 24V 375A MAX<br \/>\nBaixo consumo de energia<br \/>\nProte\u00e7\u00e3o contra curto-circuito, superaquecimento e sobrecarga<br \/>\nFus\u00edvel para prote\u00e7\u00e3o 3.15A<br \/>\nLed Light com 7 indicativos para tens\u00e3o de sa\u00edda<br \/>\nPossui 2 entradas USB extras para carregar outros aparelhos port\u00e1teis<br \/>\nItens Inclusos: 1 Carregador universal para notebook<br \/>\nDimens\u00f5es do produto (A X L X P): 3,5 x 13,5 x 6cm<br \/>\nExtens\u00e3o do Cabo (L) 1,2m<\/span><\/p>\n","protected":false},"featured_media":10740,"template":"","meta":{"_joinchat":[]},"product_brand":[],"product_cat":[130],"product_tag":[],"class_list":{"0":"post-10651","1":"product","2":"type-product","3":"status-publish","4":"has-post-thumbnail","6":"product_cat-informatica","8":"first","9":"outofstock","10":"shipping-taxable","11":"product-type-simple"},"_links":{"self":[{"href":"https:\/\/www.multicasa.com.br\/inicio\/wp-json\/wp\/v2\/product\/10651","targetHints":{"allow":["GET"]}}],"collection":[{"href":"https:\/\/www.multicasa.com.br\/inicio\/wp-json\/wp\/v2\/product"}],"about":[{"href":"https:\/\/www.multicasa.com.br\/inicio\/wp-json\/wp\/v2\/types\/product"}],"wp:featuredmedia":[{"embeddable":true,"href":"https:\/\/www.multicasa.com.br\/inicio\/wp-json\/wp\/v2\/media\/10740"}],"wp:attachment":[{"href":"https:\/\/www.multicasa.com.br\/inicio\/wp-json\/wp\/v2\/media?parent=10651"}],"wp:term":[{"taxonomy":"product_brand","embeddable":true,"href":"https:\/\/www.multicasa.com.br\/inicio\/wp-json\/wp\/v2\/product_brand?post=10651"},{"taxonomy":"product_cat","embeddable":true,"href":"https:\/\/www.multicasa.com.br\/inicio\/wp-json\/wp\/v2\/product_cat?post=10651"},{"taxonomy":"product_tag","embeddable":true,"href":"https:\/\/www.multicasa.com.br\/inicio\/wp-json\/wp\/v2\/product_tag?post=10651"}],"curies":[{"name":"wp","href":"https:\/\/api.w.org\/{rel}","templated":true}]}}