{"id":10729,"date":"2025-06-20T17:58:46","date_gmt":"2025-06-20T21:58:46","guid":{"rendered":"https:\/\/www.multicasa.com.br\/inicio\/?post_type=product&#038;p=10729"},"modified":"2025-06-20T17:59:27","modified_gmt":"2025-06-20T21:59:27","slug":"extensao-eletrica-retratil-3-tomadas-2p-branco-ilumitec-10a-5m","status":"publish","type":"product","link":"https:\/\/www.multicasa.com.br\/inicio\/produto\/extensao-eletrica-retratil-3-tomadas-2p-branco-ilumitec-10a-5m\/","title":{"rendered":"Extens\u00e3o El\u00e9trica Retr\u00e1til 3 Tomadas 2P Branco Ilumitec 10A &#8211; 5m"},"content":{"rendered":"<p>A extens\u00e3o el\u00e9trica retr\u00e1til com 3 tomadas 2P branco Ilumitec possui al\u00e7a para desenrolar e enrolar o fio com praticidade e mede 5m com 10a. Bivolt, suporta tens\u00e3o el\u00e9trica de 127v e 250v e permite que at\u00e9 3 aparelhos sejam plugados simult\u00e2neamente.<\/p>\n","protected":false},"excerpt":{"rendered":"<h4 style=\"margin: 0px;padding: 0px 0px 16px;font-family: Lato, sans-serif;font-weight: bold;line-height: 3rem;color: var(--dark-grey3);font-size: 22px;font-style: normal;letter-spacing: normal;text-align: start;text-indent: 0px;text-transform: none\">Informa\u00e7\u00f5es t\u00e9cnicas<\/h4>\n<p><span style=\"margin: 0px;padding: 0px;font-weight: 450;font-size: 14px;line-height: 21px;color: var(--dark-grey2);font-family: Lato, sans-serif;font-style: normal;letter-spacing: normal;text-align: start;text-indent: 0px;text-transform: none\">Produto: Extens\u00e3o El\u00e9trica<br \/>\nTipo: Retr\u00e1til<br \/>\nMarca: Daneva<br \/>\nMaterial: Abs<br \/>\nCor: Branco<br \/>\nPot\u00eancia: Enrolado &#8211; 600w ~ 1200w<br \/>\nDesenrolada &#8211; 1300w ~2500w<br \/>\nTens\u00e3o el\u00e9trica: M\u00e1x 250v<br \/>\nCaracter\u00edsticas: Corrente m\u00e1xima de 10A<br \/>\n3 Tomadas tripolar<br \/>\nTomada e plugue NBR 13249, ABNT NBR NM 60884-1 E NBR 14136 cabo NBR 13249<br \/>\nItens inclusos: 1 Extens\u00e3o El\u00e9trica<br \/>\nDimens\u00f5es do produto (C): 5m<\/span><\/p>\n","protected":false},"featured_media":10789,"template":"","meta":{"_joinchat":[]},"product_brand":[],"product_cat":[120],"product_tag":[],"class_list":{"0":"post-10729","1":"product","2":"type-product","3":"status-publish","4":"has-post-thumbnail","6":"product_cat-extencoes-e-cia","8":"first","9":"outofstock","10":"shipping-taxable","11":"product-type-simple"},"_links":{"self":[{"href":"https:\/\/www.multicasa.com.br\/inicio\/wp-json\/wp\/v2\/product\/10729","targetHints":{"allow":["GET"]}}],"collection":[{"href":"https:\/\/www.multicasa.com.br\/inicio\/wp-json\/wp\/v2\/product"}],"about":[{"href":"https:\/\/www.multicasa.com.br\/inicio\/wp-json\/wp\/v2\/types\/product"}],"wp:featuredmedia":[{"embeddable":true,"href":"https:\/\/www.multicasa.com.br\/inicio\/wp-json\/wp\/v2\/media\/10789"}],"wp:attachment":[{"href":"https:\/\/www.multicasa.com.br\/inicio\/wp-json\/wp\/v2\/media?parent=10729"}],"wp:term":[{"taxonomy":"product_brand","embeddable":true,"href":"https:\/\/www.multicasa.com.br\/inicio\/wp-json\/wp\/v2\/product_brand?post=10729"},{"taxonomy":"product_cat","embeddable":true,"href":"https:\/\/www.multicasa.com.br\/inicio\/wp-json\/wp\/v2\/product_cat?post=10729"},{"taxonomy":"product_tag","embeddable":true,"href":"https:\/\/www.multicasa.com.br\/inicio\/wp-json\/wp\/v2\/product_tag?post=10729"}],"curies":[{"name":"wp","href":"https:\/\/api.w.org\/{rel}","templated":true}]}}

Extensão Elétrica Retrátil 3 Tomadas 2P Branco Ilumitec 10A &#8211; 5m

<p>A extensão elétrica retrátil com 3 tomadas 2P branco Ilumitec possui alça para desenrolar e enrolar o fio com praticidade e mede 5m com 10a. Bivolt, suporta tensão elétrica de 127v e 250v e permite que até 3 aparelhos sejam plugados simultâneamente.</p>

<h4 style="margin: 0px;padding: 0px 0px 16px;font-family: Lato, sans-serif;font-weight: bold;line-height: 3rem;color: var(--dark-grey3);font-size: 22px;font-style: normal;letter-spacing: normal;text-align: start;text-indent: 0px;text-transform: none">Informações técnicas</h4>
<p><span style="margin: 0px;padding: 0px;font-weight: 450;font-size: 14px;line-height: 21px;color: var(--dark-grey2);font-family: Lato, sans-serif;font-style: normal;letter-spacing: normal;text-align: start;text-indent: 0px;text-transform: none">Produto: Extensão Elétrica<br />
Tipo: Retrátil<br />
Marca: Daneva<br />
Material: Abs<br />
Cor: Branco<br />
Potência: Enrolado &#8211; 600w ~ 1200w<br />
Desenrolada &#8211; 1300w ~2500w<br />
Tensão elétrica: Máx 250v<br />
Características: Corrente máxima de 10A<br />
3 Tomadas tripolar<br />
Tomada e plugue NBR 13249, ABNT NBR NM 60884-1 E NBR 14136 cabo NBR 13249<br />
Itens inclusos: 1 Extensão Elétrica<br />
Dimensões do produto (C): 5m</span></p>
