{"id":10734,"date":"2025-06-20T17:58:46","date_gmt":"2025-06-20T21:58:46","guid":{"rendered":"https:\/\/www.multicasa.com.br\/inicio\/?post_type=product&#038;p=10734"},"modified":"2025-06-20T17:59:35","modified_gmt":"2025-06-20T21:59:35","slug":"rolo-de-pintura-antirrespingo-economico-atlas-23cm","status":"publish","type":"product","link":"https:\/\/www.multicasa.com.br\/inicio\/produto\/rolo-de-pintura-antirrespingo-economico-atlas-23cm\/","title":{"rendered":"Rolo de Pintura Antirrespingo Econ\u00f4mico Atlas 23cm"},"content":{"rendered":"<p>Com o rolo de pintura antirrespingo econ\u00f4mico Atlas ficou mais pr\u00e1tico fazer acabamentos. Feito de 100% de poli\u00e9ster antirrespingo, o rolo de pintura possui alta absor\u00e7\u00e3o de tinta e conta com efici\u00eancia especial para fazer menos sujeira. Utilize para aplicar tinta acr\u00edlica, l\u00e1tex e esmalte.<\/p>\n","protected":false},"excerpt":{"rendered":"<h4 style=\"margin: 0px;padding: 0px 0px 16px;font-family: Lato, sans-serif;font-weight: bold;line-height: 3rem;color: var(--dark-grey3);font-size: 22px;font-style: normal;letter-spacing: normal;text-align: start;text-indent: 0px;text-transform: none\">Informa\u00e7\u00f5es t\u00e9cnicas<\/h4>\n<p><span style=\"margin: 0px;padding: 0px;font-weight: 450;font-size: 14px;line-height: 21px;color: var(--dark-grey2);font-family: Lato, sans-serif;font-style: normal;letter-spacing: normal;text-align: start;text-indent: 0px;text-transform: none\">Produto: Rolo de Pintura<br \/>\nMarca: Atlas<br \/>\nMaterial: 100% poli\u00e9ster<br \/>\nCor: Branco e amarelo<br \/>\nCaracter\u00edsticas: Antirrespingo, ideal para superf\u00edcies lisas<br \/>\nItens Inclusos: 1 Rolo de Pintura<br \/>\nDimens\u00f5es do produto (L): 23cm<\/span><\/p>\n","protected":false},"featured_media":10807,"template":"","meta":{"_joinchat":[]},"product_brand":[],"product_cat":[143],"product_tag":[],"class_list":{"0":"post-10734","1":"product","2":"type-product","3":"status-publish","4":"has-post-thumbnail","6":"product_cat-tintas-e-cia","8":"first","9":"outofstock","10":"shipping-taxable","11":"product-type-simple"},"_links":{"self":[{"href":"https:\/\/www.multicasa.com.br\/inicio\/wp-json\/wp\/v2\/product\/10734","targetHints":{"allow":["GET"]}}],"collection":[{"href":"https:\/\/www.multicasa.com.br\/inicio\/wp-json\/wp\/v2\/product"}],"about":[{"href":"https:\/\/www.multicasa.com.br\/inicio\/wp-json\/wp\/v2\/types\/product"}],"wp:featuredmedia":[{"embeddable":true,"href":"https:\/\/www.multicasa.com.br\/inicio\/wp-json\/wp\/v2\/media\/10807"}],"wp:attachment":[{"href":"https:\/\/www.multicasa.com.br\/inicio\/wp-json\/wp\/v2\/media?parent=10734"}],"wp:term":[{"taxonomy":"product_brand","embeddable":true,"href":"https:\/\/www.multicasa.com.br\/inicio\/wp-json\/wp\/v2\/product_brand?post=10734"},{"taxonomy":"product_cat","embeddable":true,"href":"https:\/\/www.multicasa.com.br\/inicio\/wp-json\/wp\/v2\/product_cat?post=10734"},{"taxonomy":"product_tag","embeddable":true,"href":"https:\/\/www.multicasa.com.br\/inicio\/wp-json\/wp\/v2\/product_tag?post=10734"}],"curies":[{"name":"wp","href":"https:\/\/api.w.org\/{rel}","templated":true}]}}