{"id":10763,"date":"2025-06-20T17:59:10","date_gmt":"2025-06-20T21:59:10","guid":{"rendered":"https:\/\/www.multicasa.com.br\/inicio\/?post_type=product&#038;p=10763"},"modified":"2025-08-17T19:13:34","modified_gmt":"2025-08-17T23:13:34","slug":"sache-desumidificador-anti-mofo-dry-closet-ordene","status":"publish","type":"product","link":"https:\/\/www.multicasa.com.br\/inicio\/produto\/sache-desumidificador-anti-mofo-dry-closet-ordene\/","title":{"rendered":"Sach\u00ea Desumidificador\/Anti Mofo Dry Closet Ordene"},"content":{"rendered":"<p>O Sach\u00ea Desumidificador\/Anti Mofo Dry Closet da Ordene \u00e9 ideal para eliminar a umidade do ambiente e evitar a prolifera\u00e7\u00e3o do mofo, fungos, bolores e maus odores. Pode ser usado em gavetas, arm\u00e1rios e no closet e absorver at\u00e9 500ml de umidade. Os cristais do Dry Closet absorvem a \u00e1gua presente no ar, transformam-na em l\u00edquido e armazenam em uma bolsa. Seu efeito pode durar at\u00e9 30 dias, dependendo da temperatura e da umidade do local.<\/p>\n","protected":false},"excerpt":{"rendered":"<h4 style=\"margin: 0px;padding: 0px 0px 16px;font-family: Lato, sans-serif;font-weight: bold;line-height: 3rem;color: var(--dark-grey3);font-size: 22px;font-style: normal;letter-spacing: normal;text-align: start;text-indent: 0px;text-transform: none\">Informa\u00e7\u00f5es t\u00e9cnicas<\/h4>\n<p><span style=\"margin: 0px;padding: 0px;font-weight: 450;font-size: 14px;line-height: 21px;color: var(--dark-grey2);font-family: Lato, sans-serif;font-style: normal;letter-spacing: normal;text-align: start;text-indent: 0px;text-transform: none\">Produto: Sach\u00ea desumidificador\/Anti Mofo<br \/>\nMarca: Ordene<br \/>\nMaterial: Alum\u00ednio silicato de c\u00e1lcio<br \/>\nCor: Incolor<br \/>\nCaracter\u00edsticas: Absorve at\u00e9 500ml de umidade<br \/>\nO produto pode durar at\u00e9 30 dias<br \/>\nExala leve fragr\u00e2ncia de lavanda<br \/>\nItens Inclusos: 1 Sach\u00ea desumidificador\/antimofo<br \/>\nDimens\u00f5es do produto (A x L x P): 16 x 29,5cm<\/span><\/p>\n","protected":false},"featured_media":10824,"template":"","meta":{"_joinchat":[]},"product_brand":[],"product_cat":[96],"product_tag":[],"class_list":{"0":"post-10763","1":"product","2":"type-product","3":"status-publish","4":"has-post-thumbnail","6":"product_cat-limpeza-e-cia","8":"first","9":"outofstock","10":"shipping-taxable","11":"purchasable","12":"product-type-simple"},"_links":{"self":[{"href":"https:\/\/www.multicasa.com.br\/inicio\/wp-json\/wp\/v2\/product\/10763","targetHints":{"allow":["GET"]}}],"collection":[{"href":"https:\/\/www.multicasa.com.br\/inicio\/wp-json\/wp\/v2\/product"}],"about":[{"href":"https:\/\/www.multicasa.com.br\/inicio\/wp-json\/wp\/v2\/types\/product"}],"wp:featuredmedia":[{"embeddable":true,"href":"https:\/\/www.multicasa.com.br\/inicio\/wp-json\/wp\/v2\/media\/10824"}],"wp:attachment":[{"href":"https:\/\/www.multicasa.com.br\/inicio\/wp-json\/wp\/v2\/media?parent=10763"}],"wp:term":[{"taxonomy":"product_brand","embeddable":true,"href":"https:\/\/www.multicasa.com.br\/inicio\/wp-json\/wp\/v2\/product_brand?post=10763"},{"taxonomy":"product_cat","embeddable":true,"href":"https:\/\/www.multicasa.com.br\/inicio\/wp-json\/wp\/v2\/product_cat?post=10763"},{"taxonomy":"product_tag","embeddable":true,"href":"https:\/\/www.multicasa.com.br\/inicio\/wp-json\/wp\/v2\/product_tag?post=10763"}],"curies":[{"name":"wp","href":"https:\/\/api.w.org\/{rel}","templated":true}]}}