{"id":10764,"date":"2025-06-20T17:59:10","date_gmt":"2025-06-20T21:59:10","guid":{"rendered":"https:\/\/www.multicasa.com.br\/inicio\/?post_type=product&#038;p=10764"},"modified":"2025-08-18T03:53:30","modified_gmt":"2025-08-18T07:53:30","slug":"kit-chave-precisao-23-pecas-eda","status":"publish","type":"product","link":"https:\/\/www.multicasa.com.br\/inicio\/produto\/kit-chave-precisao-23-pecas-eda\/","title":{"rendered":"Kit Chave Precis\u00e3o 23 pe\u00e7as Eda"},"content":{"rendered":"<p>Com o Kit Chave precis\u00e3o Eda voc\u00ea tem as melhores ferramentas para trabalhar com servi\u00e7os que exijam pontas pequenas como telefonia, inform\u00e1tica, rel\u00f3gios, \u00f3culos, TVs e outros. Possui haste flex\u00edvel para otimizar o acesso em locais dif\u00edceis. De f\u00e1cil manuseio com estojo de armazenagem e com o total de 23 pe\u00e7as, voc\u00ea pode levar seu jogo de chaves para qualquer lugar.<\/p>\n","protected":false},"excerpt":{"rendered":"<h4 style=\"margin: 0px;padding: 0px 0px 16px;font-family: Lato, sans-serif;font-weight: bold;line-height: 3rem;color: var(--dark-grey3);font-size: 22px;font-style: normal;letter-spacing: normal;text-align: start;text-indent: 0px;text-transform: none\">Informa\u00e7\u00f5es t\u00e9cnicas<\/h4>\n<p><span style=\"margin: 0px;padding: 0px;font-weight: 450;font-size: 14px;line-height: 21px;color: var(--dark-grey2);font-family: Lato, sans-serif;font-style: normal;letter-spacing: normal;text-align: start;text-indent: 0px;text-transform: none\">Produto: Kit de Chave de precis\u00e3o<br \/>\nMarca: Eda<br \/>\nMaterial: Cromo A\u00e7o Van\u00e1dio<br \/>\nCabo Emborrachado<br \/>\nCor: Vermelho e preto<br \/>\nCaracter\u00edsticas: Haste Flex\u00edvel<br \/>\nQuantidade de pe\u00e7as: 24<br \/>\nItens Inclusos: 1 estojo com trava<br \/>\n1 cabo emborrachado<br \/>\n1 extens\u00e3o flex\u00edvel<br \/>\n7 bits torx: t6, t7, t8, t9, t10, t15 e t20<br \/>\n6 bits de fenda: 1.0, 1.5, 2.0, 2.5, 3.0 e 4.0mm;<br \/>\n5 bits philips: #000, #00, #0, #1 e #2 e<br \/>\n3 bits pozidriv: #00, #0 e #1<\/span><\/p>\n","protected":false},"featured_media":10826,"template":"","meta":{"_joinchat":[]},"product_brand":[],"product_cat":[137],"product_tag":[],"class_list":{"0":"post-10764","1":"product","2":"type-product","3":"status-publish","4":"has-post-thumbnail","6":"product_cat-ferramentas-manuais","8":"first","9":"outofstock","10":"shipping-taxable","11":"purchasable","12":"product-type-simple"},"_links":{"self":[{"href":"https:\/\/www.multicasa.com.br\/inicio\/wp-json\/wp\/v2\/product\/10764","targetHints":{"allow":["GET"]}}],"collection":[{"href":"https:\/\/www.multicasa.com.br\/inicio\/wp-json\/wp\/v2\/product"}],"about":[{"href":"https:\/\/www.multicasa.com.br\/inicio\/wp-json\/wp\/v2\/types\/product"}],"wp:featuredmedia":[{"embeddable":true,"href":"https:\/\/www.multicasa.com.br\/inicio\/wp-json\/wp\/v2\/media\/10826"}],"wp:attachment":[{"href":"https:\/\/www.multicasa.com.br\/inicio\/wp-json\/wp\/v2\/media?parent=10764"}],"wp:term":[{"taxonomy":"product_brand","embeddable":true,"href":"https:\/\/www.multicasa.com.br\/inicio\/wp-json\/wp\/v2\/product_brand?post=10764"},{"taxonomy":"product_cat","embeddable":true,"href":"https:\/\/www.multicasa.com.br\/inicio\/wp-json\/wp\/v2\/product_cat?post=10764"},{"taxonomy":"product_tag","embeddable":true,"href":"https:\/\/www.multicasa.com.br\/inicio\/wp-json\/wp\/v2\/product_tag?post=10764"}],"curies":[{"name":"wp","href":"https:\/\/api.w.org\/{rel}","templated":true}]}}