{"id":10765,"date":"2025-06-20T17:59:10","date_gmt":"2025-06-20T21:59:10","guid":{"rendered":"https:\/\/www.multicasa.com.br\/inicio\/?post_type=product&#038;p=10765"},"modified":"2025-06-20T17:59:55","modified_gmt":"2025-06-20T21:59:55","slug":"kit-chave-catraca-e-soquetes-19-pecas-eda","status":"publish","type":"product","link":"https:\/\/www.multicasa.com.br\/inicio\/produto\/kit-chave-catraca-e-soquetes-19-pecas-eda\/","title":{"rendered":"Kit Chave Catraca e Soquetes 19 Pe\u00e7as Eda"},"content":{"rendered":"<p>Kit de Chave Catraca e Soquetes Eda, ideal para fixar e soltar parafusos auto perfurantes e porcas com cabe\u00e7a \u00bc. As chaves s\u00e3o todas fabricadas em A\u00e7o cromo van\u00e1dio, o cabo \u00e9 emborrachado e anat\u00f4mico com excelente acabamento e durabilidade. O Jogo de chaves vem na maleta de pl\u00e1stico com trava para transporte, contendo 19 pe\u00e7as. Kit adequado para uso em marcenaria e montagem e desmontagem de stands.<\/p>\n","protected":false},"excerpt":{"rendered":"<h4 style=\"margin: 0px;padding: 0px 0px 16px;font-family: Lato, sans-serif;font-weight: bold;line-height: 3rem;color: var(--dark-grey3);font-size: 22px;font-style: normal;letter-spacing: normal;text-align: start;text-indent: 0px;text-transform: none\">Informa\u00e7\u00f5es t\u00e9cnicas<\/h4>\n<p><span style=\"margin: 0px;padding: 0px;font-weight: 450;font-size: 14px;line-height: 21px;color: var(--dark-grey2);font-family: Lato, sans-serif;font-style: normal;letter-spacing: normal;text-align: start;text-indent: 0px;text-transform: none\">Produto: Kit Chave Catraca e Soquetes<br \/>\nMarca: Eda<br \/>\nMaterial: A\u00e7o Cromo Van\u00e1dio<br \/>\nCor: Preto, vermelho e prata<br \/>\nQuantidade de pe\u00e7as: 20 pe\u00e7as<br \/>\nItens Inclusos: 1 maleta plastic<br \/>\n1 chave catraca angular revers\u00edvel \u00bc<br \/>\n3 bits philips: #0, #1 e #2<br \/>\n3 bits fenda: 4, 5 e 6mm<br \/>\n3 bits allen: 4, 5 e 6mm<br \/>\n8 soquetes: 4, 5, 6, 7, 8, 9, 10 e 12mm<br \/>\n1 adaptador 1\/4&#8243;<br \/>\nDimens\u00f5es do produto (A X L X P) 3,5 x 19 x 9,5cm<br \/>\n<\/span><\/p>\n","protected":false},"featured_media":10827,"template":"","meta":{"_joinchat":[]},"product_brand":[],"product_cat":[137],"product_tag":[],"class_list":{"0":"post-10765","1":"product","2":"type-product","3":"status-publish","4":"has-post-thumbnail","6":"product_cat-ferramentas-manuais","8":"first","9":"outofstock","10":"shipping-taxable","11":"product-type-simple"},"_links":{"self":[{"href":"https:\/\/www.multicasa.com.br\/inicio\/wp-json\/wp\/v2\/product\/10765","targetHints":{"allow":["GET"]}}],"collection":[{"href":"https:\/\/www.multicasa.com.br\/inicio\/wp-json\/wp\/v2\/product"}],"about":[{"href":"https:\/\/www.multicasa.com.br\/inicio\/wp-json\/wp\/v2\/types\/product"}],"wp:featuredmedia":[{"embeddable":true,"href":"https:\/\/www.multicasa.com.br\/inicio\/wp-json\/wp\/v2\/media\/10827"}],"wp:attachment":[{"href":"https:\/\/www.multicasa.com.br\/inicio\/wp-json\/wp\/v2\/media?parent=10765"}],"wp:term":[{"taxonomy":"product_brand","embeddable":true,"href":"https:\/\/www.multicasa.com.br\/inicio\/wp-json\/wp\/v2\/product_brand?post=10765"},{"taxonomy":"product_cat","embeddable":true,"href":"https:\/\/www.multicasa.com.br\/inicio\/wp-json\/wp\/v2\/product_cat?post=10765"},{"taxonomy":"product_tag","embeddable":true,"href":"https:\/\/www.multicasa.com.br\/inicio\/wp-json\/wp\/v2\/product_tag?post=10765"}],"curies":[{"name":"wp","href":"https:\/\/api.w.org\/{rel}","templated":true}]}}