{"id":10795,"date":"2025-06-20T17:59:32","date_gmt":"2025-06-20T21:59:32","guid":{"rendered":"https:\/\/www.multicasa.com.br\/inicio\/?post_type=product&#038;p=10795"},"modified":"2025-09-30T10:34:17","modified_gmt":"2025-09-30T14:34:17","slug":"cesto-organizador-de-plastico-preto-ordene-203x148cm","status":"publish","type":"product","link":"https:\/\/www.multicasa.com.br\/inicio\/produto\/cesto-organizador-de-plastico-preto-ordene-203x148cm\/","title":{"rendered":"Cesto Organizador de Pl\u00e1stico Preto Ordene 20,3&#215;14,8cm"},"content":{"rendered":"<p>Que tal organizar suas gavetas, prateleiras, arm\u00e1rios e outros c\u00f4modos da sua casa de forma moderna e eficiente? Use o Cesto Organizador de Pl\u00e1stico Preto da Ordene para guardar e dispor produtos de higiene, maquiagem, frutas, legumes e roupas \u00edntimas. Medindo 20,3&#215;14,8x3cm cabe em qualquer espa\u00e7o vago do seu lar.<\/p>\n","protected":false},"excerpt":{"rendered":"<h4 style=\"margin: 0px;padding: 0px 0px 16px;font-family: Lato, sans-serif;font-weight: bold;line-height: 3rem;color: var(--dark-grey3);font-size: 22px;font-style: normal;letter-spacing: normal;text-align: start;text-indent: 0px;text-transform: none\">Informa\u00e7\u00f5es t\u00e9cnicas<\/h4>\n<p><span style=\"margin: 0px;padding: 0px;font-weight: 450;font-size: 14px;line-height: 21px;color: var(--dark-grey2);font-family: Lato, sans-serif;font-style: normal;letter-spacing: normal;text-align: start;text-indent: 0px;text-transform: none\">Produto: Cesto Organizador<br \/>\nMarca: Ordene<br \/>\nMaterial: Pl\u00e1stico<br \/>\nCor: Preto<br \/>\nCapacidade: 1,4L<br \/>\nCaracter\u00edsticas: Material recicl\u00e1vel;<br \/>\nInquebr\u00e1vel.<br \/>\nUso Indicado: Closet, banheiros, lavanderias, dispensas e entre outros<br \/>\nItens Inclusos: 1 Cesto organizador<br \/>\nDimens\u00f5es do produto (A x L x P): 20,3 x 14,8 x 3cm<br \/>\n<\/span><\/p>\n","protected":false},"featured_media":10857,"template":"","meta":{"_joinchat":[]},"product_brand":[],"product_cat":[98],"product_tag":[],"class_list":{"0":"post-10795","1":"product","2":"type-product","3":"status-publish","4":"has-post-thumbnail","6":"product_cat-organizadores","8":"first","9":"outofstock","10":"shipping-taxable","11":"purchasable","12":"product-type-simple"},"_links":{"self":[{"href":"https:\/\/www.multicasa.com.br\/inicio\/wp-json\/wp\/v2\/product\/10795","targetHints":{"allow":["GET"]}}],"collection":[{"href":"https:\/\/www.multicasa.com.br\/inicio\/wp-json\/wp\/v2\/product"}],"about":[{"href":"https:\/\/www.multicasa.com.br\/inicio\/wp-json\/wp\/v2\/types\/product"}],"wp:featuredmedia":[{"embeddable":true,"href":"https:\/\/www.multicasa.com.br\/inicio\/wp-json\/wp\/v2\/media\/10857"}],"wp:attachment":[{"href":"https:\/\/www.multicasa.com.br\/inicio\/wp-json\/wp\/v2\/media?parent=10795"}],"wp:term":[{"taxonomy":"product_brand","embeddable":true,"href":"https:\/\/www.multicasa.com.br\/inicio\/wp-json\/wp\/v2\/product_brand?post=10795"},{"taxonomy":"product_cat","embeddable":true,"href":"https:\/\/www.multicasa.com.br\/inicio\/wp-json\/wp\/v2\/product_cat?post=10795"},{"taxonomy":"product_tag","embeddable":true,"href":"https:\/\/www.multicasa.com.br\/inicio\/wp-json\/wp\/v2\/product_tag?post=10795"}],"curies":[{"name":"wp","href":"https:\/\/api.w.org\/{rel}","templated":true}]}}

Cesto Organizador de Plástico Preto Ordene 20,3&#215;14,8cm

<p>Que tal organizar suas gavetas, prateleiras, armários e outros cômodos da sua casa de forma moderna e eficiente? Use o Cesto Organizador de Plástico Preto da Ordene para guardar e dispor produtos de higiene, maquiagem, frutas, legumes e roupas íntimas. Medindo 20,3&#215;14,8x3cm cabe em qualquer espaço vago do seu lar.</p>

<h4 style="margin: 0px;padding: 0px 0px 16px;font-family: Lato, sans-serif;font-weight: bold;line-height: 3rem;color: var(--dark-grey3);font-size: 22px;font-style: normal;letter-spacing: normal;text-align: start;text-indent: 0px;text-transform: none">Informações técnicas</h4>
<p><span style="margin: 0px;padding: 0px;font-weight: 450;font-size: 14px;line-height: 21px;color: var(--dark-grey2);font-family: Lato, sans-serif;font-style: normal;letter-spacing: normal;text-align: start;text-indent: 0px;text-transform: none">Produto: Cesto Organizador<br />
Marca: Ordene<br />
Material: Plástico<br />
Cor: Preto<br />
Capacidade: 1,4L<br />
Características: Material reciclável;<br />
Inquebrável.<br />
Uso Indicado: Closet, banheiros, lavanderias, dispensas e entre outros<br />
Itens Inclusos: 1 Cesto organizador<br />
Dimensões do produto (A x L x P): 20,3 x 14,8 x 3cm<br />
</span></p>
