{"id":10798,"date":"2025-06-20T17:59:32","date_gmt":"2025-06-20T21:59:32","guid":{"rendered":"https:\/\/www.multicasa.com.br\/inicio\/?post_type=product&#038;p=10798"},"modified":"2026-02-23T12:00:20","modified_gmt":"2026-02-23T16:00:20","slug":"estojo-para-escova-creme-dental-branco-ou","status":"publish","type":"product","link":"https:\/\/www.multicasa.com.br\/inicio\/produto\/estojo-para-escova-creme-dental-branco-ou\/","title":{"rendered":"Estojo para Escova\/Creme Dental Branco OU"},"content":{"rendered":"<p>Use o estojo branco para escova e creme dental da OU e transporte sua escova e pasta de dente com higiene. Pr\u00e1tico, foi projetado para levar outros produtos de higiene oral e possui cord\u00e3o que evita que voc\u00ea o perca. Leve em viagens, para o trabalho ou passeios. Use tamb\u00e9m como um estojo multiuso ou porta-trecos e carregue maquiagem, \u00f3culos e outros acess\u00f3rios. Mede 22 x 6,5 x 5 cm.<\/p>\n","protected":false},"excerpt":{"rendered":"<h4 style=\"margin: 0px;padding: 0px 0px 16px;font-family: Lato, sans-serif;font-weight: bold;line-height: 3rem;color: var(--dark-grey3);font-size: 22px;font-style: normal;letter-spacing: normal;text-align: start;text-indent: 0px;text-transform: none\">Informa\u00e7\u00f5es t\u00e9cnicas<\/h4>\n<p><span style=\"margin: 0px;padding: 0px;font-weight: 450;font-size: 14px;line-height: 21px;color: var(--dark-grey2);font-family: Lato, sans-serif;font-style: normal;letter-spacing: normal;text-align: start;text-indent: 0px;text-transform: none\"><br \/>\nProduto: Estojo para escovas<br \/>\nMarca: OU<br \/>\nMaterial: PP<br \/>\nCor: Branco<br \/>\nCaracter\u00edsticas: Possui cord\u00e3o para carregar<br \/>\nCabe escova e pasta de dentes<br \/>\nItens inclusos: 1 Estojo para escovas<br \/>\nDimens\u00f5es do produto (A X L X P): 22 x 6,5 x 5cm<br \/>\n<\/span><\/p>\n","protected":false},"featured_media":25156,"template":"","meta":{"_joinchat":[]},"product_brand":[],"product_cat":[101],"product_tag":[],"class_list":{"0":"post-10798","1":"product","2":"type-product","3":"status-publish","4":"has-post-thumbnail","6":"product_cat-cuidados-pessoais","8":"first","9":"instock","10":"shipping-taxable","11":"purchasable","12":"product-type-simple"},"_links":{"self":[{"href":"https:\/\/www.multicasa.com.br\/inicio\/wp-json\/wp\/v2\/product\/10798","targetHints":{"allow":["GET"]}}],"collection":[{"href":"https:\/\/www.multicasa.com.br\/inicio\/wp-json\/wp\/v2\/product"}],"about":[{"href":"https:\/\/www.multicasa.com.br\/inicio\/wp-json\/wp\/v2\/types\/product"}],"wp:featuredmedia":[{"embeddable":true,"href":"https:\/\/www.multicasa.com.br\/inicio\/wp-json\/wp\/v2\/media\/25156"}],"wp:attachment":[{"href":"https:\/\/www.multicasa.com.br\/inicio\/wp-json\/wp\/v2\/media?parent=10798"}],"wp:term":[{"taxonomy":"product_brand","embeddable":true,"href":"https:\/\/www.multicasa.com.br\/inicio\/wp-json\/wp\/v2\/product_brand?post=10798"},{"taxonomy":"product_cat","embeddable":true,"href":"https:\/\/www.multicasa.com.br\/inicio\/wp-json\/wp\/v2\/product_cat?post=10798"},{"taxonomy":"product_tag","embeddable":true,"href":"https:\/\/www.multicasa.com.br\/inicio\/wp-json\/wp\/v2\/product_tag?post=10798"}],"curies":[{"name":"wp","href":"https:\/\/api.w.org\/{rel}","templated":true}]}}

<p>Use o estojo branco para escova e creme dental da OU e transporte sua escova e pasta de dente com higiene. Prático, foi projetado para levar outros produtos de higiene oral e possui cordão que evita que você o perca. Leve em viagens, para o trabalho ou passeios. Use também como um estojo multiuso ou porta-trecos e carregue maquiagem, óculos e outros acessórios. Mede 22 x 6,5 x 5 cm.</p>

<h4 style="margin: 0px;padding: 0px 0px 16px;font-family: Lato, sans-serif;font-weight: bold;line-height: 3rem;color: var(--dark-grey3);font-size: 22px;font-style: normal;letter-spacing: normal;text-align: start;text-indent: 0px;text-transform: none">Informações técnicas</h4>
<p><span style="margin: 0px;padding: 0px;font-weight: 450;font-size: 14px;line-height: 21px;color: var(--dark-grey2);font-family: Lato, sans-serif;font-style: normal;letter-spacing: normal;text-align: start;text-indent: 0px;text-transform: none"><br />
Produto: Estojo para escovas<br />
Marca: OU<br />
Material: PP<br />
Cor: Branco<br />
Características: Possui cordão para carregar<br />
Cabe escova e pasta de dentes<br />
Itens inclusos: 1 Estojo para escovas<br />
Dimensões do produto (A X L X P): 22 x 6,5 x 5cm<br />
</span></p>
