{"id":10831,"date":"2025-06-20T17:59:56","date_gmt":"2025-06-20T21:59:56","guid":{"rendered":"https:\/\/www.multicasa.com.br\/inicio\/?post_type=product&#038;p=10831"},"modified":"2025-12-16T19:23:54","modified_gmt":"2025-12-16T23:23:54","slug":"suporte-para-rolo-de-pintura-vermelho-atlas-23cm","status":"publish","type":"product","link":"https:\/\/www.multicasa.com.br\/inicio\/produto\/suporte-para-rolo-de-pintura-vermelho-atlas-23cm\/","title":{"rendered":"Suporte para Rolo de Pintura Vermelho Atlas 23cm"},"content":{"rendered":"<p>O suporte para rolo de pintura Atlas \u00e9 preciso, resistente e tem formato especial para ajudar na hora de pintar os c\u00f4modos e paredes. Com buchas de reten\u00e7\u00e3o sem rosca e medindo 23cm, pode ser usado com outros produtos da linha de prolongadores Atlas.<\/p>\n","protected":false},"excerpt":{"rendered":"<h4 style=\"margin: 0px;padding: 0px 0px 16px;font-family: Lato, sans-serif;font-weight: bold;line-height: 3rem;color: var(--dark-grey3);font-size: 22px;font-style: normal;letter-spacing: normal;text-align: start;text-indent: 0px;text-transform: none\">Informa\u00e7\u00f5es t\u00e9cnicas<\/h4>\n<p><span style=\"margin: 0px;padding: 0px;font-weight: 450;font-size: 14px;line-height: 21px;color: var(--dark-grey2);font-family: Lato, sans-serif;font-style: normal;letter-spacing: normal;text-align: start;text-indent: 0px;text-transform: none\">Produto: Suporte para Rolo de Pintura<br \/>\nMarca: Atlas<br \/>\nCor: Vermelho<br \/>\nCaracter\u00edsticas: Garfo com buchas de reten\u00e7\u00e3o<br \/>\nSem rosca<br \/>\nConect\u00e1vel a linha de prolongadores atlas<br \/>\nAltura da l\u00e3 de 19mm<br \/>\nItens Inclusos: 1 Suporte para Rolo de Pintura<br \/>\nDimens\u00f5es do produto (L): 23cm<br \/>\n<\/span><\/p>\n","protected":false},"featured_media":10884,"template":"","meta":{"_joinchat":[]},"product_brand":[],"product_cat":[143],"product_tag":[],"class_list":{"0":"post-10831","1":"product","2":"type-product","3":"status-publish","4":"has-post-thumbnail","6":"product_cat-tintas-e-cia","8":"first","9":"outofstock","10":"shipping-taxable","11":"product-type-simple"},"_links":{"self":[{"href":"https:\/\/www.multicasa.com.br\/inicio\/wp-json\/wp\/v2\/product\/10831","targetHints":{"allow":["GET"]}}],"collection":[{"href":"https:\/\/www.multicasa.com.br\/inicio\/wp-json\/wp\/v2\/product"}],"about":[{"href":"https:\/\/www.multicasa.com.br\/inicio\/wp-json\/wp\/v2\/types\/product"}],"wp:featuredmedia":[{"embeddable":true,"href":"https:\/\/www.multicasa.com.br\/inicio\/wp-json\/wp\/v2\/media\/10884"}],"wp:attachment":[{"href":"https:\/\/www.multicasa.com.br\/inicio\/wp-json\/wp\/v2\/media?parent=10831"}],"wp:term":[{"taxonomy":"product_brand","embeddable":true,"href":"https:\/\/www.multicasa.com.br\/inicio\/wp-json\/wp\/v2\/product_brand?post=10831"},{"taxonomy":"product_cat","embeddable":true,"href":"https:\/\/www.multicasa.com.br\/inicio\/wp-json\/wp\/v2\/product_cat?post=10831"},{"taxonomy":"product_tag","embeddable":true,"href":"https:\/\/www.multicasa.com.br\/inicio\/wp-json\/wp\/v2\/product_tag?post=10831"}],"curies":[{"name":"wp","href":"https:\/\/api.w.org\/{rel}","templated":true}]}}