{"id":10868,"date":"2025-06-20T18:00:20","date_gmt":"2025-06-20T22:00:20","guid":{"rendered":"https:\/\/www.multicasa.com.br\/inicio\/?post_type=product&#038;p=10868"},"modified":"2025-06-20T18:01:14","modified_gmt":"2025-06-20T22:01:14","slug":"pincel-marcador-atomico-permanente-1100-p-azul-pilot","status":"publish","type":"product","link":"https:\/\/www.multicasa.com.br\/inicio\/produto\/pincel-marcador-atomico-permanente-1100-p-azul-pilot\/","title":{"rendered":"Pincel Marcador At\u00f4mico Permanente 1100 &#8211; P Azul Pilot"},"content":{"rendered":"<p>O Pincel marcador At\u00f4mico Permanente 1100 &#8211; P Pilot com ponta chanfrada de feltro na cor azul \u00e9 super resistente e n\u00e3o deforma, ideal para superf\u00edcies r\u00fasticas como papel\u00e3o e madeira. Tamb\u00e9m pode ser usado em pap\u00e9is, cartolina, vidro, metais, pl\u00e1sticos, cds e dvds. Permite escritas de diferentes espessuras como 2.0 mm, 4.5 mm e 8.0 mm. Sua tinta \u00e9 a base de \u00e1lcool e pode ser recarregada com a tinta TR 37 ou TR 500 Pilot.<\/p>\n","protected":false},"excerpt":{"rendered":"<h4 style=\"margin: 0px;padding: 0px 0px 16px;font-family: Lato, sans-serif;font-weight: bold;line-height: 3rem;color: var(--dark-grey3);font-size: 22px;font-style: normal;letter-spacing: normal;text-align: start;text-indent: 0px;text-transform: none\">Informa\u00e7\u00f5es t\u00e9cnicas<\/h4>\n<p><span style=\"margin: 0px;padding: 0px;font-weight: 450;font-size: 14px;line-height: 21px;color: var(--dark-grey2);font-family: Lato, sans-serif;font-style: normal;letter-spacing: normal;text-align: start;text-indent: 0px;text-transform: none\">Produto: Pincel Marcador<br \/>\nCor: Azul<br \/>\nCaracter\u00edsticas: Pincel at\u00f4mico 1100-P<br \/>\nEspessura da escrita 2.0mm\/4.5mm\/8.0mm<br \/>\nPermanente<br \/>\nRecarreg\u00e1vel com tinta TR<br \/>\nPonta chanfrada de feltro<br \/>\n\u00c0 base de \u00e1lcool<br \/>\nItens Inclusos: 1 Pincel Marcador<br \/>\n<\/span><\/p>\n","protected":false},"featured_media":10943,"template":"","meta":{"_joinchat":[]},"product_brand":[],"product_cat":[97],"product_tag":[],"class_list":{"0":"post-10868","1":"product","2":"type-product","3":"status-publish","4":"has-post-thumbnail","6":"product_cat-papelaria","8":"first","9":"outofstock","10":"shipping-taxable","11":"product-type-simple"},"_links":{"self":[{"href":"https:\/\/www.multicasa.com.br\/inicio\/wp-json\/wp\/v2\/product\/10868","targetHints":{"allow":["GET"]}}],"collection":[{"href":"https:\/\/www.multicasa.com.br\/inicio\/wp-json\/wp\/v2\/product"}],"about":[{"href":"https:\/\/www.multicasa.com.br\/inicio\/wp-json\/wp\/v2\/types\/product"}],"wp:featuredmedia":[{"embeddable":true,"href":"https:\/\/www.multicasa.com.br\/inicio\/wp-json\/wp\/v2\/media\/10943"}],"wp:attachment":[{"href":"https:\/\/www.multicasa.com.br\/inicio\/wp-json\/wp\/v2\/media?parent=10868"}],"wp:term":[{"taxonomy":"product_brand","embeddable":true,"href":"https:\/\/www.multicasa.com.br\/inicio\/wp-json\/wp\/v2\/product_brand?post=10868"},{"taxonomy":"product_cat","embeddable":true,"href":"https:\/\/www.multicasa.com.br\/inicio\/wp-json\/wp\/v2\/product_cat?post=10868"},{"taxonomy":"product_tag","embeddable":true,"href":"https:\/\/www.multicasa.com.br\/inicio\/wp-json\/wp\/v2\/product_tag?post=10868"}],"curies":[{"name":"wp","href":"https:\/\/api.w.org\/{rel}","templated":true}]}}