{"id":11058,"date":"2025-06-20T18:02:34","date_gmt":"2025-06-20T22:02:34","guid":{"rendered":"https:\/\/www.multicasa.com.br\/inicio\/?post_type=product&#038;p=11058"},"modified":"2025-06-20T18:03:27","modified_gmt":"2025-06-20T22:03:27","slug":"guarda-chuva-automatico-cabo-curvo-preto-brizi","status":"publish","type":"product","link":"https:\/\/www.multicasa.com.br\/inicio\/produto\/guarda-chuva-automatico-cabo-curvo-preto-brizi\/","title":{"rendered":"Guarda Chuva Autom\u00e1tico Cabo Curvo Preto Brizi"},"content":{"rendered":"<p>Com o Guarda Chuva Autom\u00e1tico Brizi voc\u00ea tem a melhor op\u00e7\u00e3o para se proteger da chuva. Produzido em metal e poli\u00e9ster na cor preta, possui 1 se\u00e7\u00e3o e 8 varetas, com abertura autom\u00e1tica. Possui cabo curvo, ponta fina e ampla cobertura, proporcionando mais conforto.<\/p>\n","protected":false},"excerpt":{"rendered":"<h4 style=\"margin: 0px;padding: 0px 0px 16px;font-family: Lato, sans-serif;font-weight: bold;line-height: 3rem;color: var(--dark-grey3);font-size: 22px;font-style: normal;letter-spacing: normal;text-align: start;text-indent: 0px;text-transform: none\">Informa\u00e7\u00f5es t\u00e9cnicas<\/h4>\n<p><span style=\"margin: 0px;padding: 0px;font-weight: 450;font-size: 14px;line-height: 21px;color: var(--dark-grey2);font-family: Lato, sans-serif;font-style: normal;letter-spacing: normal;text-align: start;text-indent: 0px;text-transform: none\">Produto: Guarda-Chuva<br \/>\nMarca: Brizi<br \/>\nMaterial: Metal<br \/>\nPoli\u00e9ster<br \/>\nCor: Preto<br \/>\nCaracter\u00edsticas: 8 varetas<br \/>\n1 se\u00e7\u00e3o<br \/>\nAbertura autom\u00e1tica<br \/>\nItens Inclusos: 1 Guarda-Chuva<br \/>\nDi\u00e2metro do produto: 68cm<br \/>\nDimens\u00f5es do produto (A): Fechado &#8211; 95cm<br \/>\n<\/span><\/p>\n","protected":false},"featured_media":11135,"template":"","meta":{"_joinchat":[]},"product_brand":[],"product_cat":[136],"product_tag":[],"class_list":{"0":"post-11058","1":"product","2":"type-product","3":"status-publish","4":"has-post-thumbnail","6":"product_cat-lazer","8":"first","9":"outofstock","10":"shipping-taxable","11":"product-type-simple"},"_links":{"self":[{"href":"https:\/\/www.multicasa.com.br\/inicio\/wp-json\/wp\/v2\/product\/11058","targetHints":{"allow":["GET"]}}],"collection":[{"href":"https:\/\/www.multicasa.com.br\/inicio\/wp-json\/wp\/v2\/product"}],"about":[{"href":"https:\/\/www.multicasa.com.br\/inicio\/wp-json\/wp\/v2\/types\/product"}],"wp:featuredmedia":[{"embeddable":true,"href":"https:\/\/www.multicasa.com.br\/inicio\/wp-json\/wp\/v2\/media\/11135"}],"wp:attachment":[{"href":"https:\/\/www.multicasa.com.br\/inicio\/wp-json\/wp\/v2\/media?parent=11058"}],"wp:term":[{"taxonomy":"product_brand","embeddable":true,"href":"https:\/\/www.multicasa.com.br\/inicio\/wp-json\/wp\/v2\/product_brand?post=11058"},{"taxonomy":"product_cat","embeddable":true,"href":"https:\/\/www.multicasa.com.br\/inicio\/wp-json\/wp\/v2\/product_cat?post=11058"},{"taxonomy":"product_tag","embeddable":true,"href":"https:\/\/www.multicasa.com.br\/inicio\/wp-json\/wp\/v2\/product_tag?post=11058"}],"curies":[{"name":"wp","href":"https:\/\/api.w.org\/{rel}","templated":true}]}}