{"id":11125,"date":"2025-06-20T18:03:21","date_gmt":"2025-06-20T22:03:21","guid":{"rendered":"https:\/\/www.multicasa.com.br\/inicio\/?post_type=product&#038;p=11125"},"modified":"2026-01-23T15:52:57","modified_gmt":"2026-01-23T19:52:57","slug":"ferro-de-solda-brasfort-60w-127v","status":"publish","type":"product","link":"https:\/\/www.multicasa.com.br\/inicio\/produto\/ferro-de-solda-brasfort-60w-127v\/","title":{"rendered":"Ferro de Solda Brasfort 60W 127V"},"content":{"rendered":"<p>O Ferro de Solda Brasfort 60W 127V \u00e9 ideal para soldas eletr\u00f4nicas com estanho. Seu corpo \u00e9 em a\u00e7o inoxid\u00e1vel com ponta de bronze. Seu cabo \u00e9 em PVC na cor verde, seus componentes internos s\u00e3o em a\u00e7o inox, tungst\u00eanio e mica. Certificado pelo Inmetro.<\/p>\n","protected":false},"excerpt":{"rendered":"<h4 style=\"margin: 0px;padding: 0px 0px 16px;font-family: Lato, sans-serif;font-weight: bold;line-height: 3rem;color: var(--dark-grey3);font-size: 22px;font-style: normal;letter-spacing: normal;text-align: start;text-indent: 0px;text-transform: none\">Informa\u00e7\u00f5es t\u00e9cnicas<\/h4>\n<p><span style=\"margin: 0px;padding: 0px;font-weight: 450;font-size: 14px;line-height: 21px;color: var(--dark-grey2);font-family: Lato, sans-serif;font-style: normal;letter-spacing: normal;text-align: start;text-indent: 0px;text-transform: none\">Produto: Ferro de Solda<br \/>\nMarca: Brasfort<br \/>\nMaterial: Corpo: A\u00e7o inox com ponta de bronze, Cabo: PVC, tungst\u00eanio e mica<br \/>\nCor: Verde<br \/>\nPot\u00eancia: 60W<br \/>\nTens\u00e3o el\u00e9trica: 127V<br \/>\nCaracter\u00edsticas: Fundir o estanho para solda<br \/>\nItens Inclusos: 1 Ferro de solda<br \/>\nDimens\u00f5es do produto (A x L x P): 29,5 x 3 x 7,5cm                                                                                                    Peso: 15,6g<br \/>\nOCP:<\/span><\/p>\n","protected":false},"featured_media":11178,"template":"","meta":{"_joinchat":[]},"product_brand":[],"product_cat":[152],"product_tag":[],"class_list":{"0":"post-11125","1":"product","2":"type-product","3":"status-publish","4":"has-post-thumbnail","6":"product_cat-ferramentas-eletricas","8":"first","9":"instock","10":"shipping-taxable","11":"purchasable","12":"product-type-simple"},"_links":{"self":[{"href":"https:\/\/www.multicasa.com.br\/inicio\/wp-json\/wp\/v2\/product\/11125","targetHints":{"allow":["GET"]}}],"collection":[{"href":"https:\/\/www.multicasa.com.br\/inicio\/wp-json\/wp\/v2\/product"}],"about":[{"href":"https:\/\/www.multicasa.com.br\/inicio\/wp-json\/wp\/v2\/types\/product"}],"wp:featuredmedia":[{"embeddable":true,"href":"https:\/\/www.multicasa.com.br\/inicio\/wp-json\/wp\/v2\/media\/11178"}],"wp:attachment":[{"href":"https:\/\/www.multicasa.com.br\/inicio\/wp-json\/wp\/v2\/media?parent=11125"}],"wp:term":[{"taxonomy":"product_brand","embeddable":true,"href":"https:\/\/www.multicasa.com.br\/inicio\/wp-json\/wp\/v2\/product_brand?post=11125"},{"taxonomy":"product_cat","embeddable":true,"href":"https:\/\/www.multicasa.com.br\/inicio\/wp-json\/wp\/v2\/product_cat?post=11125"},{"taxonomy":"product_tag","embeddable":true,"href":"https:\/\/www.multicasa.com.br\/inicio\/wp-json\/wp\/v2\/product_tag?post=11125"}],"curies":[{"name":"wp","href":"https:\/\/api.w.org\/{rel}","templated":true}]}}