{"id":11127,"date":"2025-06-20T18:03:21","date_gmt":"2025-06-20T22:03:21","guid":{"rendered":"https:\/\/www.multicasa.com.br\/inicio\/?post_type=product&#038;p=11127"},"modified":"2025-11-06T08:14:47","modified_gmt":"2025-11-06T12:14:47","slug":"porta-papel-higienico-para-caixa-acoplada-em-aco-cromado-future","status":"publish","type":"product","link":"https:\/\/www.multicasa.com.br\/inicio\/produto\/porta-papel-higienico-para-caixa-acoplada-em-aco-cromado-future\/","title":{"rendered":"Porta Papel Higi\u00eanico para Caixa Acoplada em A\u00e7o Cromado Future"},"content":{"rendered":"<p>Para ter mais praticidade e organiza\u00e7\u00e3o em seu banheiro, use o Porta Papel Higi\u00eanico Future para caixa acoplada. Com r\u00e1pida instala\u00e7\u00e3o e sem furos, em instantes voc\u00ea deixa seu banheiro mais moderno e funcional. \u00c9 \u00f3tima op\u00e7\u00e3o para banheiro e lavabos pequenos e possui capacidade para um rolo. Em a\u00e7o cromado, o porta papel higi\u00eanico conta com a tecnologia Rust Free que garante maior durabilidade e resist\u00eancia contra a ferrugem, tornando-se o produto ideal para \u00e1reas \u00famidas ou molhadas.<\/p>\n","protected":false},"excerpt":{"rendered":"<h4 style=\"margin: 0px;padding: 0px 0px 16px;font-family: Lato, sans-serif;font-weight: bold;line-height: 3rem;color: var(--dark-grey3);font-size: 22px;font-style: normal;letter-spacing: normal;text-align: start;text-indent: 0px;text-transform: none\">Informa\u00e7\u00f5es t\u00e9cnicas<\/h4>\n<p><span style=\"margin: 0px;padding: 0px;font-weight: 450;font-size: 14px;line-height: 21px;color: var(--dark-grey2);font-family: Lato, sans-serif;font-style: normal;letter-spacing: normal;text-align: start;text-indent: 0px;text-transform: none\">Produto: Porta papel higi\u00eanico para caixa acoplada<br \/>\nMarca: Future<br \/>\nMaterial: A\u00e7o<br \/>\nAcabamento: A\u00e7o Cromado<br \/>\nCor: Prata<br \/>\nCaracter\u00edsticas: Comporta 1 rolo; sem furos; para caixas acopladas.<br \/>\nItens inclusos: 1 porta papel higi\u00eanico<br \/>\nDimens\u00f5es do produto (A X L X C): 4 x 10 x 12,5cm<\/span><\/p>\n","protected":false},"featured_media":11181,"template":"","meta":{"_joinchat":[]},"product_brand":[],"product_cat":[69],"product_tag":[],"class_list":{"0":"post-11127","1":"product","2":"type-product","3":"status-publish","4":"has-post-thumbnail","6":"product_cat-acessorios-para-banheiro","8":"first","9":"outofstock","10":"shipping-taxable","11":"purchasable","12":"product-type-simple"},"_links":{"self":[{"href":"https:\/\/www.multicasa.com.br\/inicio\/wp-json\/wp\/v2\/product\/11127","targetHints":{"allow":["GET"]}}],"collection":[{"href":"https:\/\/www.multicasa.com.br\/inicio\/wp-json\/wp\/v2\/product"}],"about":[{"href":"https:\/\/www.multicasa.com.br\/inicio\/wp-json\/wp\/v2\/types\/product"}],"wp:featuredmedia":[{"embeddable":true,"href":"https:\/\/www.multicasa.com.br\/inicio\/wp-json\/wp\/v2\/media\/11181"}],"wp:attachment":[{"href":"https:\/\/www.multicasa.com.br\/inicio\/wp-json\/wp\/v2\/media?parent=11127"}],"wp:term":[{"taxonomy":"product_brand","embeddable":true,"href":"https:\/\/www.multicasa.com.br\/inicio\/wp-json\/wp\/v2\/product_brand?post=11127"},{"taxonomy":"product_cat","embeddable":true,"href":"https:\/\/www.multicasa.com.br\/inicio\/wp-json\/wp\/v2\/product_cat?post=11127"},{"taxonomy":"product_tag","embeddable":true,"href":"https:\/\/www.multicasa.com.br\/inicio\/wp-json\/wp\/v2\/product_tag?post=11127"}],"curies":[{"name":"wp","href":"https:\/\/api.w.org\/{rel}","templated":true}]}}