{"id":11162,"date":"2025-06-20T18:03:46","date_gmt":"2025-06-20T22:03:46","guid":{"rendered":"https:\/\/www.multicasa.com.br\/inicio\/?post_type=product&#038;p=11162"},"modified":"2025-12-16T19:32:45","modified_gmt":"2025-12-16T23:32:45","slug":"organizador-de-fios-e-cabos-daneva-15m","status":"publish","type":"product","link":"https:\/\/www.multicasa.com.br\/inicio\/produto\/organizador-de-fios-e-cabos-daneva-15m\/","title":{"rendered":"Organizador de Fios e Cabos Daneva 1,5m"},"content":{"rendered":"<p>O Organizador de Fios e Cabos Daneva \u00e9 produzido em pl\u00e1stico e metal branco em formato espiral com 1,5m de comprimento, para acomodar os mais variados tipos de cabos ou fios, organizando e evitando bagun\u00e7a no ambiente. Reduza o risco de acidentes ou que os fios embolem.<\/p>\n","protected":false},"excerpt":{"rendered":"<h4 style=\"margin: 0px;padding: 0px 0px 16px;font-family: Lato, sans-serif;font-weight: bold;line-height: 3rem;color: var(--dark-grey3);font-size: 22px;font-style: normal;letter-spacing: normal;text-align: start;text-indent: 0px;text-transform: none\">Informa\u00e7\u00f5es t\u00e9cnicas<\/h4>\n<p><span style=\"margin: 0px;padding: 0px;font-weight: 450;font-size: 14px;line-height: 21px;color: var(--dark-grey2);font-family: Lato, sans-serif;font-style: normal;letter-spacing: normal;text-align: start;text-indent: 0px;text-transform: none\">Produto: Organizador de fio<br \/>\nMarca: DanEVA<br \/>\nMaterial: Pl\u00e1stico<br \/>\nMetal<br \/>\nCor: Branco<br \/>\nCaracter\u00edsticas: Possui espessura de 12,5mm<br \/>\nFormato espiral<br \/>\nItens Inclusos: 1 organizador de fio<br \/>\nDimens\u00f5es do produto (A x L x P): 1,25 x 150 x 2cm<br \/>\n<\/span><\/p>\n","protected":false},"featured_media":11216,"template":"","meta":{"_joinchat":[]},"product_brand":[],"product_cat":[98],"product_tag":[],"class_list":{"0":"post-11162","1":"product","2":"type-product","3":"status-publish","4":"has-post-thumbnail","6":"product_cat-organizadores","8":"first","9":"outofstock","10":"shipping-taxable","11":"product-type-simple"},"_links":{"self":[{"href":"https:\/\/www.multicasa.com.br\/inicio\/wp-json\/wp\/v2\/product\/11162","targetHints":{"allow":["GET"]}}],"collection":[{"href":"https:\/\/www.multicasa.com.br\/inicio\/wp-json\/wp\/v2\/product"}],"about":[{"href":"https:\/\/www.multicasa.com.br\/inicio\/wp-json\/wp\/v2\/types\/product"}],"wp:featuredmedia":[{"embeddable":true,"href":"https:\/\/www.multicasa.com.br\/inicio\/wp-json\/wp\/v2\/media\/11216"}],"wp:attachment":[{"href":"https:\/\/www.multicasa.com.br\/inicio\/wp-json\/wp\/v2\/media?parent=11162"}],"wp:term":[{"taxonomy":"product_brand","embeddable":true,"href":"https:\/\/www.multicasa.com.br\/inicio\/wp-json\/wp\/v2\/product_brand?post=11162"},{"taxonomy":"product_cat","embeddable":true,"href":"https:\/\/www.multicasa.com.br\/inicio\/wp-json\/wp\/v2\/product_cat?post=11162"},{"taxonomy":"product_tag","embeddable":true,"href":"https:\/\/www.multicasa.com.br\/inicio\/wp-json\/wp\/v2\/product_tag?post=11162"}],"curies":[{"name":"wp","href":"https:\/\/api.w.org\/{rel}","templated":true}]}}

<p>O Organizador de Fios e Cabos Daneva é produzido em plástico e metal branco em formato espiral com 1,5m de comprimento, para acomodar os mais variados tipos de cabos ou fios, organizando e evitando bagunça no ambiente. Reduza o risco de acidentes ou que os fios embolem.</p>

<h4 style="margin: 0px;padding: 0px 0px 16px;font-family: Lato, sans-serif;font-weight: bold;line-height: 3rem;color: var(--dark-grey3);font-size: 22px;font-style: normal;letter-spacing: normal;text-align: start;text-indent: 0px;text-transform: none">Informações técnicas</h4>
<p><span style="margin: 0px;padding: 0px;font-weight: 450;font-size: 14px;line-height: 21px;color: var(--dark-grey2);font-family: Lato, sans-serif;font-style: normal;letter-spacing: normal;text-align: start;text-indent: 0px;text-transform: none">Produto: Organizador de fio<br />
Marca: DanEVA<br />
Material: Plástico<br />
Metal<br />
Cor: Branco<br />
Características: Possui espessura de 12,5mm<br />
Formato espiral<br />
Itens Inclusos: 1 organizador de fio<br />
Dimensões do produto (A x L x P): 1,25 x 150 x 2cm<br />
</span></p>
