{"id":11195,"date":"2025-06-20T18:04:09","date_gmt":"2025-06-20T22:04:09","guid":{"rendered":"https:\/\/www.multicasa.com.br\/inicio\/?post_type=product&#038;p=11195"},"modified":"2026-03-13T08:52:36","modified_gmt":"2026-03-13T12:52:36","slug":"chave-torx-tipo-canivete-vonder-8-pecas","status":"publish","type":"product","link":"https:\/\/www.multicasa.com.br\/inicio\/produto\/chave-torx-tipo-canivete-vonder-8-pecas\/","title":{"rendered":"Chave Torx Tipo Canivete Vonder 8 pe\u00e7as"},"content":{"rendered":"<p>Com a Chave Torx tipo canivete Vonder voc\u00ea ser\u00e1 capaz de fixar e soltar parafusos hexalobular. Produzida em a\u00e7o cromo van\u00e1dio, proporcionando maior resist\u00eancia e durabilidade. Compacta e completa tenha o que precisa na palma da m\u00e3o.<\/p>\n","protected":false},"excerpt":{"rendered":"<h4 style=\"margin: 0px;padding: 0px 0px 16px;font-family: Lato, sans-serif;font-weight: bold;line-height: 3rem;color: var(--dark-grey3);font-size: 22px;font-style: normal;letter-spacing: normal;text-align: start;text-indent: 0px;text-transform: none\">Informa\u00e7\u00f5es t\u00e9cnicas<\/h4>\n<p><span style=\"margin: 0px;padding: 0px;font-weight: 450;font-size: 14px;line-height: 21px;color: var(--dark-grey2);font-family: Lato, sans-serif;font-style: normal;letter-spacing: normal;text-align: start;text-indent: 0px;text-transform: none\">Produto: Chave torx<br \/>\nTIpo: Canivete<br \/>\nMarca: Vonder<br \/>\nMaterial: A\u00e7o Cromo Van\u00e1dio<br \/>\nAcabamento: Fosfatizado preto<br \/>\nCor: Amarelo<br \/>\nUso Indicado: Para apertar e soltar parafusos hexalobular<br \/>\nQuantidade de pe\u00e7as: 9<br \/>\nItens Inclusos: 1 suporte de pl\u00e1stico<br \/>\n8 chaves torx sendo: T9 &#8211; T10 &#8211; T15 &#8211; T20 &#8211; T25 &#8211; T27 &#8211; T30 e T40<br \/>\nGarantia: 90 dias<\/span><\/p>\n","protected":false},"featured_media":11249,"template":"","meta":{"_joinchat":[]},"product_brand":[],"product_cat":[137],"product_tag":[],"class_list":{"0":"post-11195","1":"product","2":"type-product","3":"status-publish","4":"has-post-thumbnail","6":"product_cat-ferramentas-manuais","8":"first","9":"instock","10":"shipping-taxable","11":"purchasable","12":"product-type-simple"},"_links":{"self":[{"href":"https:\/\/www.multicasa.com.br\/inicio\/wp-json\/wp\/v2\/product\/11195","targetHints":{"allow":["GET"]}}],"collection":[{"href":"https:\/\/www.multicasa.com.br\/inicio\/wp-json\/wp\/v2\/product"}],"about":[{"href":"https:\/\/www.multicasa.com.br\/inicio\/wp-json\/wp\/v2\/types\/product"}],"wp:featuredmedia":[{"embeddable":true,"href":"https:\/\/www.multicasa.com.br\/inicio\/wp-json\/wp\/v2\/media\/11249"}],"wp:attachment":[{"href":"https:\/\/www.multicasa.com.br\/inicio\/wp-json\/wp\/v2\/media?parent=11195"}],"wp:term":[{"taxonomy":"product_brand","embeddable":true,"href":"https:\/\/www.multicasa.com.br\/inicio\/wp-json\/wp\/v2\/product_brand?post=11195"},{"taxonomy":"product_cat","embeddable":true,"href":"https:\/\/www.multicasa.com.br\/inicio\/wp-json\/wp\/v2\/product_cat?post=11195"},{"taxonomy":"product_tag","embeddable":true,"href":"https:\/\/www.multicasa.com.br\/inicio\/wp-json\/wp\/v2\/product_tag?post=11195"}],"curies":[{"name":"wp","href":"https:\/\/api.w.org\/{rel}","templated":true}]}}