{"id":11262,"date":"2025-06-20T18:04:57","date_gmt":"2025-06-20T22:04:57","guid":{"rendered":"https:\/\/www.multicasa.com.br\/inicio\/?post_type=product&#038;p=11262"},"modified":"2025-06-20T18:05:42","modified_gmt":"2025-06-20T22:05:42","slug":"lampada-luz-branca-fria-4000k-osram-32w-bivolt-osram","status":"publish","type":"product","link":"https:\/\/www.multicasa.com.br\/inicio\/produto\/lampada-luz-branca-fria-4000k-osram-32w-bivolt-osram\/","title":{"rendered":"L\u00e2mpada Luz Branca Fria 4000K Osram 32W Bivolt Osram"},"content":{"rendered":"<p>Use a l\u00e2mpada de luz branca fria da Osram para garantir a claridade que voc\u00ea precisa. Com excelente luminosidade, \u00e9 compat\u00edvel soquete G13 e ideal para ser utilizada em lumin\u00e1rias de teto. Para lig\u00e1-la \u00e0 rede el\u00e9trica \u00e9 necess\u00e1rio reator espec\u00edfico. Tem 32w de pot\u00eancia, bivolt, emiss\u00e3o de 2350 lumens e temperatura de cor em 4000k.<\/p>\n","protected":false},"excerpt":{"rendered":"<h4 style=\"margin: 0px;padding: 0px 0px 16px;font-family: Lato, sans-serif;font-weight: bold;line-height: 3rem;color: var(--dark-grey3);font-size: 22px;font-style: normal;letter-spacing: normal;text-align: start;text-indent: 0px;text-transform: none\">Informa\u00e7\u00f5es t\u00e9cnicas<\/h4>\n<p><span style=\"margin: 0px;padding: 0px;font-weight: 450;font-size: 14px;line-height: 21px;color: var(--dark-grey2);font-family: Lato, sans-serif;font-style: normal;letter-spacing: normal;text-align: start;text-indent: 0px;text-transform: none\">Produto: L\u00e2mpada<br \/>\nMarca: Osram<br \/>\nMaterial: Vidro<br \/>\nCor: Branca<br \/>\nCor da Luz: Branca<br \/>\nPot\u00eancia: 32w<br \/>\nTens\u00e3o El\u00e9trica: 127 -220v<br \/>\nFrequ\u00eancia: 50\/60HZ<br \/>\nTemperatura de cor: 4000K<br \/>\nCaracter\u00edsticas: Soquete G13<br \/>\nLumens 2350LM<br \/>\nFluorescente<br \/>\nTubular T8<br \/>\n\u00c2ngulo de abertura 26\u00b0<br \/>\nVida \u00datil 7500H<br \/>\nIRC 60-69<br \/>\nCertificada pelo Inmetro<br \/>\nItens Inclusos: 1 L\u00e2mpada<br \/>\nDimens\u00f5es do produto (A X L): 2,6 x 120cm<br \/>\n<\/span><\/p>\n","protected":false},"featured_media":11331,"template":"","meta":{"_joinchat":[]},"product_brand":[],"product_cat":[80],"product_tag":[],"class_list":{"0":"post-11262","1":"product","2":"type-product","3":"status-publish","4":"has-post-thumbnail","6":"product_cat-lampadas","8":"first","9":"outofstock","10":"shipping-taxable","11":"product-type-simple"},"_links":{"self":[{"href":"https:\/\/www.multicasa.com.br\/inicio\/wp-json\/wp\/v2\/product\/11262","targetHints":{"allow":["GET"]}}],"collection":[{"href":"https:\/\/www.multicasa.com.br\/inicio\/wp-json\/wp\/v2\/product"}],"about":[{"href":"https:\/\/www.multicasa.com.br\/inicio\/wp-json\/wp\/v2\/types\/product"}],"wp:featuredmedia":[{"embeddable":true,"href":"https:\/\/www.multicasa.com.br\/inicio\/wp-json\/wp\/v2\/media\/11331"}],"wp:attachment":[{"href":"https:\/\/www.multicasa.com.br\/inicio\/wp-json\/wp\/v2\/media?parent=11262"}],"wp:term":[{"taxonomy":"product_brand","embeddable":true,"href":"https:\/\/www.multicasa.com.br\/inicio\/wp-json\/wp\/v2\/product_brand?post=11262"},{"taxonomy":"product_cat","embeddable":true,"href":"https:\/\/www.multicasa.com.br\/inicio\/wp-json\/wp\/v2\/product_cat?post=11262"},{"taxonomy":"product_tag","embeddable":true,"href":"https:\/\/www.multicasa.com.br\/inicio\/wp-json\/wp\/v2\/product_tag?post=11262"}],"curies":[{"name":"wp","href":"https:\/\/api.w.org\/{rel}","templated":true}]}}

Lâmpada Luz Branca Fria 4000K Osram 32W Bivolt Osram

<p>Use a lâmpada de luz branca fria da Osram para garantir a claridade que você precisa. Com excelente luminosidade, é compatível soquete G13 e ideal para ser utilizada em luminárias de teto. Para ligá-la à rede elétrica é necessário reator específico. Tem 32w de potência, bivolt, emissão de 2350 lumens e temperatura de cor em 4000k.</p>

<h4 style="margin: 0px;padding: 0px 0px 16px;font-family: Lato, sans-serif;font-weight: bold;line-height: 3rem;color: var(--dark-grey3);font-size: 22px;font-style: normal;letter-spacing: normal;text-align: start;text-indent: 0px;text-transform: none">Informações técnicas</h4>
<p><span style="margin: 0px;padding: 0px;font-weight: 450;font-size: 14px;line-height: 21px;color: var(--dark-grey2);font-family: Lato, sans-serif;font-style: normal;letter-spacing: normal;text-align: start;text-indent: 0px;text-transform: none">Produto: Lâmpada<br />
Marca: Osram<br />
Material: Vidro<br />
Cor: Branca<br />
Cor da Luz: Branca<br />
Potência: 32w<br />
Tensão Elétrica: 127 -220v<br />
Frequência: 50/60HZ<br />
Temperatura de cor: 4000K<br />
Características: Soquete G13<br />
Lumens 2350LM<br />
Fluorescente<br />
Tubular T8<br />
Ângulo de abertura 26°<br />
Vida Útil 7500H<br />
IRC 60-69<br />
Certificada pelo Inmetro<br />
Itens Inclusos: 1 Lâmpada<br />
Dimensões do produto (A X L): 2,6 x 120cm<br />
</span></p>
