{"id":11360,"date":"2025-06-20T18:06:04","date_gmt":"2025-06-20T22:06:04","guid":{"rendered":"https:\/\/www.multicasa.com.br\/inicio\/?post_type=product&#038;p=11360"},"modified":"2026-02-24T09:55:53","modified_gmt":"2026-02-24T13:55:53","slug":"chaleira-de-inox-com-apito-mimo-2l","status":"publish","type":"product","link":"https:\/\/www.multicasa.com.br\/inicio\/produto\/chaleira-de-inox-com-apito-mimo-2l\/","title":{"rendered":"Chaleira de Inox com Apito Mimo 2L"},"content":{"rendered":"<p>A Chaleira de Inox com Apito da Mimo leva mais sofistica\u00e7\u00e3o a sua cozinha e mais charme \u00e0 mesa. Feita com inox de alta qualidade, sua al\u00e7a e apito s\u00e3o feitos de baquelite e resina sint\u00e9tica est\u00e1vel resistentes ao calor que evitam queimaduras e acidentes durante o uso. Ideal para voc\u00ea n\u00e3o esquecer nada no forno, tem capacidade de 2 litros, possui tampa e formato redondo. Pode ser lavada na lava-lou\u00e7as.<\/p>\n","protected":false},"excerpt":{"rendered":"<h4 style=\"margin: 0px;padding: 0px 0px 16px;font-family: Lato, sans-serif;font-weight: bold;line-height: 3rem;color: var(--dark-grey3);font-size: 22px;font-style: normal;letter-spacing: normal;text-align: start;text-indent: 0px;text-transform: none\">Informa\u00e7\u00f5es t\u00e9cnicas<\/h4>\n<p><span style=\"margin: 0px;padding: 0px;font-weight: 450;font-size: 14px;line-height: 21px;color: var(--dark-grey2);font-family: Lato, sans-serif;font-style: normal;letter-spacing: normal;text-align: start;text-indent: 0px;text-transform: none\">Produto: Chaleira<br \/>\nMarca: Mimo<br \/>\nMaterial: A\u00e7o inox; resina sint\u00e9tica<br \/>\nCor: Prata<br \/>\nCapacidade: 2L<br \/>\nItens Inclusos: 1 Chaleira<br \/>\nDimens\u00f5es do produto (A x L x P): 23 x 26 x 26cm<\/span><\/p>\n","protected":false},"featured_media":24923,"template":"","meta":{"_joinchat":[]},"product_brand":[],"product_cat":[138],"product_tag":[],"class_list":{"0":"post-11360","1":"product","2":"type-product","3":"status-publish","4":"has-post-thumbnail","6":"product_cat-telefones-e-cia","8":"first","9":"instock","10":"shipping-taxable","11":"purchasable","12":"product-type-simple"},"_links":{"self":[{"href":"https:\/\/www.multicasa.com.br\/inicio\/wp-json\/wp\/v2\/product\/11360","targetHints":{"allow":["GET"]}}],"collection":[{"href":"https:\/\/www.multicasa.com.br\/inicio\/wp-json\/wp\/v2\/product"}],"about":[{"href":"https:\/\/www.multicasa.com.br\/inicio\/wp-json\/wp\/v2\/types\/product"}],"wp:featuredmedia":[{"embeddable":true,"href":"https:\/\/www.multicasa.com.br\/inicio\/wp-json\/wp\/v2\/media\/24923"}],"wp:attachment":[{"href":"https:\/\/www.multicasa.com.br\/inicio\/wp-json\/wp\/v2\/media?parent=11360"}],"wp:term":[{"taxonomy":"product_brand","embeddable":true,"href":"https:\/\/www.multicasa.com.br\/inicio\/wp-json\/wp\/v2\/product_brand?post=11360"},{"taxonomy":"product_cat","embeddable":true,"href":"https:\/\/www.multicasa.com.br\/inicio\/wp-json\/wp\/v2\/product_cat?post=11360"},{"taxonomy":"product_tag","embeddable":true,"href":"https:\/\/www.multicasa.com.br\/inicio\/wp-json\/wp\/v2\/product_tag?post=11360"}],"curies":[{"name":"wp","href":"https:\/\/api.w.org\/{rel}","templated":true}]}}

<p>A Chaleira de Inox com Apito da Mimo leva mais sofisticação a sua cozinha e mais charme à mesa. Feita com inox de alta qualidade, sua alça e apito são feitos de baquelite e resina sintética estável resistentes ao calor que evitam queimaduras e acidentes durante o uso. Ideal para você não esquecer nada no forno, tem capacidade de 2 litros, possui tampa e formato redondo. Pode ser lavada na lava-louças.</p>

<h4 style="margin: 0px;padding: 0px 0px 16px;font-family: Lato, sans-serif;font-weight: bold;line-height: 3rem;color: var(--dark-grey3);font-size: 22px;font-style: normal;letter-spacing: normal;text-align: start;text-indent: 0px;text-transform: none">Informações técnicas</h4>
<p><span style="margin: 0px;padding: 0px;font-weight: 450;font-size: 14px;line-height: 21px;color: var(--dark-grey2);font-family: Lato, sans-serif;font-style: normal;letter-spacing: normal;text-align: start;text-indent: 0px;text-transform: none">Produto: Chaleira<br />
Marca: Mimo<br />
Material: Aço inox; resina sintética<br />
Cor: Prata<br />
Capacidade: 2L<br />
Itens Inclusos: 1 Chaleira<br />
Dimensões do produto (A x L x P): 23 x 26 x 26cm</span></p>
