{"id":11423,"date":"2025-06-20T18:06:51","date_gmt":"2025-06-20T22:06:51","guid":{"rendered":"https:\/\/www.multicasa.com.br\/inicio\/?post_type=product&#038;p=11423"},"modified":"2025-06-20T18:07:32","modified_gmt":"2025-06-20T22:07:32","slug":"esponja-de-aco-inox-bonaco-flashlimp","status":"publish","type":"product","link":"https:\/\/www.multicasa.com.br\/inicio\/produto\/esponja-de-aco-inox-bonaco-flashlimp\/","title":{"rendered":"Esponja de A\u00e7o Inox Bonaco Flashlimp"},"content":{"rendered":"<p>Use a Esponja de A\u00e7o Bona\u00e7o da Flashlimp para limpar superf\u00edcies com res\u00edduos dif\u00edceis de serem removidos como ferros, grelhas, assadeiras, churrasqueiras, panelas de alum\u00ednio e outros. Super macia, \u00e9 ideal para deixar tudo brilhando sem soltar farpas e machucar suas m\u00e3os. Al\u00e9m disso, \u00e9 100% recicl\u00e1vel. Ideal para que voc\u00ea n\u00e3o precise esfregar com for\u00e7a e poupe seus esfor\u00e7os nos afazeres de casa.<\/p>\n","protected":false},"excerpt":{"rendered":"<h4 style=\"margin: 0px;padding: 0px 0px 16px;font-family: Lato, sans-serif;font-weight: bold;line-height: 3rem;color: var(--dark-grey3);font-size: 22px;font-style: normal;letter-spacing: normal;text-align: start;text-indent: 0px;text-transform: none\">Informa\u00e7\u00f5es t\u00e9cnicas<\/h4>\n<p><span style=\"margin: 0px;padding: 0px;font-weight: 450;font-size: 14px;line-height: 21px;color: var(--dark-grey2);font-family: Lato, sans-serif;font-style: normal;letter-spacing: normal;text-align: start;text-indent: 0px;text-transform: none\">Produto: Esponja de A\u00e7o<br \/>\nTipo: Espiral<br \/>\nMarca: Flashlimp<br \/>\nMaterial: Inox Bonaco<br \/>\nCaracter\u00edstica: N\u00e3o solta farpas<br \/>\nN\u00e3o enferruja<br \/>\nN\u00e3o machuca as m\u00e3os<br \/>\nItens Inclusos: 1 Esponja de a\u00e7o<br \/>\nDimens\u00f5es do produto (A X L X P): 6,5 x 6,5 x 3,5cm<\/span><\/p>\n","protected":false},"featured_media":11482,"template":"","meta":{"_joinchat":[]},"product_brand":[],"product_cat":[151],"product_tag":[],"class_list":{"0":"post-11423","1":"product","2":"type-product","3":"status-publish","4":"has-post-thumbnail","6":"product_cat-pilhas","8":"first","9":"outofstock","10":"shipping-taxable","11":"product-type-simple"},"_links":{"self":[{"href":"https:\/\/www.multicasa.com.br\/inicio\/wp-json\/wp\/v2\/product\/11423","targetHints":{"allow":["GET"]}}],"collection":[{"href":"https:\/\/www.multicasa.com.br\/inicio\/wp-json\/wp\/v2\/product"}],"about":[{"href":"https:\/\/www.multicasa.com.br\/inicio\/wp-json\/wp\/v2\/types\/product"}],"wp:featuredmedia":[{"embeddable":true,"href":"https:\/\/www.multicasa.com.br\/inicio\/wp-json\/wp\/v2\/media\/11482"}],"wp:attachment":[{"href":"https:\/\/www.multicasa.com.br\/inicio\/wp-json\/wp\/v2\/media?parent=11423"}],"wp:term":[{"taxonomy":"product_brand","embeddable":true,"href":"https:\/\/www.multicasa.com.br\/inicio\/wp-json\/wp\/v2\/product_brand?post=11423"},{"taxonomy":"product_cat","embeddable":true,"href":"https:\/\/www.multicasa.com.br\/inicio\/wp-json\/wp\/v2\/product_cat?post=11423"},{"taxonomy":"product_tag","embeddable":true,"href":"https:\/\/www.multicasa.com.br\/inicio\/wp-json\/wp\/v2\/product_tag?post=11423"}],"curies":[{"name":"wp","href":"https:\/\/api.w.org\/{rel}","templated":true}]}}