{"id":11493,"date":"2025-06-20T18:07:38","date_gmt":"2025-06-20T22:07:38","guid":{"rendered":"https:\/\/www.multicasa.com.br\/inicio\/?post_type=product&#038;p=11493"},"modified":"2025-06-20T18:08:12","modified_gmt":"2025-06-20T22:08:12","slug":"espelho-dupla-face-de-mesa-jolie-crysbell","status":"publish","type":"product","link":"https:\/\/www.multicasa.com.br\/inicio\/produto\/espelho-dupla-face-de-mesa-jolie-crysbell\/","title":{"rendered":"Espelho Dupla Face de Mesa Jolie Crysbell"},"content":{"rendered":"<p>Chegou a hora de se arrumar com praticidade e conforto! Com o espelho dupla face de mesa Jolie da Crysbell isso ficou ainda mais f\u00e1cil. Possui lente de amplia\u00e7\u00e3o em um dos lados, movimenta\u00e7\u00e3o vertical, design elegante e delicado que pode enfeitar penteadeiras, pias de banheiros e closets. \u00d3tima op\u00e7\u00e3o para levar em viagens e passeios.<\/p>\n","protected":false},"excerpt":{"rendered":"<h4 style=\"margin: 0px;padding: 0px 0px 16px;font-family: Lato, sans-serif;font-weight: bold;line-height: 3rem;color: var(--dark-grey3);font-size: 22px;font-style: normal;letter-spacing: normal;text-align: start;text-indent: 0px;text-transform: none\">Informa\u00e7\u00f5es t\u00e9cnicas<\/h4>\n<p><span style=\"margin: 0px;padding: 0px;font-weight: 450;font-size: 14px;line-height: 21px;color: var(--dark-grey2);font-family: Lato, sans-serif;font-style: normal;letter-spacing: normal;text-align: start;text-indent: 0px;text-transform: none\">Produto: Espelho<br \/>\nTipo: Dupla Face<br \/>\nMarca: Crysbell<br \/>\nMaterial: Base em Pl\u00e1stico<br \/>\nVidro<br \/>\nCor: Branco<br \/>\nCaracter\u00edsticas: Lente com amplia\u00e7\u00e3o<br \/>\nItens inclusos: 1 espelho<br \/>\nDi\u00e2metro do produto: 12cm<br \/>\nDimens\u00f5es do produto (A X L ): 21 x 15cm<br \/>\n<\/span><\/p>\n","protected":false},"featured_media":11547,"template":"","meta":{"_joinchat":[]},"product_brand":[],"product_cat":[72],"product_tag":[],"class_list":{"0":"post-11493","1":"product","2":"type-product","3":"status-publish","4":"has-post-thumbnail","6":"product_cat-espelhos-e-cia","8":"first","9":"outofstock","10":"shipping-taxable","11":"product-type-simple"},"_links":{"self":[{"href":"https:\/\/www.multicasa.com.br\/inicio\/wp-json\/wp\/v2\/product\/11493","targetHints":{"allow":["GET"]}}],"collection":[{"href":"https:\/\/www.multicasa.com.br\/inicio\/wp-json\/wp\/v2\/product"}],"about":[{"href":"https:\/\/www.multicasa.com.br\/inicio\/wp-json\/wp\/v2\/types\/product"}],"wp:featuredmedia":[{"embeddable":true,"href":"https:\/\/www.multicasa.com.br\/inicio\/wp-json\/wp\/v2\/media\/11547"}],"wp:attachment":[{"href":"https:\/\/www.multicasa.com.br\/inicio\/wp-json\/wp\/v2\/media?parent=11493"}],"wp:term":[{"taxonomy":"product_brand","embeddable":true,"href":"https:\/\/www.multicasa.com.br\/inicio\/wp-json\/wp\/v2\/product_brand?post=11493"},{"taxonomy":"product_cat","embeddable":true,"href":"https:\/\/www.multicasa.com.br\/inicio\/wp-json\/wp\/v2\/product_cat?post=11493"},{"taxonomy":"product_tag","embeddable":true,"href":"https:\/\/www.multicasa.com.br\/inicio\/wp-json\/wp\/v2\/product_tag?post=11493"}],"curies":[{"name":"wp","href":"https:\/\/api.w.org\/{rel}","templated":true}]}}