{"id":11496,"date":"2025-06-20T18:07:39","date_gmt":"2025-06-20T22:07:39","guid":{"rendered":"https:\/\/www.multicasa.com.br\/inicio\/?post_type=product&#038;p=11496"},"modified":"2025-12-16T19:39:24","modified_gmt":"2025-12-16T23:39:24","slug":"lixeira-de-inox-com-pedal-cromada-brinox-5l","status":"publish","type":"product","link":"https:\/\/www.multicasa.com.br\/inicio\/produto\/lixeira-de-inox-com-pedal-cromada-brinox-5l\/","title":{"rendered":"Lixeira de Inox com Pedal Cromada Brinox 5L"},"content":{"rendered":"<p>A Lixeira de Inox com Pedal Cromada da Brinox de 5 litros \u00e9 um objeto indispens\u00e1vel e muito utilizado em cozinhas, banheiros e \u00e1reas de servi\u00e7o. Pensando nisso, a Brinox desenvolveu uma linha de lixeiras que, al\u00e9m de elegantes, s\u00e3o pr\u00e1ticas e funcionais. O recipiente externo \u00e9 feito em a\u00e7o inox, um material resistente e n\u00e3o poroso, que evita o ac\u00famulo de res\u00edduos e facilita a limpeza. Al\u00e9m disso, o produto possui um balde interno remov\u00edvel em pl\u00e1stico, que pode ser facilmente retirado atrav\u00e9s de uma al\u00e7a. O pedal, localizado na parte inferior da lixeira, facilita a abertura e fechamento da pe\u00e7a e a al\u00e7a exterior simplifica o seu transporte. O sistema de ader\u00eancia por ventosas fixado na base garante a estabilidade e o manuseio da mesma. Qualidade garantida, resiste a mais de 1 milh\u00e3o de ciclos de abertura.<\/p>\n","protected":false},"excerpt":{"rendered":"<h4 style=\"margin: 0px;padding: 0px 0px 16px;font-family: Lato, sans-serif;font-weight: bold;line-height: 3rem;color: var(--dark-grey3);font-size: 22px;font-style: normal;letter-spacing: normal;text-align: start;text-indent: 0px;text-transform: none\">Informa\u00e7\u00f5es t\u00e9cnicas<\/h4>\n<p><span style=\"margin: 0px;padding: 0px;font-weight: 450;font-size: 14px;line-height: 21px;color: var(--dark-grey2);font-family: Lato, sans-serif;font-style: normal;letter-spacing: normal;text-align: start;text-indent: 0px;text-transform: none\">Produto: Lixeira<br \/>\nMarca: Brinox                                                                                                                                                           Linha: Decorline<br \/>\nMaterial: A\u00e7o Inox e pl\u00e1stico<br \/>\nCor: Cromada<br \/>\nCapacidade: 5L<br \/>\nCaracter\u00edsticas: Tampa acionada por pedal, balde interno remov\u00edvel com al\u00e7a<br \/>\nItens Inclusos: 1 Lixeira<br \/>\nDimens\u00f5es do produto (A X L X P): 20 x 30cm                                                                                                             Peso: 3,35kg                                                                                                                                                       Garantia: 90 dias para v\u00edcios e defeitos de fabrica\u00e7\u00e3o<\/span><\/p>\n","protected":false},"featured_media":25464,"template":"","meta":{"_joinchat":[]},"product_brand":[],"product_cat":[99],"product_tag":[],"class_list":{"0":"post-11496","1":"product","2":"type-product","3":"status-publish","4":"has-post-thumbnail","6":"product_cat-lixeiras","8":"first","9":"outofstock","10":"shipping-taxable","11":"purchasable","12":"product-type-simple"},"_links":{"self":[{"href":"https:\/\/www.multicasa.com.br\/inicio\/wp-json\/wp\/v2\/product\/11496","targetHints":{"allow":["GET"]}}],"collection":[{"href":"https:\/\/www.multicasa.com.br\/inicio\/wp-json\/wp\/v2\/product"}],"about":[{"href":"https:\/\/www.multicasa.com.br\/inicio\/wp-json\/wp\/v2\/types\/product"}],"wp:featuredmedia":[{"embeddable":true,"href":"https:\/\/www.multicasa.com.br\/inicio\/wp-json\/wp\/v2\/media\/25464"}],"wp:attachment":[{"href":"https:\/\/www.multicasa.com.br\/inicio\/wp-json\/wp\/v2\/media?parent=11496"}],"wp:term":[{"taxonomy":"product_brand","embeddable":true,"href":"https:\/\/www.multicasa.com.br\/inicio\/wp-json\/wp\/v2\/product_brand?post=11496"},{"taxonomy":"product_cat","embeddable":true,"href":"https:\/\/www.multicasa.com.br\/inicio\/wp-json\/wp\/v2\/product_cat?post=11496"},{"taxonomy":"product_tag","embeddable":true,"href":"https:\/\/www.multicasa.com.br\/inicio\/wp-json\/wp\/v2\/product_tag?post=11496"}],"curies":[{"name":"wp","href":"https:\/\/api.w.org\/{rel}","templated":true}]}}