{"id":11535,"date":"2025-06-20T18:08:02","date_gmt":"2025-06-20T22:08:02","guid":{"rendered":"https:\/\/www.multicasa.com.br\/inicio\/?post_type=product&#038;p=11535"},"modified":"2025-12-16T18:12:29","modified_gmt":"2025-12-16T22:12:29","slug":"garrafa-com-bico-gole-gut-de-plastico-sanremo-250ml","status":"publish","type":"product","link":"https:\/\/www.multicasa.com.br\/inicio\/produto\/garrafa-com-bico-gole-gut-de-plastico-sanremo-250ml\/","title":{"rendered":"Garrafa com Bico Gole Gut de Pl\u00e1stico Sanremo 250ml"},"content":{"rendered":"<p>Garrafa com Bico Gole Gut de Pl\u00e1stico Sanremo, \u00e9 herm\u00e9tica e a prova de vazamentos, ideal para levar l\u00edquidos na horizontal para a geladeira ou na bolsa. Produzida em pl\u00e1stico, livre de BPA, tem bico valvulado e capacidade para 250ml. Perfeita para levar pra onde voc\u00ea for.<\/p>\n","protected":false},"excerpt":{"rendered":"<h4 style=\"margin: 0px;padding: 0px 0px 16px;font-family: Lato, sans-serif;font-weight: bold;line-height: 3rem;color: var(--dark-grey3);font-size: 22px;font-style: normal;letter-spacing: normal;text-align: start;text-indent: 0px;text-transform: none\">Informa\u00e7\u00f5es t\u00e9cnicas<\/h4>\n<p><span style=\"margin: 0px;padding: 0px;font-weight: 450;font-size: 14px;line-height: 21px;color: var(--dark-grey2);font-family: Lato, sans-serif;font-style: normal;letter-spacing: normal;text-align: start;text-indent: 0px;text-transform: none\">Produto: Garrafa<br \/>\nMarca: Sanremo<br \/>\nMaterial: Pl\u00e1stico<br \/>\nBPA free<br \/>\nCor: Incolor, rosa e laranja<br \/>\nCapacidade: 250ml<br \/>\nCaracter\u00edsticas: Bico valvulado<br \/>\nHerm\u00e9tica<br \/>\nItens Inclusos: 1 garrafa<br \/>\nDimens\u00f5es do produto (A x L x P): 11,2 x 7,8 x 5cm<br \/>\n<\/span><\/p>\n","protected":false},"featured_media":11589,"template":"","meta":{"_joinchat":[]},"product_brand":[],"product_cat":[138],"product_tag":[],"class_list":{"0":"post-11535","1":"product","2":"type-product","3":"status-publish","4":"has-post-thumbnail","6":"product_cat-telefones-e-cia","8":"first","9":"outofstock","10":"shipping-taxable","11":"product-type-simple"},"_links":{"self":[{"href":"https:\/\/www.multicasa.com.br\/inicio\/wp-json\/wp\/v2\/product\/11535","targetHints":{"allow":["GET"]}}],"collection":[{"href":"https:\/\/www.multicasa.com.br\/inicio\/wp-json\/wp\/v2\/product"}],"about":[{"href":"https:\/\/www.multicasa.com.br\/inicio\/wp-json\/wp\/v2\/types\/product"}],"wp:featuredmedia":[{"embeddable":true,"href":"https:\/\/www.multicasa.com.br\/inicio\/wp-json\/wp\/v2\/media\/11589"}],"wp:attachment":[{"href":"https:\/\/www.multicasa.com.br\/inicio\/wp-json\/wp\/v2\/media?parent=11535"}],"wp:term":[{"taxonomy":"product_brand","embeddable":true,"href":"https:\/\/www.multicasa.com.br\/inicio\/wp-json\/wp\/v2\/product_brand?post=11535"},{"taxonomy":"product_cat","embeddable":true,"href":"https:\/\/www.multicasa.com.br\/inicio\/wp-json\/wp\/v2\/product_cat?post=11535"},{"taxonomy":"product_tag","embeddable":true,"href":"https:\/\/www.multicasa.com.br\/inicio\/wp-json\/wp\/v2\/product_tag?post=11535"}],"curies":[{"name":"wp","href":"https:\/\/api.w.org\/{rel}","templated":true}]}}