{"id":11638,"date":"2025-06-20T18:09:11","date_gmt":"2025-06-20T22:09:11","guid":{"rendered":"https:\/\/www.multicasa.com.br\/inicio\/?post_type=product&#038;p=11638"},"modified":"2025-12-16T18:17:46","modified_gmt":"2025-12-16T22:17:46","slug":"veda-porta-em-aluminio-amz-aluminios-90cm","status":"publish","type":"product","link":"https:\/\/www.multicasa.com.br\/inicio\/produto\/veda-porta-em-aluminio-amz-aluminios-90cm\/","title":{"rendered":"Veda Porta em Alum\u00ednio AMZ Alum\u00ednios 90cm"},"content":{"rendered":"<p>O Veda Porta AMZ Alum\u00ednios \u00e9 confeccionado em alum\u00ednio que n\u00e3o enferruja e borracha. Simples e ideal para impedir a entrada de baratas, lagartixas, insetos, \u00e1gua e at\u00e9 poeira por de baixo da porta. O vedante para porta de alum\u00ednio possui 90 cm de comprimento e f\u00e1cil instala\u00e7\u00e3o por parafusos.<\/p>\n","protected":false},"excerpt":{"rendered":"<h4 style=\"margin: 0px;padding: 0px 0px 16px;font-family: Lato, sans-serif;font-weight: bold;line-height: 3rem;color: var(--dark-grey3);font-size: 22px;font-style: normal;letter-spacing: normal;text-align: start;text-indent: 0px;text-transform: none\">Informa\u00e7\u00f5es t\u00e9cnicas<\/h4>\n<p><span style=\"margin: 0px;padding: 0px;font-weight: 450;font-size: 14px;line-height: 21px;color: var(--dark-grey2);font-family: Lato, sans-serif;font-style: normal;letter-spacing: normal;text-align: start;text-indent: 0px;text-transform: none\"><br \/>\nProduto: Veda Porta<br \/>\nMarca: AMZ alum\u00ednios<br \/>\nMaterial: Alum\u00ednio<br \/>\nBorracha<br \/>\nCor: Prata<br \/>\nCaracter\u00edsticas: N\u00e3o enferruja<br \/>\nItens inclusos: 1 Veda Porta<br \/>\nDimens\u00f5es do produto (L): 90cm<\/span><\/p>\n","protected":false},"featured_media":11690,"template":"","meta":{"_joinchat":[]},"product_brand":[],"product_cat":[141],"product_tag":[],"class_list":{"0":"post-11638","1":"product","2":"type-product","3":"status-publish","4":"has-post-thumbnail","6":"product_cat-marcenaria","8":"first","9":"outofstock","10":"shipping-taxable","11":"purchasable","12":"product-type-simple"},"_links":{"self":[{"href":"https:\/\/www.multicasa.com.br\/inicio\/wp-json\/wp\/v2\/product\/11638","targetHints":{"allow":["GET"]}}],"collection":[{"href":"https:\/\/www.multicasa.com.br\/inicio\/wp-json\/wp\/v2\/product"}],"about":[{"href":"https:\/\/www.multicasa.com.br\/inicio\/wp-json\/wp\/v2\/types\/product"}],"wp:featuredmedia":[{"embeddable":true,"href":"https:\/\/www.multicasa.com.br\/inicio\/wp-json\/wp\/v2\/media\/11690"}],"wp:attachment":[{"href":"https:\/\/www.multicasa.com.br\/inicio\/wp-json\/wp\/v2\/media?parent=11638"}],"wp:term":[{"taxonomy":"product_brand","embeddable":true,"href":"https:\/\/www.multicasa.com.br\/inicio\/wp-json\/wp\/v2\/product_brand?post=11638"},{"taxonomy":"product_cat","embeddable":true,"href":"https:\/\/www.multicasa.com.br\/inicio\/wp-json\/wp\/v2\/product_cat?post=11638"},{"taxonomy":"product_tag","embeddable":true,"href":"https:\/\/www.multicasa.com.br\/inicio\/wp-json\/wp\/v2\/product_tag?post=11638"}],"curies":[{"name":"wp","href":"https:\/\/api.w.org\/{rel}","templated":true}]}}