{"id":11663,"date":"2025-06-20T18:09:33","date_gmt":"2025-06-20T22:09:33","guid":{"rendered":"https:\/\/www.multicasa.com.br\/inicio\/?post_type=product&#038;p=11663"},"modified":"2025-08-17T18:55:57","modified_gmt":"2025-08-17T22:55:57","slug":"telefone-sem-fio-ts3110-preto-intelbras","status":"publish","type":"product","link":"https:\/\/www.multicasa.com.br\/inicio\/produto\/telefone-sem-fio-ts3110-preto-intelbras\/","title":{"rendered":"Telefone sem Fio TS3110 Preto Intelbras"},"content":{"rendered":"<p>Fazer e receber suas chamadas vai ficar ainda mais pr\u00e1tico com o Telefone sem Fio TS 3110 Intelbras. Dispon\u00edvel na cor preta, possui design ergon\u00f4mico que facilita seu manuseio, display luminoso e bateria de alta dura\u00e7\u00e3o ideal para quem precisa falar por longas horas ou n\u00e3o pode ficar longe do telefone. Sua fun\u00e7\u00e3o de identificador de chamadas deixa que voc\u00ea escolha a quais liga\u00e7\u00f5es atender, al\u00e9m de permitir que voc\u00ea veja quais foram os \u00faltimos n\u00fameros discados, bem como hora e data, e reveja aqueles que n\u00e3o est\u00e3o armazenados na mem\u00f3ria do aparelho. O telefone sem fio Intelbras tem capacidade para at\u00e9 7 ramais, tornando-se uma excelente op\u00e7\u00e3o para escrit\u00f3rios e locais de trabalho; possui comunica\u00e7\u00e3o interna e viabiliza confer\u00eancia a 3 e transfer\u00eancia de chamadas. Sua agenda registra at\u00e9 70 contatos, permite discagens r\u00e1pidas para at\u00e9 10 n\u00fameros e marca 15 chamadas atendidas, 15 feitas e 20 n\u00e3o atendidas. Seu aparelho oferece  7 op\u00e7\u00f5es de toque, fun\u00e7\u00e3o flash, rediscar, mudo, intelig\u00eancia eco mode para redu\u00e7\u00e3o do consumo de energia e menu em portugu\u00eas, espanhol e ingl\u00eas. Intelbras possui as op\u00e7\u00f5es mais completas do mercado quando o assunto \u00e9 telefonia!<\/p>\n","protected":false},"excerpt":{"rendered":"<h4 style=\"margin: 0px;padding: 0px 0px 16px;font-family: Lato, sans-serif;font-weight: bold;line-height: 3rem;color: var(--dark-grey3);font-size: 22px;font-style: normal;letter-spacing: normal;text-align: start;text-indent: 0px;text-transform: none\">Informa\u00e7\u00f5es t\u00e9cnicas<\/h4>\n<p><span style=\"margin: 0px;padding: 0px;font-weight: 450;font-size: 14px;line-height: 21px;color: var(--dark-grey2);font-family: Lato, sans-serif;font-style: normal;letter-spacing: normal;text-align: start;text-indent: 0px;text-transform: none\">Produto: Telefone sem Fio<br \/>\nMarca: Intelbras<br \/>\nModelo: TS 3110<br \/>\nCor: Preto<br \/>\nCaracter\u00edsticas: Design ergon\u00f4mico e display luminoso; Fun\u00e7\u00e3o eco mode para redu\u00e7\u00e3o do consumo de energia; 7 op\u00e7\u00f5es de toque; Agenda para 70 contatos; Transfer\u00eancia de chamada e confer\u00eancia a 3; Cria\u00e7\u00e3o de 7 ramais (base + 6); Identificador de chamadas; Registro de liga\u00e7\u00f5es; Fun\u00e7\u00e3o redial; Fun\u00e7\u00e3o flash<br \/>\nQuantidade de pe\u00e7as: 5<br \/>\nItens inclusos: 1 fone, 1 base, 1 bateria recarreg\u00e1vel, 1 cabo de linha telef\u00f4nica e 1 adaptador de tens\u00e3o 110-220 V<br \/>\nDimens\u00f5es do produto (A X L X P): 16 x 10,5 x 10cm<br \/>\nPeso do produto: 305g<\/span><\/p>\n","protected":false},"featured_media":11699,"template":"","meta":{"_joinchat":[]},"product_brand":[],"product_cat":[138],"product_tag":[],"class_list":{"0":"post-11663","1":"product","2":"type-product","3":"status-publish","4":"has-post-thumbnail","6":"product_cat-telefones-e-cia","8":"first","9":"outofstock","10":"shipping-taxable","11":"purchasable","12":"product-type-simple"},"_links":{"self":[{"href":"https:\/\/www.multicasa.com.br\/inicio\/wp-json\/wp\/v2\/product\/11663","targetHints":{"allow":["GET"]}}],"collection":[{"href":"https:\/\/www.multicasa.com.br\/inicio\/wp-json\/wp\/v2\/product"}],"about":[{"href":"https:\/\/www.multicasa.com.br\/inicio\/wp-json\/wp\/v2\/types\/product"}],"wp:featuredmedia":[{"embeddable":true,"href":"https:\/\/www.multicasa.com.br\/inicio\/wp-json\/wp\/v2\/media\/11699"}],"wp:attachment":[{"href":"https:\/\/www.multicasa.com.br\/inicio\/wp-json\/wp\/v2\/media?parent=11663"}],"wp:term":[{"taxonomy":"product_brand","embeddable":true,"href":"https:\/\/www.multicasa.com.br\/inicio\/wp-json\/wp\/v2\/product_brand?post=11663"},{"taxonomy":"product_cat","embeddable":true,"href":"https:\/\/www.multicasa.com.br\/inicio\/wp-json\/wp\/v2\/product_cat?post=11663"},{"taxonomy":"product_tag","embeddable":true,"href":"https:\/\/www.multicasa.com.br\/inicio\/wp-json\/wp\/v2\/product_tag?post=11663"}],"curies":[{"name":"wp","href":"https:\/\/api.w.org\/{rel}","templated":true}]}}