{"id":11711,"date":"2025-06-20T18:09:58","date_gmt":"2025-06-20T22:09:58","guid":{"rendered":"https:\/\/www.multicasa.com.br\/inicio\/?post_type=product&#038;p=11711"},"modified":"2025-06-20T18:10:49","modified_gmt":"2025-06-20T22:10:49","slug":"caixa-organizadora-de-plastico-com-tampa-incolor-sanremo-23l","status":"publish","type":"product","link":"https:\/\/www.multicasa.com.br\/inicio\/produto\/caixa-organizadora-de-plastico-com-tampa-incolor-sanremo-23l\/","title":{"rendered":"Caixa Organizadora de Pl\u00e1stico com Tampa Incolor Sanremo 2,3L"},"content":{"rendered":"<p>Deixe pequenos objetos sempre organizados com a Caixa Organizadora da Sanremo. Com corpo em pl\u00e1stico incolor, medindo8,5 x 26,2 x 17,7cm e tem capacidade de 2,3 litros, sendo ideal para deixar esmaltes, rem\u00e9dios e souvenirs sempre em ordem. Suas travas t\u00eam excelente fixa\u00e7\u00e3o e impedem a tampa de se soltar enquanto a caixa \u00e9 manuseada. Al\u00e9m disso, suas bases largas proporcionam melhor distribui\u00e7\u00e3o de peso e impedem a sua caixa organizadora de manchar as prateleiras.<\/p>\n","protected":false},"excerpt":{"rendered":"<h4 style=\"margin: 0px;padding: 0px 0px 16px;font-family: Lato, sans-serif;font-weight: bold;line-height: 3rem;color: var(--dark-grey3);font-size: 22px;font-style: normal;letter-spacing: normal;text-align: start;text-indent: 0px;text-transform: none\">Informa\u00e7\u00f5es t\u00e9cnicas<\/h4>\n<p><span style=\"margin: 0px;padding: 0px;font-weight: 450;font-size: 14px;line-height: 21px;color: var(--dark-grey2);font-family: Lato, sans-serif;font-style: normal;letter-spacing: normal;text-align: start;text-indent: 0px;text-transform: none\">Produto: Caixa Organizadora<br \/>\nMarca: Sanremo<br \/>\nMaterial: Pl\u00e1stico<br \/>\nCapacidade: 2,3L<br \/>\nCaracter\u00edsticas: Possui tampa.<br \/>\nItens Inclusos: 1 Caixa organizadora<br \/>\nDimens\u00f5es do produto (A x L x P): 8,5 x 26,2 x 17,7cm<br \/>\n<\/span><\/p>\n","protected":false},"featured_media":11778,"template":"","meta":{"_joinchat":[]},"product_brand":[],"product_cat":[138],"product_tag":[],"class_list":{"0":"post-11711","1":"product","2":"type-product","3":"status-publish","4":"has-post-thumbnail","6":"product_cat-telefones-e-cia","8":"first","9":"outofstock","10":"shipping-taxable","11":"product-type-simple"},"_links":{"self":[{"href":"https:\/\/www.multicasa.com.br\/inicio\/wp-json\/wp\/v2\/product\/11711","targetHints":{"allow":["GET"]}}],"collection":[{"href":"https:\/\/www.multicasa.com.br\/inicio\/wp-json\/wp\/v2\/product"}],"about":[{"href":"https:\/\/www.multicasa.com.br\/inicio\/wp-json\/wp\/v2\/types\/product"}],"wp:featuredmedia":[{"embeddable":true,"href":"https:\/\/www.multicasa.com.br\/inicio\/wp-json\/wp\/v2\/media\/11778"}],"wp:attachment":[{"href":"https:\/\/www.multicasa.com.br\/inicio\/wp-json\/wp\/v2\/media?parent=11711"}],"wp:term":[{"taxonomy":"product_brand","embeddable":true,"href":"https:\/\/www.multicasa.com.br\/inicio\/wp-json\/wp\/v2\/product_brand?post=11711"},{"taxonomy":"product_cat","embeddable":true,"href":"https:\/\/www.multicasa.com.br\/inicio\/wp-json\/wp\/v2\/product_cat?post=11711"},{"taxonomy":"product_tag","embeddable":true,"href":"https:\/\/www.multicasa.com.br\/inicio\/wp-json\/wp\/v2\/product_tag?post=11711"}],"curies":[{"name":"wp","href":"https:\/\/api.w.org\/{rel}","templated":true}]}}