{"id":11733,"date":"2025-06-20T18:10:19","date_gmt":"2025-06-20T22:10:19","guid":{"rendered":"https:\/\/www.multicasa.com.br\/inicio\/?post_type=product&#038;p=11733"},"modified":"2026-04-09T08:31:32","modified_gmt":"2026-04-09T12:31:32","slug":"bolsa-termica-termogel-650ml","status":"publish","type":"product","link":"https:\/\/www.multicasa.com.br\/inicio\/produto\/bolsa-termica-termogel-650ml\/","title":{"rendered":"Bolsa T\u00e9rmica Termogel 650ml"},"content":{"rendered":"<p>Use a bolsa t\u00e9rmica Termogel para diminuir suas dores musculares, reum\u00e1ticas, torcicolos, c\u00f3licas, estresse musculares, dores de cabe\u00e7a e muito mais. Pode ser usada tanto quente, quanto fria e vai alivar febres, hematomas e les\u00f5es. N\u00e3o vaza e mant\u00e9m a temperatura por muito mais tempo. A solu\u00e7\u00e3o pr\u00e1tica para machucados, doen\u00e7as inflamat\u00f3rias e acidentes. Bolsa t\u00e9rmica com 650ml.<\/p>\n","protected":false},"excerpt":{"rendered":"<h4 style=\"margin: 0px;padding: 0px 0px 16px;font-family: Lato, sans-serif;font-weight: bold;line-height: 3rem;color: var(--dark-grey3);font-size: 22px;font-style: normal;letter-spacing: normal;text-align: start;text-indent: 0px;text-transform: none\">Informa\u00e7\u00f5es t\u00e9cnicas<\/h4>\n<p><span style=\"margin: 0px;padding: 0px;font-weight: 450;font-size: 14px;line-height: 21px;color: var(--dark-grey2);font-family: Lato, sans-serif;font-style: normal;letter-spacing: normal;text-align: start;text-indent: 0px;text-transform: none\">Produto: Bolsa T\u00e9rmica<br \/>\nMarca: Termogel<br \/>\nMaterial: Gel at\u00f3xico<br \/>\nCapacidade: 650ml<br \/>\nUso indicado: utilizada para les\u00f5es musculares, dores na coluna, dores reum\u00e1ticas, estresse muscular, c\u00f3licas, dores cr\u00f4nicas, processos inflamat\u00f3rios, febre, hematomas, edemas, dores agudas (dente\/cabe\u00e7a), processos inflamat\u00f3rios e p\u00f3s operat\u00f3rios de cirurgias pl\u00e1sticas, cirurgias faciais, queimaduras e picada de insetos.<br \/>\nCaracter\u00edsticas: N\u00e3o congela<br \/>\nItens Inclusos: 1 Bolsa t\u00e9rmica<br \/>\nDimens\u00f5es do produto (A X L): 23cm x 15,5cm<br \/>\n<\/span><\/p>\n","protected":false},"featured_media":11789,"template":"","meta":{"_joinchat":[]},"product_brand":[],"product_cat":[101],"product_tag":[],"class_list":{"0":"post-11733","1":"product","2":"type-product","3":"status-publish","4":"has-post-thumbnail","6":"product_cat-cuidados-pessoais","8":"first","9":"instock","10":"shipping-taxable","11":"purchasable","12":"product-type-simple"},"_links":{"self":[{"href":"https:\/\/www.multicasa.com.br\/inicio\/wp-json\/wp\/v2\/product\/11733","targetHints":{"allow":["GET"]}}],"collection":[{"href":"https:\/\/www.multicasa.com.br\/inicio\/wp-json\/wp\/v2\/product"}],"about":[{"href":"https:\/\/www.multicasa.com.br\/inicio\/wp-json\/wp\/v2\/types\/product"}],"wp:featuredmedia":[{"embeddable":true,"href":"https:\/\/www.multicasa.com.br\/inicio\/wp-json\/wp\/v2\/media\/11789"}],"wp:attachment":[{"href":"https:\/\/www.multicasa.com.br\/inicio\/wp-json\/wp\/v2\/media?parent=11733"}],"wp:term":[{"taxonomy":"product_brand","embeddable":true,"href":"https:\/\/www.multicasa.com.br\/inicio\/wp-json\/wp\/v2\/product_brand?post=11733"},{"taxonomy":"product_cat","embeddable":true,"href":"https:\/\/www.multicasa.com.br\/inicio\/wp-json\/wp\/v2\/product_cat?post=11733"},{"taxonomy":"product_tag","embeddable":true,"href":"https:\/\/www.multicasa.com.br\/inicio\/wp-json\/wp\/v2\/product_tag?post=11733"}],"curies":[{"name":"wp","href":"https:\/\/api.w.org\/{rel}","templated":true}]}}