{"id":11740,"date":"2025-06-20T18:10:20","date_gmt":"2025-06-20T22:10:20","guid":{"rendered":"https:\/\/www.multicasa.com.br\/inicio\/?post_type=product&#038;p=11740"},"modified":"2025-06-20T18:11:16","modified_gmt":"2025-06-20T22:11:16","slug":"estilete-cis-retratil-acrilico-9mm","status":"publish","type":"product","link":"https:\/\/www.multicasa.com.br\/inicio\/produto\/estilete-cis-retratil-acrilico-9mm\/","title":{"rendered":"Estilete Cis Retr\u00e1til Acr\u00edlico 9mm"},"content":{"rendered":"<p>O Estilete Cis retr\u00e1til \u00e9 uma ferramenta de corte r\u00e1pido e f\u00e1cil, ideal para realizar trabalhos manuais, consertos eletr\u00f4nicos, trabalhos artesanais, modelismo, serigrafias, cria\u00e7\u00e3o de maquetes, esculturas e trabalhos dom\u00e9sticos do dia a dia. Com l\u00e2mina de 9 mm em a\u00e7o carbono e corpo de acr\u00edlico. Tenha sempre em m\u00e3os um produto \u00fatil e seguro.<\/p>\n","protected":false},"excerpt":{"rendered":"<h4 style=\"margin: 0px;padding: 0px 0px 16px;font-family: Lato, sans-serif;font-weight: bold;line-height: 3rem;color: var(--dark-grey3);font-size: 22px;font-style: normal;letter-spacing: normal;text-align: start;text-indent: 0px;text-transform: none\">Informa\u00e7\u00f5es t\u00e9cnicas<\/h4>\n<p><span style=\"margin: 0px;padding: 0px;font-weight: 450;font-size: 14px;line-height: 21px;color: var(--dark-grey2);font-family: Lato, sans-serif;font-style: normal;letter-spacing: normal;text-align: start;text-indent: 0px;text-transform: none\">Produto: Estilete<br \/>\nMarca: Cis<br \/>\nMaterial: Corpo em Acr\u00edlico<br \/>\nL\u00e2mina em A\u00e7o Carbono<br \/>\nCor: Incolor<br \/>\nCaracter\u00edsticas: Trava padr\u00e3o<br \/>\n1 l\u00e2mina<br \/>\nEstreito<br \/>\nItens Inclusos: 1 Estilete<br \/>\nDimens\u00f5es da L\u00e2mina (C): 9mm<br \/>\nDimens\u00f5es do produto (A X L): 13 x 1,5cm<\/span><\/p>\n","protected":false},"featured_media":11817,"template":"","meta":{"_joinchat":[]},"product_brand":[],"product_cat":[137],"product_tag":[],"class_list":{"0":"post-11740","1":"product","2":"type-product","3":"status-publish","4":"has-post-thumbnail","6":"product_cat-ferramentas-manuais","8":"first","9":"outofstock","10":"shipping-taxable","11":"product-type-simple"},"_links":{"self":[{"href":"https:\/\/www.multicasa.com.br\/inicio\/wp-json\/wp\/v2\/product\/11740","targetHints":{"allow":["GET"]}}],"collection":[{"href":"https:\/\/www.multicasa.com.br\/inicio\/wp-json\/wp\/v2\/product"}],"about":[{"href":"https:\/\/www.multicasa.com.br\/inicio\/wp-json\/wp\/v2\/types\/product"}],"wp:featuredmedia":[{"embeddable":true,"href":"https:\/\/www.multicasa.com.br\/inicio\/wp-json\/wp\/v2\/media\/11817"}],"wp:attachment":[{"href":"https:\/\/www.multicasa.com.br\/inicio\/wp-json\/wp\/v2\/media?parent=11740"}],"wp:term":[{"taxonomy":"product_brand","embeddable":true,"href":"https:\/\/www.multicasa.com.br\/inicio\/wp-json\/wp\/v2\/product_brand?post=11740"},{"taxonomy":"product_cat","embeddable":true,"href":"https:\/\/www.multicasa.com.br\/inicio\/wp-json\/wp\/v2\/product_cat?post=11740"},{"taxonomy":"product_tag","embeddable":true,"href":"https:\/\/www.multicasa.com.br\/inicio\/wp-json\/wp\/v2\/product_tag?post=11740"}],"curies":[{"name":"wp","href":"https:\/\/api.w.org\/{rel}","templated":true}]}}