{"id":11742,"date":"2025-06-20T18:10:20","date_gmt":"2025-06-20T22:10:20","guid":{"rendered":"https:\/\/www.multicasa.com.br\/inicio\/?post_type=product&#038;p=11742"},"modified":"2025-06-20T18:11:21","modified_gmt":"2025-06-20T22:11:21","slug":"termometro-digital-infravermelho-hc260-multilaser","status":"publish","type":"product","link":"https:\/\/www.multicasa.com.br\/inicio\/produto\/termometro-digital-infravermelho-hc260-multilaser\/","title":{"rendered":"Term\u00f4metro Digital Infravermelho HC260 Multilaser"},"content":{"rendered":"<p>O Term\u00f4metro digital da Multilaser funciona sem contato direto. Tem capacidade de aferir temperatura a dist\u00e2ncia entre 2 a 15cm, tanto de objetos quanto de seres humanos de forma confi\u00e1vel no resultado. Alterna facilmente entre \u00b0C \/ \u00b0F. Visor em LCD HD, sua aferi\u00e7\u00e3o \u00e9 super r\u00e1pida , menos de 1 segundo. O intervalo de temperatura corporal \u00e9 entre 32\u00b0C a 42.9\u00b0C e o intervalo de temperatura objeto \u00e9 entre 0\u00b0C a 100\u00b0C. Utiliza 2 pilhas AAA (n\u00e3o inclusas) e tem mem\u00f3ria de 30 aferi\u00e7\u00f5es. <\/p>\n","protected":false},"excerpt":{"rendered":"<h4 style=\"margin: 0px;padding: 0px 0px 16px;font-family: Lato, sans-serif;font-weight: bold;line-height: 3rem;color: var(--dark-grey3);font-size: 22px;font-style: normal;letter-spacing: normal;text-align: start;text-indent: 0px;text-transform: none\">Informa\u00e7\u00f5es t\u00e9cnicas<\/h4>\n<p><span style=\"margin: 0px;padding: 0px;font-weight: 450;font-size: 14px;line-height: 21px;color: var(--dark-grey2);font-family: Lato, sans-serif;font-style: normal;letter-spacing: normal;text-align: start;text-indent: 0px;text-transform: none\">Produto: Term\u00f4metro Cl\u00ednico                                                                                                                                              Tipo: Infravermelho<br \/>\nMarca: Multilaser                                                                                                                                                               Modelo: HC260                                                                                                                                                                  Cor: Branco com lil\u00e1s                                                                                                                                                       Caracter\u00edsticas : Digital, funciona com 2 pilhas AAA (n\u00e3o inclusas)                                                                                         Itens Inclusos: 1 term\u00f4metro cl\u00ednico                                                                                                                                    Dimens\u00f5es do produto (A x L x P): 13,6 x 8,7 x 4cm<br \/>\nPeso: 88g<\/span><\/p>\n","protected":false},"featured_media":11821,"template":"","meta":{"_joinchat":[]},"product_brand":[],"product_cat":[101],"product_tag":[],"class_list":{"0":"post-11742","1":"product","2":"type-product","3":"status-publish","4":"has-post-thumbnail","6":"product_cat-cuidados-pessoais","8":"first","9":"outofstock","10":"shipping-taxable","11":"product-type-simple"},"_links":{"self":[{"href":"https:\/\/www.multicasa.com.br\/inicio\/wp-json\/wp\/v2\/product\/11742","targetHints":{"allow":["GET"]}}],"collection":[{"href":"https:\/\/www.multicasa.com.br\/inicio\/wp-json\/wp\/v2\/product"}],"about":[{"href":"https:\/\/www.multicasa.com.br\/inicio\/wp-json\/wp\/v2\/types\/product"}],"wp:featuredmedia":[{"embeddable":true,"href":"https:\/\/www.multicasa.com.br\/inicio\/wp-json\/wp\/v2\/media\/11821"}],"wp:attachment":[{"href":"https:\/\/www.multicasa.com.br\/inicio\/wp-json\/wp\/v2\/media?parent=11742"}],"wp:term":[{"taxonomy":"product_brand","embeddable":true,"href":"https:\/\/www.multicasa.com.br\/inicio\/wp-json\/wp\/v2\/product_brand?post=11742"},{"taxonomy":"product_cat","embeddable":true,"href":"https:\/\/www.multicasa.com.br\/inicio\/wp-json\/wp\/v2\/product_cat?post=11742"},{"taxonomy":"product_tag","embeddable":true,"href":"https:\/\/www.multicasa.com.br\/inicio\/wp-json\/wp\/v2\/product_tag?post=11742"}],"curies":[{"name":"wp","href":"https:\/\/api.w.org\/{rel}","templated":true}]}}