{"id":11805,"date":"2025-06-20T18:11:10","date_gmt":"2025-06-20T22:11:10","guid":{"rendered":"https:\/\/www.multicasa.com.br\/inicio\/?post_type=product&#038;p=11805"},"modified":"2025-08-18T03:54:02","modified_gmt":"2025-08-18T07:54:02","slug":"chuveiro-ducha-advanced-turbo-eletronico-lorenzetti-7500w-220v","status":"publish","type":"product","link":"https:\/\/www.multicasa.com.br\/inicio\/produto\/chuveiro-ducha-advanced-turbo-eletronico-lorenzetti-7500w-220v\/","title":{"rendered":"Chuveiro Ducha Advanced Turbo Eletr\u00f4nico Lorenzetti 7500W &#8211; 220V"},"content":{"rendered":"<p>Depois de um longo dia, chegar em casa e tomar um banho relaxante \u00e9 o que voc\u00ea mais precisa. O Chuveiro Ducha Advanced Turbo Eletr\u00f4nico da Lorenzetti conta com a tecnologia de ponta que est\u00e1 em todos os detalhes. Com pot\u00eancia de 7500w e tens\u00e3o de 220v, seu design sem fia\u00e7\u00e3o aparente com cano incorporado \u00e9 perfeito para deixar seu banheiro ainda mais bonito e seguro. A mudan\u00e7a de temperaturas est\u00e1 ao alcance das m\u00e3os atrav\u00e9s de sua exclusiva haste prolongadora e sua ducha Lorezentti possui grande espalhador e pressurizador embutido que garantem satisfa\u00e7\u00e3o na hora do banho. Ideal para resid\u00eancias com pouca press\u00e3o de \u00e1gua, conta com uma verdadeira tecnologia de pressuriza\u00e7\u00e3o de \u00e1gua que aumenta o volume e a press\u00e3o deixando seu banho mais gostoso e relaxante. Compat\u00edvel com dispositivo DR e com aquecedores solares. Disjuntor recomendado de 40A e bitola de fio de 6mm\u00b2.<\/p>\n","protected":false},"excerpt":{"rendered":"<h4 style=\"margin: 0px;padding: 0px 0px 16px;font-family: Lato, sans-serif;font-weight: bold;line-height: 3rem;color: var(--dark-grey3);font-size: 22px;font-style: normal;letter-spacing: normal;text-align: start;text-indent: 0px;text-transform: none\">Informa\u00e7\u00f5es t\u00e9cnicas<\/h4>\n<p><span style=\"margin: 0px;padding: 0px;font-weight: 450;font-size: 14px;line-height: 21px;color: var(--dark-grey2);font-family: Lato, sans-serif;font-style: normal;letter-spacing: normal;text-align: start;text-indent: 0px;text-transform: none\">Produto: Chuveiro<br \/>\nMarca: Lorenzetti<br \/>\nModelo: Advanced Turbo<br \/>\nMaterial: Termopl\u00e1stico<br \/>\nCor: Branco<br \/>\nPot\u00eancia: 7500w<br \/>\nTens\u00e3o el\u00e9trica: 220v<br \/>\nCaracter\u00edsticas: 4 Temperaturas; Press\u00e3o de funcionamento: 7 a 40kPa (0,7 a 4mca=metro de coluna de \u00e1gua ); Grau de prote\u00e7\u00e3o: IP 24.<br \/>\nItens Inclusos: 1 Chuveiro<br \/>\nDimens\u00f5es do produto (L x P): 16 x 58,9cm; di\u00e2metro: 23cm<\/span><\/p>\n","protected":false},"featured_media":11854,"template":"","meta":{"_joinchat":[]},"product_brand":[],"product_cat":[71],"product_tag":[],"class_list":{"0":"post-11805","1":"product","2":"type-product","3":"status-publish","4":"has-post-thumbnail","6":"product_cat-chuveiros","8":"first","9":"outofstock","10":"shipping-taxable","11":"purchasable","12":"product-type-simple"},"_links":{"self":[{"href":"https:\/\/www.multicasa.com.br\/inicio\/wp-json\/wp\/v2\/product\/11805","targetHints":{"allow":["GET"]}}],"collection":[{"href":"https:\/\/www.multicasa.com.br\/inicio\/wp-json\/wp\/v2\/product"}],"about":[{"href":"https:\/\/www.multicasa.com.br\/inicio\/wp-json\/wp\/v2\/types\/product"}],"wp:featuredmedia":[{"embeddable":true,"href":"https:\/\/www.multicasa.com.br\/inicio\/wp-json\/wp\/v2\/media\/11854"}],"wp:attachment":[{"href":"https:\/\/www.multicasa.com.br\/inicio\/wp-json\/wp\/v2\/media?parent=11805"}],"wp:term":[{"taxonomy":"product_brand","embeddable":true,"href":"https:\/\/www.multicasa.com.br\/inicio\/wp-json\/wp\/v2\/product_brand?post=11805"},{"taxonomy":"product_cat","embeddable":true,"href":"https:\/\/www.multicasa.com.br\/inicio\/wp-json\/wp\/v2\/product_cat?post=11805"},{"taxonomy":"product_tag","embeddable":true,"href":"https:\/\/www.multicasa.com.br\/inicio\/wp-json\/wp\/v2\/product_tag?post=11805"}],"curies":[{"name":"wp","href":"https:\/\/api.w.org\/{rel}","templated":true}]}}