{"id":11901,"date":"2025-06-20T18:12:19","date_gmt":"2025-06-20T22:12:19","guid":{"rendered":"https:\/\/www.multicasa.com.br\/inicio\/?post_type=product&#038;p=11901"},"modified":"2025-08-17T18:59:08","modified_gmt":"2025-08-17T22:59:08","slug":"massa-asfaltica-saco-25kg-geoplus","status":"publish","type":"product","link":"https:\/\/www.multicasa.com.br\/inicio\/produto\/massa-asfaltica-saco-25kg-geoplus\/","title":{"rendered":"Massa Asf\u00e1ltica Saco 25Kg Geoplus"},"content":{"rendered":"<p>A massa asf\u00e1ltica da Geoplus serve para manuten\u00e7\u00e3o asf\u00e1ltica. Em geral, nosso material \u00e9 utilizado em repara\u00e7\u00e3o permanente de buracos (tapa-buracos). N\u00e3o requer nenhum tipo de prepara\u00e7\u00e3o especial para a sua utiliza\u00e7\u00e3o e pode ser estocado por at\u00e9 12 meses. Podendo ser utilizado sem a necessidade de um profissional.<\/p>\n","protected":false},"excerpt":{"rendered":"<h4 style=\"margin: 0px;padding: 0px 0px 16px;font-family: Lato, sans-serif;font-weight: bold;line-height: 3rem;color: var(--dark-grey3);font-size: 22px;font-style: normal;letter-spacing: normal;text-align: start;text-indent: 0px;text-transform: none\">Informa\u00e7\u00f5es t\u00e9cnicas<\/h4>\n<p><span style=\"margin: 0px;padding: 0px;font-weight: 450;font-size: 14px;line-height: 21px;color: var(--dark-grey2);font-family: Lato, sans-serif;font-style: normal;letter-spacing: normal;text-align: start;text-indent: 0px;text-transform: none\">Produto: MASSA ASF\u00c1LTICA SACO 25KG<br \/>\nMarca: GEOPLUS<br \/>\nMaterial: feita de britas (agregados gra\u00fados), areia (agregados mi\u00fados), filler calc\u00e1rio, cal hidratada e Cimento Asf\u00e1ltico de Petr\u00f3leo (CAP).<br \/>\nCaracter\u00edsticas:<br \/>\n-A libera\u00e7\u00e3o do tr\u00e2nsito \u00e9 imediata ap\u00f3s a aplica\u00e7\u00e3o, pois a energia gerada pelo fluxo de ve\u00edculos ajuda a finalizar a compacta\u00e7\u00e3o do produto;<br \/>\n-Para a utiliza\u00e7\u00e3o do produto n\u00e3o \u00e9 necess\u00e1rio maquin\u00e1rio pesado e nem m\u00e3o de obra especializada;<br \/>\n-Pode ser utilizado em dias de chuva e em buracos com \u00e1gua;<br \/>\n-Produto estoc\u00e1vel, n\u00e3o gera perdas e as sobras podem ser reutilizadas;<br \/>\n<\/span><\/p>\n","protected":false},"featured_media":25549,"template":"","meta":{"_joinchat":[]},"product_brand":[],"product_cat":[155],"product_tag":[],"class_list":{"0":"post-11901","1":"product","2":"type-product","3":"status-publish","4":"has-post-thumbnail","6":"product_cat-impermeabilizantes-e-cia","8":"first","9":"outofstock","10":"shipping-taxable","11":"purchasable","12":"product-type-simple"},"_links":{"self":[{"href":"https:\/\/www.multicasa.com.br\/inicio\/wp-json\/wp\/v2\/product\/11901","targetHints":{"allow":["GET"]}}],"collection":[{"href":"https:\/\/www.multicasa.com.br\/inicio\/wp-json\/wp\/v2\/product"}],"about":[{"href":"https:\/\/www.multicasa.com.br\/inicio\/wp-json\/wp\/v2\/types\/product"}],"wp:featuredmedia":[{"embeddable":true,"href":"https:\/\/www.multicasa.com.br\/inicio\/wp-json\/wp\/v2\/media\/25549"}],"wp:attachment":[{"href":"https:\/\/www.multicasa.com.br\/inicio\/wp-json\/wp\/v2\/media?parent=11901"}],"wp:term":[{"taxonomy":"product_brand","embeddable":true,"href":"https:\/\/www.multicasa.com.br\/inicio\/wp-json\/wp\/v2\/product_brand?post=11901"},{"taxonomy":"product_cat","embeddable":true,"href":"https:\/\/www.multicasa.com.br\/inicio\/wp-json\/wp\/v2\/product_cat?post=11901"},{"taxonomy":"product_tag","embeddable":true,"href":"https:\/\/www.multicasa.com.br\/inicio\/wp-json\/wp\/v2\/product_tag?post=11901"}],"curies":[{"name":"wp","href":"https:\/\/api.w.org\/{rel}","templated":true}]}}