{"id":11912,"date":"2025-06-20T18:12:20","date_gmt":"2025-06-20T22:12:20","guid":{"rendered":"https:\/\/www.multicasa.com.br\/inicio\/?post_type=product&#038;p=11912"},"modified":"2025-06-20T18:12:50","modified_gmt":"2025-06-20T22:12:50","slug":"lampada-led-filamento-vela-chama-2w-bivolt-2-2k-avant","status":"publish","type":"product","link":"https:\/\/www.multicasa.com.br\/inicio\/produto\/lampada-led-filamento-vela-chama-2w-bivolt-2-2k-avant\/","title":{"rendered":"L\u00e2mpada Led Filamento Vela Chama 2W Bivolt 2.2K Avant"},"content":{"rendered":"<p>A decora\u00e7\u00e3o retr\u00f4 veio para ficar e n\u00e3o foi somente nos mobili\u00e1rios. As l\u00e2mpadas de filamento adicionam um toque especial na decora\u00e7\u00e3o e ilumina\u00e7\u00e3o. Esse modelo \u00e9 uma releitura moderna daquelas primeiras l\u00e2mpadas que tinham pouca vida \u00fatil e aqueciam consideravelmente, hoje a tecnologia evoluiu e o filamento \u00e9 feito de LED mantendo o mesmo charme e eleg\u00e2ncia com baixo consumo, alto rendimento, baixa emiss\u00e3o de calor e grande vida \u00fatil.<\/p>\n","protected":false},"excerpt":{"rendered":"<h4 style=\"margin: 0px;padding: 0px 0px 16px;font-family: Lato, sans-serif;font-weight: bold;line-height: 3rem;color: var(--dark-grey3);font-size: 22px;font-style: normal;letter-spacing: normal;text-align: start;text-indent: 0px;text-transform: none\">Informa\u00e7\u00f5es t\u00e9cnicas<\/h4>\n<p><span style=\"margin: 0px;padding: 0px;font-weight: 450;font-size: 14px;line-height: 21px;color: var(--dark-grey2);font-family: Lato, sans-serif;font-style: normal;letter-spacing: normal;text-align: start;text-indent: 0px;text-transform: none\">Produto: L\u00c2MPADA LED FILAMENTO VELA CHAMA 2W BIVOLT 2.2K AVANT<br \/>\nMarca: Avant<br \/>\nMaterial: vidro<\/p>\n<p>Caracter\u00edsticas<br \/>\n&#8211; MODELO: filamento vela chama;<br \/>\n&#8211; POT\u00caNCIA: 2W;<br \/>\n&#8211; TEMPERATURA DE COR: 2.2K (\u00e2mbar);<br \/>\n&#8211; VIDA \u00daTIL: 15.000h;<br \/>\n&#8211; FATOR DE POT\u00caNCIA (FP): &gt; 0,50;<br \/>\n&#8211; BASE: E27;<br \/>\n&#8211; PESO L\u00cdQUIDO DO PRODUTO: 17g;<br \/>\n&#8211; ANGULO DE ABERTURA: 360\u00b0;<br \/>\n&#8211; USO INTERNO;<\/span><\/p>\n","protected":false},"featured_media":11951,"template":"","meta":{"_joinchat":[]},"product_brand":[],"product_cat":[80],"product_tag":[],"class_list":{"0":"post-11912","1":"product","2":"type-product","3":"status-publish","4":"has-post-thumbnail","6":"product_cat-lampadas","8":"first","9":"outofstock","10":"shipping-taxable","11":"product-type-simple"},"_links":{"self":[{"href":"https:\/\/www.multicasa.com.br\/inicio\/wp-json\/wp\/v2\/product\/11912","targetHints":{"allow":["GET"]}}],"collection":[{"href":"https:\/\/www.multicasa.com.br\/inicio\/wp-json\/wp\/v2\/product"}],"about":[{"href":"https:\/\/www.multicasa.com.br\/inicio\/wp-json\/wp\/v2\/types\/product"}],"wp:featuredmedia":[{"embeddable":true,"href":"https:\/\/www.multicasa.com.br\/inicio\/wp-json\/wp\/v2\/media\/11951"}],"wp:attachment":[{"href":"https:\/\/www.multicasa.com.br\/inicio\/wp-json\/wp\/v2\/media?parent=11912"}],"wp:term":[{"taxonomy":"product_brand","embeddable":true,"href":"https:\/\/www.multicasa.com.br\/inicio\/wp-json\/wp\/v2\/product_brand?post=11912"},{"taxonomy":"product_cat","embeddable":true,"href":"https:\/\/www.multicasa.com.br\/inicio\/wp-json\/wp\/v2\/product_cat?post=11912"},{"taxonomy":"product_tag","embeddable":true,"href":"https:\/\/www.multicasa.com.br\/inicio\/wp-json\/wp\/v2\/product_tag?post=11912"}],"curies":[{"name":"wp","href":"https:\/\/api.w.org\/{rel}","templated":true}]}}